000
CXUS54 KAMA 011604
CLMDHT
CLIMATE REPORT
NATIONAL WEATHER SERVICE AMARILLO
1104 AM CDT TUE AUG 01 2023
...................................
...THE DALHART CLIMATE SUMMARY FOR THE MONTH OF JULY 2023...
CLIMATE NORMAL PERIOD: 1991 TO 2020
CLIMATE RECORD PERIOD: 1948 TO 2023
WEATHER OBSERVED NORMAL DEPART LAST YEAR`S
VALUE DATE(S) VALUE FROM VALUE DATE(S)
NORMAL
................................................................
TEMPERATURE (F)
RECORD
HIGH 108 07/19/2019
LOW 49 07/31/2005
07/28/2005
07/13/1987
HIGHEST 105 07/24 106 07/19
07/25
LOWEST 57 07/03 63 07/07
07/09
07/11
AVG. MAXIMUM 93.6 93.5 0.1 96.6
AVG. MINIMUM 62.9 64.0 -1.1 66.2
MEAN 78.2 78.7 -0.5 81.4
DAYS MAX >= 90 21 22.5 -1.5 28
DAYS MAX <= 32 0 0.0 0.0 0
DAYS MIN <= 32 0 0.0 0.0 0
DAYS MIN <= 0 0 0.0 0.0 0
PRECIPITATION (INCHES)
TOTALS 1.91 2.51 -0.60 4.35
DAILY AVG. 0.06 0.08 -0.02 0.14
DAYS >= .01 7 7.6 -0.6 10
DAYS >= .10 4 4.7 -0.7 9
DAYS >= .50 1 1.6 -0.6 4
DAYS >= 1.00 1 0.7 0.3 1
GREATEST
24 HR. TOTAL 1.04 07/15 TO 07/15
SNOWFALL (INCHES)
TOTALS MM 0.0 MM MM
SINCE 7/1 MM 0.0 MM MM
DAYS >= TRACE 0 0.0 0.0
DAYS >= 1.0 0 0.0 0.0 0
GREATEST
SNOW DEPTH MM
24 HR TOTAL MM
DEGREE DAYS
HEATING TOTAL 0 0 0 0
SINCE 7/1 0 0 0 MM
COOLING TOTAL 419 427 -8 518
SINCE 1/1 667 836 -169 MM
................................................................
WIND (MPH)
AVERAGE WIND SPEED 10.6
HIGHEST WIND SPEED/DIRECTION 52/360 DATE 07/15
HIGHEST GUST SPEED/DIRECTION 70/350 DATE 07/15
SKY COVER
POSSIBLE SUNSHINE (PERCENT) MM
NUMBER OF DAYS FAIR 25
NUMBER OF DAYS PC 6
NUMBER OF DAYS CLOUDY 0
AVERAGE RH (PERCENT) 60
WEATHER CONDITIONS. NUMBER OF DAYS WITH
THUNDERSTORM 9 MIXED PRECIP 0
HEAVY RAIN 4 RAIN 4
LIGHT RAIN 9 FREEZING RAIN 0
LT FREEZING RAIN 0 HEAVY SNOW 0
SNOW 0 LIGHT SNOW 0
SLEET 0 FOG 12
FOG W/VIS <= 1/4 MILE 0 HAZE 11
- INDICATES NEGATIVE NUMBERS.
R INDICATES RECORD WAS SET OR TIED.
MM INDICATES DATA IS MISSING.
T INDICATES TRACE AMOUNT.
$$