000
CXUS53 KDLH 010920
CF6DLH
PRELIMINARY LOCAL CLIMATOLOGICAL DATA (WS FORM: F-6)
STATION: DULUTH
MONTH: JULY
YEAR: 2020
LATITUDE: 46 49 N
LONGITUDE: 92 11 W
TEMPERATURE IN F: :PCPN: SNOW: WIND :SUNSHINE: SKY :PK WND
================================================================================
1 2 3 4 5 6A 6B 7 8 9 10 11 12 13 14 15 16 17 18
12Z AVG MX 2MIN
DY MAX MIN AVG DEP HDD CDD WTR SNW DPTH SPD SPD DIR MIN PSBL S-S WX SPD DR
================================================================================
1 86 61 74 10 0 9 0.00 0.0 0 7.3 20 110 M M 3 1 24 120
2 93 64 79 15 0 14 0.00 0.0 0 2.0 12 190 M M 2 12 14 210
3 93 64 79 14 0 14 0.00 0.0 0 5.0 15 100 M M 2 1 19 110
4 88 58 73 8 0 8 0.00 0.0 0 2.9 10 110 M M 2 1 14 120
5 89 64 77 12 0 12 0.95 0.0 0 6.9 23 160 M M 4 138 31 150
6 85 62 74 9 0 9 0.40 T 0 6.8 23 330 M M 5 135 35 320
7 86 60 73 8 0 8 0.00 0.0 0 4.2 10 310 M M 3 1 15 300
8 87 64 76 11 0 11 0.51 0.0 0 7.9 25 70 M M 6 123 35 90
9 80 62 71 5 0 6 0.97 T 0 11.0 32 340 M M 5 135 51 330
10 82 62 72 6 0 7 0.00 0.0 0 9.2 17 300 M M 2 25 310
11 81 59 70 4 0 5 0.00 0.0 0 7.2 14 20 M M 2 21 10
12 78 57 68 2 0 3 0.00 0.0 0 3.8 12 160 M M 5 13 170
13 79 59 69 3 0 4 0.31 0.0 0 8.5 21 190 M M 4 13 30 180
14 72 58 65 -1 0 0 0.04 0.0 0 7.1 17 310 M M 5 13 23 310
15 83 56 70 4 0 5 0.00 0.0 0 10.9 20 250 M M 1 8 27 240
16 80 62 71 5 0 6 0.03 0.0 0 11.6 23 240 M M 4 38 33 240
17 88 58 73 7 0 8 0.12 0.0 0 7.0 16 250 M M 2 13 22 210
18 85 67 76 10 0 11 1.10 0.0 0 7.1 22 240 M M 7 13 29 320
19 77 58 68 2 0 3 0.00 0.0 0 16.4 30 290 M M 3 45 270
20 71 50 61 -5 4 0 0.00 0.0 0 6.0 13 100 M M 3 18 90
21 60 56 58 -8 7 0 0.76 0.0 0 9.9 25 110 M M 9 1 33 100
22 67 51 59 -7 6 0 0.02 0.0 0 6.7 16 70 M M 7 18 24 60
23 72 47 60 -6 5 0 0.00 0.0 0 5.9 14 120 M M 1 2 20 110
24 81 57 69 3 0 4 0.01 0.0 0 8.1 15 160 M M 2 3 22 170
25 87 72 80 14 0 15 0.03 0.0 0 10.5 22 220 M M 5 138 32 220
26 86 61 74 8 0 9 T 0.0 0 8.4 18 300 M M 3 12 26 310
27 80 57 69 3 0 4 0.00 0.0 0 11.0 24 280 M M 2 43 280
28 81 58 70 4 0 5 0.00 0.0 0 8.8 18 280 M M 3 26 280
29 78 52 65 -1 0 0 0.00 0.0 0 5.8 14 350 M M 2 19 340
30 76 53 65 -1 0 0 0.00 0.0 0 4.8 13 340 M M 1 18 180
31 81 54 68 2 0 3 0.00 0.0 0 2.5 9 190 M M 1 13 200
================================================================================
SM 2512 1823 22 183 5.25 T 231.2 M 106
================================================================================
AV 81.0 58.8 7.5 FASTST M M 3 MAX(MPH)
MISC ----> 32 340 51 330
================================================================================
NOTES:
# LAST OF SEVERAL OCCURRENCES
COLUMN 17 PEAK WIND IN M.P.H.
PRELIMINARY LOCAL CLIMATOLOGICAL DATA (WS FORM: F-6) , PAGE 2
STATION: DULUTH
MONTH: JULY
YEAR: 2020
LATITUDE: 46 49 N
LONGITUDE: 92 11 W
[TEMPERATURE DATA] [PRECIPITATION DATA] SYMBOLS USED IN COLUMN 16
AVERAGE MONTHLY: 69.9 TOTAL FOR MONTH: 5.25 1 = FOG OR MIST
DPTR FM NORMAL: 4.1 DPTR FM NORMAL: 1.40 2 = FOG REDUCING VISIBILITY
HIGHEST: 93 ON 3, 2 GRTST 24HR 1.48 ON 8- 9 TO 1/4 MILE OR LESS
LOWEST: 47 ON 23 3 = THUNDER
SNOW, ICE PELLETS, HAIL 4 = ICE PELLETS
TOTAL MONTH: T 5 = HAIL
GRTST 24HR T ON 6- 6 6 = FREEZING RAIN OR DRIZZLE
GRTST DEPTH: 0 7 = DUSTSTORM OR SANDSTORM:
VSBY 1/2 MILE OR LESS
8 = SMOKE OR HAZE
[NO. OF DAYS WITH] [WEATHER - DAYS WITH] 9 = BLOWING SNOW
X = TORNADO
MAX 32 OR BELOW: 0 0.01 INCH OR MORE: 13
MAX 90 OR ABOVE: 2 0.10 INCH OR MORE: 8
MIN 32 OR BELOW: 0 0.50 INCH OR MORE: 5
MIN 0 OR BELOW: 0 1.00 INCH OR MORE: 1
[HDD (BASE 65) ]
TOTAL THIS MO. 22 CLEAR (SCALE 0-3) 17
DPTR FM NORMAL -41 PTCLDY (SCALE 4-7) 13
TOTAL FM JUL 1 22 CLOUDY (SCALE 8-10) 1
DPTR FM NORMAL -46
[CDD (BASE 65) ]
TOTAL THIS MO. 183
DPTR FM NORMAL 93 [PRESSURE DATA]
TOTAL FM JAN 1 260 HIGHEST SLP 30.18 ON 23
DPTR FM NORMAL 136 LOWEST SLP 29.63 ON 18
[REMARKS]
#FINAL-07-20#