000
CXUS51 KLWX 010815
CF6DMH
PRELIMINARY LOCAL CLIMATOLOGICAL DATA (WS FORM: F-6)
STATION: BALTIMORE INNER HARBOR
MONTH: OCTOBER
YEAR: 2022
LATITUDE: 39 16 N
LONGITUDE: 76 37 W
TEMPERATURE IN F: :PCPN: SNOW: WIND :SUNSHINE: SKY :PK WND
================================================================================
1 2 3 4 5 6A 6B 7 8 9 10 11 12 13 14 15 16 17 18
12Z AVG MX 2MIN
DY MAX MIN AVG DEP HDD CDD WTR SNW DPTH SPD SPD DIR MIN PSBL S-S WX SPD DR
================================================================================
1 M M M M M M M M M M M M M M M M M
2 M M M M M M M M M M M M M M M M M
3 M M M M M M M M M M M M M M M M M
4 M M M M M M M M M M M M M M M M M
5 65 53 59 -5 6 0 0.22 M M M M M M M 0 M M
6 79 56 68 4 0 3 0.00 M M M M M M M M M M
7 81 59 70 7 0 5 0.01 M M M M M M M 0 M M
8 61 48 55 -8 10 0 0.00 M M M M M M M 0 M M
9 M M M M M M M M M M M M M M M M M
10 M M M M M M M M M M M M M M M M M
11 75 52 64 2 1 0 0.01 M M M M M M M 0 M M
12 73 52 63 2 2 0 0.00 M M M M M M M M M M
13 70 58 64 3 1 0 0.78 M M M M M M M 0 M M
14 69 55 62 2 3 0 0.03 M M M M M M M 0 M M
15 78 50 64 4 1 0 0.00 M M M M M M M 0 M M
16 72 56 64 4 1 0 0.00 M M M M M M M 0 M M
17 72 53 63 3 2 0 0.00 M M M M M M M M M M
18 58 44 51 -8 14 0 0.00 M M M M M M M M M M
19 57 41 49 -10 16 0 0.00 M M M M M M M M M M
20 M M M M M M 0.00 M M M M M M M 0 M M
21 67 M M M M M 0.00 0.0 0 M M M M M 0 M M
22 69 46 58 0 7 0 0.00 0.0 0 M M M M M 0 M M
23 67 51 59 1 6 0 0.26 0.0 0 M M M M M 0 M M
24 64 57 61 4 4 0 0.02 0.0 0 M M M M M 0 M M
25 64 60 62 5 3 0 0.03 M M M M M M M 0 M M
26 67 59 63 6 2 0 0.09 M M M M M M M 0 M M
27 67 53 60 3 5 0 0.00 M M M M M M M 0 M M
28 61 48 55 -1 10 0 0.00 M M M M M M M 0 M M
29 65 48 57 1 8 0 0.00 M M M M M M M 0 M M
30 M M M M M M 0.00 M M M M M M M 0 M M
31 66 52 59 3 6 0 0.08 0.0 M M M M M M 0 M M
================================================================================
SM 1567 1151 108 8 1.53 0.0 M M 0
================================================================================
AV 68.1 52.3 M FASTST M M 0 MAX(MPH)
MISC ----> M M M M
================================================================================
NOTES:
# LAST OF SEVERAL OCCURRENCES
COLUMN 17 PEAK WIND IN M.P.H.
PRELIMINARY LOCAL CLIMATOLOGICAL DATA (WS FORM: F-6) , PAGE 2
STATION: BALTIMORE INNER HARBOR
MONTH: OCTOBER
YEAR: 2022
LATITUDE: 39 16 N
LONGITUDE: 76 37 W
[TEMPERATURE DATA] [PRECIPITATION DATA] SYMBOLS USED IN COLUMN 16
AVERAGE MONTHLY: 60.2 TOTAL FOR MONTH: 1.53 1 = FOG OR MIST
DPTR FM NORMAL: 0.1 DPTR FM NORMAL: -1.52 2 = FOG REDUCING VISIBILITY
HIGHEST: 81 ON 7 GRTST 24HR 1.80 ON 3- 4 TO 1/4 MILE OR LESS
LOWEST: 41 ON 19 3 = THUNDER
SNOW, ICE PELLETS, HAIL 4 = ICE PELLETS
TOTAL MONTH: 0.0 INCH 5 = HAIL
GRTST 24HR 0.0 6 = FREEZING RAIN OR DRIZZLE
GRTST DEPTH: 0 7 = DUSTSTORM OR SANDSTORM:
VSBY 1/2 MILE OR LESS
8 = SMOKE OR HAZE
[NO. OF DAYS WITH] [WEATHER - DAYS WITH] 9 = BLOWING SNOW
X = TORNADO
MAX 32 OR BELOW: 0 0.01 INCH OR MORE: 10
MAX 90 OR ABOVE: 0 0.10 INCH OR MORE: 3
MIN 32 OR BELOW: 0 0.50 INCH OR MORE: 1
MIN 0 OR BELOW: 0 1.00 INCH OR MORE: 0
[HDD (BASE 65) ]
TOTAL THIS MO. 108 CLEAR (SCALE 0-3) 20
DPTR FM NORMAL -83 PTCLDY (SCALE 4-7) 0
TOTAL FM JUL 1 108 CLOUDY (SCALE 8-10) 7
DPTR FM NORMAL -101
[CDD (BASE 65) ]
TOTAL THIS MO. 8
DPTR FM NORMAL -31 [PRESSURE DATA]
TOTAL FM JAN 1 8 HIGHEST SLP 30.50 ON 29
DPTR FM NORMAL -1656 LOWEST SLP 29.58 ON 17
[REMARKS]
#FINAL-10-22#