000
CXUS51 KLWX 011100
CF6DMH
PRELIMINARY LOCAL CLIMATOLOGICAL DATA (WS FORM: F-6)
STATION: BALTIMORE INNER HARBOR MD
MONTH: JULY
YEAR: 2019
LATITUDE: 39 16 N
LONGITUDE: 76 37 W
TEMPERATURE IN F: :PCPN: SNOW: WIND :SUNSHINE: SKY :PK WND
================================================================================
1 2 3 4 5 6A 6B 7 8 9 10 11 12 13 14 15 16 17 18
12Z AVG MX 2MIN
DY MAX MIN AVG DEP HDD CDD WTR SNW DPTH SPD SPD DIR MIN PSBL S-S WX SPD DR
================================================================================
1 88 69 79 -1 0 14 0.00 M M M M M M M M M M
2 97 71 84 4 0 19 0.09 M M M M M M M M M M
3 94 75 85 5 0 20 0.25 M M M M M M M M M M
4 93 78 86 5 0 21 0.03 M M M M M M M M M M
5 92 77 85 4 0 20 0.00 M M M M M M M M M M
6 96 75 86 5 0 21 0.71 M M M M M M M M M M
7 89 74 82 1 0 17 0.10 M M M M M M M M M M
8 80 72 76 -5 0 11 0.77 M M M M M M M M M M
9 88 69 79 -2 0 14 0.00 M M M M M M M M M M
10 91 72 82 1 0 17 0.00 M M M M M M M M M M
11 89 74 82 1 0 17 0.23 M M M M M M M M M M
12 91 72 82 1 0 17 0.00 M M M M M M M M M M
13 91 75 83 2 0 18 0.00 M M M M M M M M M M
14 95 75 85 4 0 20 0.00 M M M M M M M M M M
15 91 74 83 2 0 18 0.00 M M M M M M M M M M
16 98 76 87 6 0 22 0.00 M M M M M M M M M M
17 99 74 87 6 0 22 0.77 M M M M M M M M M M
18 94 77 86 5 0 21 0.00 M M M M M M M M M M
19 99 80 90 9 0 25 0.00 M M M M M M M M M M
20 100 83 92 11 0 27 0.00 M M M M M M M M M M
21 101 80 91 10 0 26 0.00 M M M M M M M M M M
22 99 78 89 8 0 24 0.01 M M M M M M M M M M
23 78 69 74 -7 0 9 0.47 M M M M M M M M M M
24 86 69 78 -3 0 13 0.00 M M M M M M M M M M
25 88 68 78 -3 0 13 0.00 M M M M M M M M M M
26 91 71 81 0 0 16 0.00 M M M M M M M M M M
27 93 73 83 3 0 18 0.00 M M M M M M M M M M
28 95 75 85 5 0 20 0.00 M M M M M M M M M M
29 96 77 87 7 0 22 0.00 M M M M M M M M M M
30 100 77 89 9 0 24 0.00 M M M M M M M M M M
31 89 77 83 3 0 18 0.00 M M M M M M M M M M
================================================================================
SM 2871 2306 0 584 3.43 M M M M
================================================================================
AV 92.6 74.4 M FASTST M M 3 MAX(MPH)
MISC ----> M M M M
================================================================================
NOTES:
# LAST OF SEVERAL OCCURRENCES
COLUMN 17 PEAK WIND IN M.P.H.
PRELIMINARY LOCAL CLIMATOLOGICAL DATA (WS FORM: F-6) , PAGE 2
STATION: BALTIMORE INNER HARBOR MD
MONTH: JULY
YEAR: 2019
LATITUDE: 39 16 N
LONGITUDE: 76 37 W
[TEMPERATURE DATA] [PRECIPITATION DATA] SYMBOLS USED IN COLUMN 16
AVERAGE MONTHLY: 83.5 TOTAL FOR MONTH: 3.43 1 = FOG OR MIST
DPTR FM NORMAL: 2.8 DPTR FM NORMAL: -1.19 2 = FOG REDUCING VISIBILITY
HIGHEST: 101 ON 21 GRTST 24HR 0.77 ON 17-17 TO 1/4 MILE OR LESS
LOWEST: 68 ON 25 3 = THUNDER
SNOW, ICE PELLETS, HAIL 4 = ICE PELLETS
TOTAL MONTH: M 5 = HAIL
GRTST 24HR M ON M 6 = FREEZING RAIN OR DRIZZLE
GRTST DEPTH: M ON M 7 = DUSTSTORM OR SANDSTORM:
VSBY 1/2 MILE OR LESS
8 = SMOKE OR HAZE
[NO. OF DAYS WITH] [WEATHER - DAYS WITH] 9 = BLOWING SNOW
X = TORNADO
MAX 32 OR BELOW: 0 0.01 INCH OR MORE: 10
MAX 90 OR ABOVE: 22 0.10 INCH OR MORE: 7
MIN 32 OR BELOW: 0 0.50 INCH OR MORE: 3
MIN 0 OR BELOW: 0 1.00 INCH OR MORE: 0
[HDD (BASE 65) ]
TOTAL THIS MO. 0 CLEAR (SCALE 0-3) 0
DPTR FM NORMAL 0 PTCLDY (SCALE 4-7) 0
TOTAL FM JUL 1 0 CLOUDY (SCALE 8-10) 0
DPTR FM NORMAL 0
[CDD (BASE 65) ]
TOTAL THIS MO. 584
DPTR FM NORMAL 96 [PRESSURE DATA]
TOTAL FM JAN 1 1179 HIGHEST SLP 30.29 ON 27
DPTR FM NORMAL 215 LOWEST SLP 29.72 ON 22
[REMARKS]
#FINAL-07-19#