000
CXUS53 KEAX 010736
CF6DMO
PRELIMINARY LOCAL CLIMATOLOGICAL DATA (WS FORM: F-6)
STATION: SEDALIA MO
MONTH: MARCH
YEAR: 2022
LATITUDE: 38 42 N
LONGITUDE: 93 6 W
TEMPERATURE IN F: :PCPN: SNOW: WIND :SUNSHINE: SKY :PK WND
================================================================================
1 2 3 4 5 6A 6B 7 8 9 10 11 12 13 14 15 16 17 18
12Z AVG MX 2MIN
DY MAX MIN AVG DEP HDD CDD WTR SNW DPTH SPD SPD DIR MIN PSBL S-S WX SPD DR
================================================================================
1 74 41 58 19 7 0 0.00 M M 11.4 20 220 M M 0 8 27 210
2 79 49 64 24 1 0 0.00 M M 11.8 21 220 M M 0 27 220
3 60 39 50 10 15 0 0.00 M M 12.6 18 70 M M 0 27 70
4 75 35 55 15 10 0 0.00 M M 11.9 21 180 M M 0 8 28 170
5 71 42 57 16 8 0 0.04 M M 19.0 35 190 M M 5 3 49 180
6 48 31 40 -1 25 0 0.76 M M 10.0 21 10 M M 5 1 32 10
7 35 27 31 -11 34 0 T M M 11.0 23 330 M M 10 16 31 320
8 39 23 31 -11 34 0 0.00 M M 3.2 8 220 M M 1 11 170
9 47 29 38 -4 27 0 0.00 M M 9.0 16 10 M M 2 22 10
10 31 21 26 -17 39 0 0.16 M M 12.1 20 10 M M 10 1 26 360
11 31 14 23 -20 42 0 0.02 M M 11.2 20 320 M M 4 1 28 310
12 35 5 20 -24 45 0 0.00 M M 8.6 18 200 M M 1 30 200
13 64 35 50 6 15 0 0.00 M M 17.2 28 230 M M 2 39 230
14 65 42 54 10 11 0 0.00 M M 11.8 24 190 M M 4 33 190
15 68 46 57 12 8 0 0.00 M M 2.8 9 320 M M 4 12 190
16 73 43 58 13 7 0 0.00 M M 10.0 22 210 M M 0 1 30 210
17 79 48 64 19 1 0 0.00 M M 9.0 21 360 M M 1 25 360
18 56 40 48 2 17 0 0.44 M M 13.1 24 320 M M 10 1 32 320
19 59 37 48 2 17 0 T M M 10.0 18 290 M M 2 8 26 290
20 75 37 56 10 9 0 0.00 M M 11.5 21 220 M M 0 27 220
21 69 51 60 13 5 0 0.72 M M 12.1 25 180 M M 4 18 32 160
22 64 47 56 9 9 0 0.26 M M 9.9 26 120 M M 9 1 37 110
23 47 39 43 -4 22 0 0.07 M M 12.5 21 280 M M 10 1 27 300
24 42 36 39 -9 26 0 0.08 M M 9.8 15 300 M M 10 1 20 280
25 55 36 46 -2 19 0 0.00 M M 12.2 25 310 M M 3 8 40 310
26 54 36 45 -3 20 0 0.00 M M 11.2 23 340 M M 0 29 320
27 47 31 39 -10 26 0 0.00 M M 6.2 14 50 M M 2 18 50
28 57 33 45 -4 20 0 0.00 M M 12.9 22 110 M M 1 30 100
29 72 45 59 10 6 0 T M M 17.6 25 160 M M 3 33 170
30 69 36 53 3 12 0 1.24 M M 13.9 30 290 M M 10 3 46 290
31 38 30 34 -16 31 0 0.00 M M 10.7 20 310 M M 8 27 290
================================================================================
SM 1778 1104 568 0 3.79 M 346.2 M 121
================================================================================
AV 57.4 35.6 11.2 FASTST M M 4 MAX(MPH)
MISC ----> 35 190 49 180
================================================================================
NOTES:
# LAST OF SEVERAL OCCURRENCES
COLUMN 17 PEAK WIND IN M.P.H.
PRELIMINARY LOCAL CLIMATOLOGICAL DATA (WS FORM: F-6) , PAGE 2
STATION: SEDALIA MO
MONTH: MARCH
YEAR: 2022
LATITUDE: 38 42 N
LONGITUDE: 93 6 W
[TEMPERATURE DATA] [PRECIPITATION DATA] SYMBOLS USED IN COLUMN 16
AVERAGE MONTHLY: 46.5 TOTAL FOR MONTH: 3.79 1 = FOG OR MIST
DPTR FM NORMAL: 1.7 DPTR FM NORMAL: 1.30 2 = FOG REDUCING VISIBILITY
HIGHEST: 79 ON 17, 2 GRTST 24HR 1.24 ON 29-30 TO 1/4 MILE OR LESS
LOWEST: 5 ON 12 3 = THUNDER
SNOW, ICE PELLETS, HAIL 4 = ICE PELLETS
TOTAL MONTH: M 5 = HAIL
GRTST 24HR M ON M 6 = FREEZING RAIN OR DRIZZLE
GRTST DEPTH: M ON M 7 = DUSTSTORM OR SANDSTORM:
VSBY 1/2 MILE OR LESS
8 = SMOKE OR HAZE
[NO. OF DAYS WITH] [WEATHER - DAYS WITH] 9 = BLOWING SNOW
X = TORNADO
MAX 32 OR BELOW: 2 0.01 INCH OR MORE: 10
MAX 90 OR ABOVE: 0 0.10 INCH OR MORE: 6
MIN 32 OR BELOW: 9 0.50 INCH OR MORE: 3
MIN 0 OR BELOW: 0 1.00 INCH OR MORE: 1
[HDD (BASE 65) ]
TOTAL THIS MO. 568 CLEAR (SCALE 0-3) 16
DPTR FM NORMAL -60 PTCLDY (SCALE 4-7) 7
TOTAL FM JUL 1 3821 CLOUDY (SCALE 8-10) 8
DPTR FM NORMAL -676
[CDD (BASE 65) ]
TOTAL THIS MO. 0
DPTR FM NORMAL -3 [PRESSURE DATA]
TOTAL FM JAN 1 0 HIGHEST SLP M ON M
DPTR FM NORMAL -3 LOWEST SLP 29.35 ON 30
[REMARKS]
#FINAL-03-22#