000
CXUS53 KEAX 010736
CF6DMO
PRELIMINARY LOCAL CLIMATOLOGICAL DATA (WS FORM: F-6)
STATION: SEDALIA MO
MONTH: OCTOBER
YEAR: 2023
LATITUDE: 38 42 N
LONGITUDE: 93 6 W
TEMPERATURE IN F: :PCPN: SNOW: WIND :SUNSHINE: SKY :PK WND
================================================================================
1 2 3 4 5 6A 6B 7 8 9 10 11 12 13 14 15 16 17 18
12Z AVG MX 2MIN
DY MAX MIN AVG DEP HDD CDD WTR SNW DPTH SPD SPD DIR MIN PSBL S-S WX SPD DR
================================================================================
1 91 64 78 16 0 13 0.00 M M 6.1 14 110 M M 0 18 100
2 89 60 75 13 0 10 0.00 M M 7.0 13 160 M M 1 8 20 190
3 85 62 74 13 0 9 0.00 M M 10.0 21 160 M M 2 30 170
4 76 64 70 9 0 5 T M M 7.9 16 190 M M 6 1 20 180
5 82 57 70 9 0 5 T M M 8.0 16 310 M M 3 23 300
6 64 43 54 -6 11 0 T M M 8.8 29 320 M M 2 40 320
7 64 41 53 -7 12 0 0.00 M M 8.1 15 330 M M 0 8 24 290
8 76 44 60 0 5 0 0.00 M M 8.4 18 240 M M 0 8 28 250
9 70 43 57 -2 8 0 0.00 M M 4.7 15 10 M M 0 8 19 50
10 77 37 57 -2 8 0 0.00 M M 4.1 9 140 M M 0 8 14 290
11 84 54 69 11 0 4 0.10 M M 10.7 23 180 M M 4 3 35 340
12 77 58 68 10 0 3 0.00 M M 17.5 30 160 M M 1 39 160
13 68 53 61 3 4 0 0.31 M M 14.4 24 240 M M 9 13 37 270
14 59 51 55 -2 10 0 0.02 M M 12.4 21 340 M M 10 1 29 330
15 57 44 51 -6 14 0 0.17 M M 10.0 18 340 M M 9 1 26 360
16 66 41 54 -2 11 0 0.00 M M 7.7 18 330 M M 0 24 320
17 71 40 56 0 9 0 0.00 M M 6.2 13 190 M M 0 19 220
18 74 47 61 5 4 0 T M M 10.4 24 210 M M 1 35 210
19 70 51 61 6 4 0 0.00 M M 7.6 17 250 M M 4 24 240
20 78 48 63 8 2 0 0.00 M M 6.5 15 330 M M 0 25 10
21 83 54 69 15 0 4 0.00 M M 9.9 22 320 M M 0 30 320
22 72 46 59 5 6 0 0.00 M M 8.2 15 120 M M 0 22 110
23 85 52 69 15 0 4 0.00 M M 13.3 24 200 M M 0 33 210
24 79 63 71 18 0 6 0.42 M M 11.6 24 170 M M 5 1 40 150
25 75 63 69 16 0 4 0.57 M M 9.1 22 210 M M 9 1 32 220
26 76 66 71 19 0 6 0.27 M M 10.1 26 190 M M 5 1 34 190
27 70 41 56 4 9 0 0.03 M M 11.7 20 330 M M 8 1 28 300
28 41 35 38 -14 27 0 0.74 M M 10.3 15 30 M M 9 1 22 80
29 40 35 38 -13 27 0 0.41 M M 12.5 21 350 M M 10 18 26 350
30 42 27 35 -16 30 0 0.00 M M 8.3 18 330 M M 2 24 330
31 42 27 35 -15 30 0 0.00 M M 10.4 23 320 M M 0 32 300
================================================================================
SM 2183 1511 231 73 3.04 M 291.9 M 100
================================================================================
AV 70.4 48.7 9.4 FASTST M M 3 MAX(MPH)
MISC ----> 30 160 # 40 320
================================================================================
NOTES:
# LAST OF SEVERAL OCCURRENCES
COLUMN 17 PEAK WIND IN M.P.H.
PRELIMINARY LOCAL CLIMATOLOGICAL DATA (WS FORM: F-6) , PAGE 2
STATION: SEDALIA MO
MONTH: OCTOBER
YEAR: 2023
LATITUDE: 38 42 N
LONGITUDE: 93 6 W
[TEMPERATURE DATA] [PRECIPITATION DATA] SYMBOLS USED IN COLUMN 16
AVERAGE MONTHLY: 59.6 TOTAL FOR MONTH: 3.04 1 = FOG OR MIST
DPTR FM NORMAL: 3.2 DPTR FM NORMAL: -0.05 2 = FOG REDUCING VISIBILITY
HIGHEST: 91 ON 1 GRTST 24HR 1.04 ON 28-29 TO 1/4 MILE OR LESS
LOWEST: 27 ON 31,30 3 = THUNDER
SNOW, ICE PELLETS, HAIL 4 = ICE PELLETS
TOTAL MONTH: M 5 = HAIL
GRTST 24HR M ON M 6 = FREEZING RAIN OR DRIZZLE
GRTST DEPTH: M ON M 7 = DUSTSTORM OR SANDSTORM:
VSBY 1/2 MILE OR LESS
8 = SMOKE OR HAZE
[NO. OF DAYS WITH] [WEATHER - DAYS WITH] 9 = BLOWING SNOW
X = TORNADO
MAX 32 OR BELOW: 0 0.01 INCH OR MORE: 10
MAX 90 OR ABOVE: 1 0.10 INCH OR MORE: 8
MIN 32 OR BELOW: 2 0.50 INCH OR MORE: 2
MIN 0 OR BELOW: 0 1.00 INCH OR MORE: 0
[HDD (BASE 65) ]
TOTAL THIS MO. 231 CLEAR (SCALE 0-3) 18
DPTR FM NORMAL -64 PTCLDY (SCALE 4-7) 6
TOTAL FM JUL 1 231 CLOUDY (SCALE 8-10) 7
DPTR FM NORMAL -124
[CDD (BASE 65) ]
TOTAL THIS MO. 73
DPTR FM NORMAL 45 [PRESSURE DATA]
TOTAL FM JAN 1 1648 HIGHEST SLP M ON M
DPTR FM NORMAL 384 LOWEST SLP 29.59 ON 11
[REMARKS]
#FINAL-10-23#