000
CXUS55 KGJT 011010
CF6DRO
PRELIMINARY LOCAL CLIMATOLOGICAL DATA (WS FORM: F-6)
STATION: DURANGO AIRPORT CO
MONTH: FEBRUARY
YEAR: 2021
LATITUDE: 37 9 N
LONGITUDE: 107 45 W
TEMPERATURE IN F: :PCPN: SNOW: WIND :SUNSHINE: SKY :PK WND
================================================================================
1 2 3 4 5 6A 6B 7 8 9 10 11 12 13 14 15 16 17 18
12Z AVG MX 2MIN
DY MAX MIN AVG DEP HDD CDD WTR SNW DPTH SPD SPD DIR MIN PSBL S-S WX SPD DR
================================================================================
1 44 9 27 2 38 0 0.00 M M 3.5 9 50 M M 4 11 100
2 49 30 40 15 25 0 0.01 M M 3.4 8 20 M M 9 10 90
3 49 32 41 15 24 0 0.04 M M 8.1 30 300 M M 9 45 270
4 39 19 29 3 36 0 0.00 M M 10.9 23 260 M M 2 32 250
5 39 12 26 0 39 0 0.00 M M 9.7 32 270 M M 2 44 280
6 40 20 30 4 35 0 0.00 M M 10.2 30 260 M M 0 40 250
7 48 13 31 5 34 0 0.00 M M 7.6 29 270 M M 0 38 260
8 48 14 31 4 34 0 0.00 M M 5.1 20 250 M M 1 26 250
9 48 27 38 11 27 0 0.00 M M 5.8 20 340 M M 5 28 340
10 43 29 36 9 29 0 0.00 M M 4.7 16 260 M M 8 24 260
11 49 21 35 8 30 0 0.00 M M 5.4 18 260 M M 1 25 210
12 42 27 35 7 30 0 T M M 5.0 13 310 M M 8 1 19 270
13 33 22 28 0 37 0 0.37 M M 5.2 14 220 M M 7 1 18 230
14 31 13 22 -6 43 0 0.37 M M 7.5 16 140 M M 10 12 23 150
15 21 13 17 -11 48 0 0.11 M M 4.4 10 90 M M 10 1 14 90
16 34 7 21 -8 44 0 0.10 M M 3.4 16 70 M M 7 12 20 60
17 30 -2 14 -15 51 0 0.00 M M 4.4 18 340 M M 4 1 25 330
18 29 2 16 -13 49 0 0.00 M M 5.8 18 250 M M 2 12 24 250
19 32 0 16 -14 49 0 0.00 M M 4.7 13 10 M M 1 15 80
20 44 6 25 -5 40 0 0.00 M M 5.9 24 340 M M 2 32 350
21 35 12 24 -6 41 0 0.00 M M 9.6 24 260 M M 1 30 250
22 40 6 23 -8 42 0 0.00 M M 4.0 12 10 M M 0 13 90
23 47 13 30 -1 35 0 0.00 M M 6.2 23 260 M M 0 32 260
24 46 19 33 2 32 0 0.00 M M 4.0 15 250 M M 2 20 250
25 43 19 31 -1 34 0 0.00 M M 5.0 21 280 M M 2 28 260
26 42 16 29 -3 36 0 0.00 M M 6.9 24 260 M M 0 31 250
27 37 15 26 -6 39 0 0.00 M M 9.5 32 250 M M 3 48 250
28 35 11 23 -10 42 0 0.00 M M 4.0 15 90 M M 2 22 70
================================================================================
SM 1117 425 1043 0 1.00 M 169.9 M 102
================================================================================
AV 39.9 15.2 6.1 FASTST M M 4 MAX(MPH)
MISC ----> # 32 270 48 250
================================================================================
NOTES:
# LAST OF SEVERAL OCCURRENCES
COLUMN 17 PEAK WIND IN M.P.H.
PRELIMINARY LOCAL CLIMATOLOGICAL DATA (WS FORM: F-6) , PAGE 2
STATION: DURANGO AIRPORT CO
MONTH: FEBRUARY
YEAR: 2021
LATITUDE: 37 9 N
LONGITUDE: 107 45 W
[TEMPERATURE DATA] [PRECIPITATION DATA] SYMBOLS USED IN COLUMN 16
AVERAGE MONTHLY: 27.5 TOTAL FOR MONTH: 1.00 1 = FOG OR MIST
DPTR FM NORMAL: -1.0 DPTR FM NORMAL: -0.16 2 = FOG REDUCING VISIBILITY
HIGHEST: 49 ON 11, 3 GRTST 24HR 0.37 ON 13-13 TO 1/4 MILE OR LESS
LOWEST: -2 ON 17 3 = THUNDER
SNOW, ICE PELLETS, HAIL 4 = ICE PELLETS
TOTAL MONTH: M 5 = HAIL
GRTST 24HR M ON M 6 = FREEZING RAIN OR DRIZZLE
GRTST DEPTH: M ON M 7 = DUSTSTORM OR SANDSTORM:
VSBY 1/2 MILE OR LESS
8 = SMOKE OR HAZE
[NO. OF DAYS WITH] [WEATHER - DAYS WITH] 9 = BLOWING SNOW
X = TORNADO
MAX 32 OR BELOW: 5 0.01 INCH OR MORE: 6
MAX 90 OR ABOVE: 0 0.10 INCH OR MORE: 4
MIN 32 OR BELOW: 28 0.50 INCH OR MORE: 0
MIN 0 OR BELOW: 2 1.00 INCH OR MORE: 0
[HDD (BASE 65) ]
TOTAL THIS MO. 1043 CLEAR (SCALE 0-3) 17
DPTR FM NORMAL 22 PTCLDY (SCALE 4-7) 5
TOTAL FM JUL 1 5105 CLOUDY (SCALE 8-10) 6
DPTR FM NORMAL -70
[CDD (BASE 65) ]
TOTAL THIS MO. 0
DPTR FM NORMAL 0 [PRESSURE DATA]
TOTAL FM JAN 1 0 HIGHEST SLP 30.61 ON 1
DPTR FM NORMAL 0 LOWEST SLP 29.46 ON 14
[REMARKS]
#FINAL-02-21#