911
CXUS53 KGJT 011230
CLADRO
CLIMATE REPORT
NATIONAL WEATHER SERVICE GRAND JUNCTION CO
530 AM MST FRI JAN 01 2021
...................................
...THE DURANGO AIRPORT CO CLIMATE SUMMARY FOR THE YEAR OF 2020...
CLIMATE NORMAL PERIOD 1981 TO 2010
CLIMATE RECORD PERIOD 9999 TO 9999
WEATHER OBSERVED NORMAL DEPART LAST YEAR`S
VALUE DATE(S) VALUE FROM VALUE DATE(S)
NORMAL
................................................................
TEMPERATURE (F)
RECORD
HIGH MM MM
LOW MM MM
HIGHEST 98 07/11 MM MM 94 09/03
LOWEST -8 12/13 MM MM -17 01/02
AVG. MAXIMUM 64.7 61.8 2.9 60.8
AVG. MINIMUM 30.8 30.5 0.3 28.9
MEAN 47.8 46.1 1.7 44.8
DAYS MAX >= 90 35 11.0 24.0 30
DAYS MAX <= 32 18 16.8 1.2 25
DAYS MIN <= 32 205 197.7 7.3 214
DAYS MIN <= 0 8 12.2 -4.2 25
PRECIPITATION (INCHES)
RECORD
MAXIMUM MM MM
MINIMUM MM MM
TOTALS 7.35 16.07 -8.72 15.56
DAILY AVG. 0.02 0.04 -0.02 0.04
DAYS >= .01 54 MM MM 87
DAYS >= .10 24 MM MM 51
DAYS >= .50 3 MM MM 7
DAYS >= 1.00 1 MM MM 1
GREATEST
24 HR. TOTAL 1.07 MM 1.06
STORM TOTAL 1.02 MM
(MM/DD(HH)) MM
SNOWFALL (INCHES)
RECORDS
TOTAL MM MM
24 HR TOTAL MM
SNOW DEPTH MM MM
TOTALS MM MM MM MM
LIQUID EQUIV MM MM MM MM
SINCE 7/1 MM MM MM MM
LIQUID 7/1 MM MM MM MM
SNOWDEPTH AVG. MM MM
DAYS >= TRACE MM MM MM MM
DAYS >= 1.0 MM MM MM MM
GREATEST
SNOW DEPTH MM MM MM
24 HR TOTAL MM MM
STORM TOTAL MM MM
(MM/DD(HH)) MM
DEGREE DAYS
HEATING TOTAL 6634 7124 -490 7575
SINCE 7/1 2750 2874 -124 2910
COOLING TOTAL 445 242 203 350
SINCE 1/1 445 243 202 350
FREEZE DATES
RECORD
EARLIEST MM
LATEST MM
EARLIEST 09/29
LATEST 05/25
................................................................
WIND (MPH)
AVERAGE WIND SPEED 6.3
RESULTANT WIND SPEED/DIRECTION 2/290
HIGHEST WIND SPEED/DIRECTION 48/260 DATE 10/25
HIGHEST GUST SPEED/DIRECTION 68/260 DATE 10/25
SKY COVER
POSSIBLE SUNSHINE (PERCENT) MM
AVERAGE SKY COVER 0.19
NUMBER OF DAYS FAIR 286
NUMBER OF DAYS PC 64
NUMBER OF DAYS CLOUDY 16
AVERAGE RH (PERCENT) 48
WEATHER CONDITIONS. NUMBER OF DAYS WITH
THUNDERSTORM 42 MIXED PRECIP 0
HEAVY RAIN 6 RAIN 17
LIGHT RAIN 71 FREEZING RAIN 0
LT FREEZING RAIN 0 HAIL 0
HEAVY SNOW 2 SNOW 10
LIGHT SNOW 30 SLEET 0
FOG 56 FOG W/VIS <= 1/4 MILE 16
HAZE 12
- INDICATES NEGATIVE NUMBERS.
R INDICATES RECORD WAS SET OR TIED.
MM INDICATES DATA IS MISSING.
T INDICATES TRACE AMOUNT.
$$