000
CXUS55 KTWC 230855
CF6DUG
PRELIMINARY LOCAL CLIMATOLOGICAL DATA (WS FORM: F-6)
STATION: DOUGLAS AZ
MONTH: APRIL
YEAR: 2024
LATITUDE: 31 28 N
LONGITUDE: 109 36 W
TEMPERATURE IN F: :PCPN: SNOW: WIND :SUNSHINE: SKY :PK WND
================================================================================
1 2 3 4 5 6A 6B 7 8 9 10 11 12 13 14 15 16 17 18
12Z AVG MX 2MIN
DY MAX MIN AVG DEP HDD CDD WTR SNW DPTH SPD SPD DIR MIN PSBL S-S WX SPD DR
================================================================================
1 54 40 47 -10 18 0 0.64 M M 11.0 32 320 M M 8 138 38 320
2 61 41 51 -7 14 0 0.03 M M 7.0 17 340 M M 5 24 340
3 73 38 56 -2 9 0 0.00 M M 5.1 14 330 M M 0 21 320
4 80 39 60 2 5 0 0.00 M M 9.0 22 200 M M 0 29 210
5 74 44 59 1 6 0 0.00 M M 18.4 33 240 M M 1 46 220
6 61 35 48 -10 17 0 0.00 M M 13.5 26 250 M M 2 38 250
7 72 28 50 -9 15 0 0.00 M M 6.3 15 270 M M 0 17 200
8 68 41 55 -4 10 0 0.00 M M 10.0 21 240 M M 0 33 250
9 69 41 55 -4 10 0 0.00 M M 11.6 22 310 M M 4 31 340
10 77 36 57 -2 8 0 0.00 M M 8.1 17 340 M M 0 25 340
11 82 39 61 1 4 0 0.00 M M 6.5 12 140 M M 0 24 130
12 82 46 64 4 1 0 0.00 M M 11.2 31 190 M M 0 41 190
13 81 47 64 4 1 0 0.00 M M 10.3 24 200 M M 0 40 190
14 83 41 62 2 3 0 0.00 M M 10.3 26 240 M M 0 35 210
15 77 39 58 -2 7 0 0.00 M M 12.7 32 250 M M 0 44 260
16 79 35 57 -3 8 0 0.00 M M 7.1 14 350 M M 0 23 350
17 85 41 63 2 2 0 0.00 M M 8.5 12 340 M M 0 M M
18 88 43 66 5 0 1 0.00 M M 6.2 18 240 M M 0 23 170
19 88 48 68 7 0 3 0.00 M M 7.9 22 240 M M 0 31 220
20 85 48 67 6 0 2 0.00 M M 6.6 17 240 M M 0 24 210
21 85 47 66 4 0 1 0.00 M M 7.0 17 90 M M 0 25 140
22 89 50 70 8 0 5 0.00 0.0 0 7.4 21 250 M M M 29 140
================================================================================
SM 1693 907 138 12 0.67 0.0 201.7 M 20
================================================================================
AV 77.0 41.2 9.2 FASTST M M 1 MAX(MPH)
MISC ----> 33 240 46 220
================================================================================
NOTES:
# LAST OF SEVERAL OCCURRENCES
COLUMN 17 PEAK WIND IN M.P.H.
PRELIMINARY LOCAL CLIMATOLOGICAL DATA (WS FORM: F-6) , PAGE 2
STATION: DOUGLAS AZ
MONTH: APRIL
YEAR: 2024
LATITUDE: 31 28 N
LONGITUDE: 109 36 W
[TEMPERATURE DATA] [PRECIPITATION DATA] SYMBOLS USED IN COLUMN 16
AVERAGE MONTHLY: 59.1 TOTAL FOR MONTH: 0.67 1 = FOG OR MIST
DPTR FM NORMAL: -0.5 DPTR FM NORMAL: 0.59 2 = FOG REDUCING VISIBILITY
HIGHEST: 89 ON 22 GRTST 24HR 0.64 ON 31- 1 TO 1/4 MILE OR LESS
LOWEST: 28 ON 7 3 = THUNDER
SNOW, ICE PELLETS, HAIL 4 = ICE PELLETS
TOTAL MONTH: 0.0 INCH 5 = HAIL
GRTST 24HR 0.0 6 = FREEZING RAIN OR DRIZZLE
GRTST DEPTH: 0 7 = DUSTSTORM OR SANDSTORM:
VSBY 1/2 MILE OR LESS
8 = SMOKE OR HAZE
[NO. OF DAYS WITH] [WEATHER - DAYS WITH] 9 = BLOWING SNOW
X = TORNADO
MAX 32 OR BELOW: 0 0.01 INCH OR MORE: 2
MAX 90 OR ABOVE: 0 0.10 INCH OR MORE: 1
MIN 32 OR BELOW: 1 0.50 INCH OR MORE: 1
MIN 0 OR BELOW: 0 1.00 INCH OR MORE: 0
[HDD (BASE 65) ]
TOTAL THIS MO. 138 CLEAR (SCALE 0-3) 18
DPTR FM NORMAL 10 PTCLDY (SCALE 4-7) 2
TOTAL FM JUL 1 2435 CLOUDY (SCALE 8-10) 2
DPTR FM NORMAL -186
[CDD (BASE 65) ]
TOTAL THIS MO. 12
DPTR FM NORMAL 5 [PRESSURE DATA]
TOTAL FM JAN 1 14 HIGHEST SLP M ON M
DPTR FM NORMAL 6 LOWEST SLP 29.69 ON 1
[REMARKS]