000
CXUS54 KEWX 011010
CF6DZB
PRELIMINARY LOCAL CLIMATOLOGICAL DATA (WS FORM: F-6)
STATION: Horseshoe Bay
MONTH: APRIL
YEAR: 2020
LATITUDE: 30 31 N
LONGITUDE: 98 22 W
TEMPERATURE IN F: :PCPN: SNOW: WIND :SUNSHINE: SKY :PK WND
================================================================================
1 2 3 4 5 6A 6B 7 8 9 10 11 12 13 14 15 16 17 18
12Z AVG MX 2MIN
DY MAX MIN AVG DEP HDD CDD WTR SNW DPTH SPD SPD DIR MIN PSBL S-S WX SPD DR
================================================================================
1 79 52 66 M 0 1 0.00 M M 7.9 14 150 M M 0 18 170
2 68 61 65 M 0 0 0.00 M M 6.1 10 160 M M 10 1 20 160
3 77 45 61 M 4 0 0.02 M M 6.2 13 330 M M 10 13 23 330
4 52 45 49 M 16 0 0.74 M M 4.3 9 110 M M 10 13 M M
5 64 48 56 M 9 0 0.00 M M 2.0 6 70 M M 10 1 M M
6 75 57 66 M 0 1 0.00 M M 2.9 12 150 M M 8 1 16 150
7 90 68 79 M 0 14 0.00 M M 5.6 13 200 M M 3 22 190
8 93 72 83 M 0 18 0.00 M M 3.1 7 310 M M 1 1 M M
9 88 63 76 M 0 11 0.00 M M 1.2 13 340 M M 3 13 16 340
10 72 59 66 M 0 1 0.00 M M 4.1 10 70 M M 2 M M
11 75 61 68 M 0 3 0.00 M M 5.7 12 160 M M 9 17 160
12 82 57 70 M 0 5 0.02 M M 9.4 16 280 M M 3 3 28 260
13 63 43 53 M 12 0 0.00 M M 7.3 15 360 M M 0 21 10
14 64 43 54 M 11 0 0.00 M M 4.1 8 10 M M 6 18 20
15 70 37 54 M 11 0 0.00 M M 3.4 7 70 M M 2 M M
16 77 46 62 M 3 0 0.00 M M 8.3 14 170 M M 0 23 170
17 70 54 62 M 3 0 0.00 M M 6.4 13 330 M M 10 1 21 330
18 64 52 58 M 7 0 0.00 M M 2.6 6 30 M M 10 1 M M
19 90 55 73 M 0 8 0.03 M M 4.1 22 320 M M 4 1 28 320
20 90 52 71 M 0 6 0.00 M M 3.4 9 110 M M 3 16 120
21 86 61 74 M 0 9 0.00 M M 5.2 12 140 M M 2 18 160
22 88 57 73 M 0 8 0.00 M M 5.9 12 150 M M 5 13 18 170
23 86 54 70 M 0 5 0.00 M M 3.6 8 150 M M 0 M M
24 97 61 79 M 0 14 0.00 M M 8.1 20 210 M M 1 30 220
25 79 55 67 M 0 2 0.00 M M 4.5 13 360 M M 2 17 360
26 84 46 65 M 0 0 0.00 M M 4.2 10 150 M M 0 20 130
27 88 63 76 M 0 11 0.00 M M 11.0 15 190 M M 1 29 170
28 93 66 80 M 0 15 0.00 M M 7.9 15 190 M M 3 23 190
29 82 55 69 M 0 4 0.00 M M 6.9 14 340 M M 2 3 27 10
30 88 48 68 M 0 3 0.00 M M 3.7 8 160 M M 0 M M
================================================================================
SM 2374 1636 76 139 0.81 M 159.1 M 120
================================================================================
AV 79.1 54.5 5.3 FASTST M M 4 MAX(MPH)
MISC ----> # 22 320 # 30 220
================================================================================
NOTES:
# LAST OF SEVERAL OCCURRENCES
COLUMN 17 PEAK WIND IN M.P.H.
PRELIMINARY LOCAL CLIMATOLOGICAL DATA (WS FORM: F-6) , PAGE 2
STATION: Horseshoe Bay
MONTH: APRIL
YEAR: 2020
LATITUDE: 30 31 N
LONGITUDE: 98 22 W
[TEMPERATURE DATA] [PRECIPITATION DATA] SYMBOLS USED IN COLUMN 16
AVERAGE MONTHLY: 66.8 TOTAL FOR MONTH: 0.81 1 = FOG OR MIST
DPTR FM NORMAL: M DPTR FM NORMAL: M 2 = FOG REDUCING VISIBILITY
HIGHEST: 97 ON 24 GRTST 24HR 0.74 ON 4- 4 TO 1/4 MILE OR LESS
LOWEST: 37 ON 15 3 = THUNDER
SNOW, ICE PELLETS, HAIL 4 = ICE PELLETS
TOTAL MONTH: M 5 = HAIL
GRTST 24HR M ON M 6 = FREEZING RAIN OR DRIZZLE
GRTST DEPTH: M ON M 7 = DUSTSTORM OR SANDSTORM:
VSBY 1/2 MILE OR LESS
8 = SMOKE OR HAZE
[NO. OF DAYS WITH] [WEATHER - DAYS WITH] 9 = BLOWING SNOW
X = TORNADO
MAX 32 OR BELOW: 0 0.01 INCH OR MORE: 4
MAX 90 OR ABOVE: 6 0.10 INCH OR MORE: 1
MIN 32 OR BELOW: 0 0.50 INCH OR MORE: 1
MIN 0 OR BELOW: 0 1.00 INCH OR MORE: 0
[HDD (BASE 65) ]
TOTAL THIS MO. 76 CLEAR (SCALE 0-3) 19
DPTR FM NORMAL M PTCLDY (SCALE 4-7) 4
TOTAL FM JUL 1 1644 CLOUDY (SCALE 8-10) 7
DPTR FM NORMAL M
[CDD (BASE 65) ]
TOTAL THIS MO. 139
DPTR FM NORMAL M [PRESSURE DATA]
TOTAL FM JAN 1 288 HIGHEST SLP M ON M
DPTR FM NORMAL M LOWEST SLP M ON M
[REMARKS]
#FINAL-04-20#