000
CXUS54 KMAF 011110
CF6E38
PRELIMINARY LOCAL CLIMATOLOGICAL DATA (WS FORM: F-6)
STATION: ALPINE-CASPARIS MUNICIPAL
MONTH: JULY
YEAR: 2023
LATITUDE: 30 23 N
LONGITUDE: 103 41 W
TEMPERATURE IN F: :PCPN: SNOW: WIND :SUNSHINE: SKY :PK WND
================================================================================
1 2 3 4 5 6A 6B 7 8 9 10 11 12 13 14 15 16 17 18
12Z AVG MX 2MIN
DY MAX MIN AVG DEP HDD CDD WTR SNW DPTH SPD SPD DIR MIN PSBL S-S WX SPD DR
================================================================================
1 91 70 81 M 0 16 M M M 9.8 17 200 M M 2 24 230
2 90 66 78 M 0 13 M M M 6.7 12 130 M M 1 18 190
3 92 60 76 M 0 11 0.83 M M 5.2 10 160 M M 2 3 32 60
4 90 61 76 M 0 11 0.02 M M 4.4 12 90 M M 2 23 90
5 95 69 82 M 0 17 M M M 7.3 16 130 M M 1 24 130
6 93 69 81 M 0 16 M M M 6.3 13 160 M M 1 18 140
7 97 69 83 M 0 18 M M M 8.5 15 140 M M 0 21 140
8 95 70 83 M 0 18 M M M 6.5 12 120 M M 0 23 110
9 99 71 85 M 0 20 M M M 8.4 17 60 M M 1 18 100
10 99 72 86 M 0 21 M M M 7.1 13 120 M M 1 20 220
11 100 75 88 M 0 23 M M M 8.9 17 210 M M 1 38 170
12 102 74 88 M 0 23 M M M 8.0 14 250 M M 1 20 190
13 102 73 88 M 0 23 M M M 5.7 17 130 M M 2 3 24 130
14 102 74 88 M 0 23 M M M 7.0 13 140 M M 1 20 0
15 100 78 89 M 0 24 M M M 7.6 24 10 M M 0 31 10
16 98 68 83 M 0 18 M M M 5.6 10 150 M M 0 17 50
17 100 69 85 M 0 20 M M M 5.4 12 160 M M 0 26 60
18 101 69 85 M 0 20 M M M 7.0 12 250 M M 0 17 170
19 102 72 87 M 0 22 M M M 7.9 16 140 M M 0 23 150
20 100 73 87 M 0 22 M M M 8.8 17 130 M M 0 28 130
21 98 69 84 M 0 19 M M M 6.9 15 110 M M 1 22 110
22 95 67 81 M 0 16 M M M 5.6 15 120 M M 1 22 120
23 96 68 82 M 0 17 M M M 5.1 14 90 M M 2 21 90
24 96 71 84 M 0 19 M M M 7.5 14 130 M M 1 22 130
25 95 66 81 M 0 16 M M M 6.0 12 90 M M 0 21 80
26 97 65 81 M 0 16 M M M 5.8 15 90 M M 0 22 140
27 95 66 81 M 0 16 M M M 7.4 15 100 M M 0 22 110
28 93 69 81 M 0 16 M M M 6.1 14 120 M M 0 21 70
29 92 68 80 M 0 15 M M M 6.8 13 110 M M 0 23 110
30 93 65 79 M 0 14 M M M 6.1 16 120 M M 2 24 110
31 90 66 78 M 0 13 0.30 M M 6.9 25 260 M M 2 3 39 280
================================================================================
SM 2988 2142 0 556 1.15 M 212.4 M 25
================================================================================
AV 96.4 69.1 6.9 FASTST M M 1 MAX(MPH)
MISC ----> 25 260 39 280
================================================================================
NOTES:
# LAST OF SEVERAL OCCURRENCES
COLUMN 17 PEAK WIND IN M.P.H.
PRELIMINARY LOCAL CLIMATOLOGICAL DATA (WS FORM: F-6) , PAGE 2
STATION: ALPINE-CASPARIS MUNICIPAL
MONTH: JULY
YEAR: 2023
LATITUDE: 30 23 N
LONGITUDE: 103 41 W
[TEMPERATURE DATA] [PRECIPITATION DATA] SYMBOLS USED IN COLUMN 16
AVERAGE MONTHLY: 82.7 TOTAL FOR MONTH: 1.15 1 = FOG OR MIST
DPTR FM NORMAL: 0.0 DPTR FM NORMAL: M 2 = FOG REDUCING VISIBILITY
HIGHEST: 102 ON 19,14 GRTST 24HR 0.83 ON 3- 3 TO 1/4 MILE OR LESS
LOWEST: 60 ON 3 3 = THUNDER
SNOW, ICE PELLETS, HAIL 4 = ICE PELLETS
TOTAL MONTH: M 5 = HAIL
GRTST 24HR M ON M 6 = FREEZING RAIN OR DRIZZLE
GRTST DEPTH: M ON M 7 = DUSTSTORM OR SANDSTORM:
VSBY 1/2 MILE OR LESS
8 = SMOKE OR HAZE
[NO. OF DAYS WITH] [WEATHER - DAYS WITH] 9 = BLOWING SNOW
X = TORNADO
MAX 32 OR BELOW: 0 0.01 INCH OR MORE: 3
MAX 90 OR ABOVE: 31 0.10 INCH OR MORE: 2
MIN 32 OR BELOW: 0 0.50 INCH OR MORE: 1
MIN 0 OR BELOW: 0 1.00 INCH OR MORE: 0
[HDD (BASE 65) ]
TOTAL THIS MO. 0 CLEAR (SCALE 0-3) 31
DPTR FM NORMAL M PTCLDY (SCALE 4-7) 0
TOTAL FM JUL 1 0 CLOUDY (SCALE 8-10) 0
DPTR FM NORMAL M
[CDD (BASE 65) ]
TOTAL THIS MO. 556
DPTR FM NORMAL M [PRESSURE DATA]
TOTAL FM JAN 1 1278 HIGHEST SLP M ON M
DPTR FM NORMAL M LOWEST SLP M ON M
[REMARKS]
#FINAL-07-23#