000
CXUS54 KMAF 011110
CF6E38
PRELIMINARY LOCAL CLIMATOLOGICAL DATA (WS FORM: F-6)
STATION: ALPINE-CASPARIS MUNICIPAL
MONTH: SEPTEMBER
YEAR: 2020
LATITUDE: 30 23 N
LONGITUDE: 103 41 W
TEMPERATURE IN F: :PCPN: SNOW: WIND :SUNSHINE: SKY :PK WND
================================================================================
1 2 3 4 5 6A 6B 7 8 9 10 11 12 13 14 15 16 17 18
12Z AVG MX 2MIN
DY MAX MIN AVG DEP HDD CDD WTR SNW DPTH SPD SPD DIR MIN PSBL S-S WX SPD DR
================================================================================
1 92 73 83 M 0 18 M M M 11.3 22 260 M M 3 3 29 270
2 92 65 79 M 0 14 M M M 5.8 10 40 M M 1 22 90
3 95 63 79 M 0 14 M M M 5.5 12 60 M M 1 18 80
4 89 62 76 M 0 11 M M M 8.4 16 60 M M 1 24 70
5 82 60 71 M 0 6 0.08 M M 6.7 12 130 M M 3 20 130
6 88 56 72 M 0 7 M M M 5.7 12 170 M M 1 17 190
7 93 65 79 M 0 14 M M M 8.4 20 160 M M 2 24 200
8 92 59 76 M 0 11 0.01 M M 14.0 29 360 M M 2 37 360
9 61 45 53 M 12 0 0.05 M M 11.1 15 70 M M 10 20 40
10 50 44 47 M 18 0 0.02 M M 6.7 10 50 M M 10 M M
11 76 48 62 M 3 0 M M M 2.5 7 220 M M 7 M M
12 86 55 71 M 0 6 M M M 6.1 15 40 M M 1 23 70
13 77 61 69 M 0 4 0.15 M M 4.7 14 40 M M 5 25 60
14 63 57 60 M 5 0 0.75 M M 3.2 9 30 M M 10 M M
15 75 59 67 M 0 2 M M M 1.7 7 90 M M 6 M M
16 82 57 70 M 0 5 0.01 M M 5.9 18 320 M M 2 22 320
17 76 55 66 M 0 1 M M M 5.2 15 60 M M 3 21 70
18 77 53 65 M 0 0 M M M 6.0 15 40 M M 2 21 40
19 78 52 65 M 0 0 M M M 3.4 10 70 M M 1 M M
20 82 53 68 M 0 3 M M M 3.8 10 50 M M 0 17 120
21 80 49 65 M 0 0 M M M 4.4 12 80 M M 0 17 50
22 84 48 66 M 0 1 M M M 4.1 8 100 M M 0 M M
23 91 56 74 M 0 9 M M M 6.4 12 60 M M 0 23 10
24 88 58 73 M 0 8 M M M 6.1 14 60 M M 0 23 40
25 92 57 75 M 0 10 M M M 5.8 8 210 M M 0 17 50
26 96 67 82 M 0 17 M M M 7.9 13 310 M M 0 20 270
27 96 69 83 M 0 18 M M M 10.3 18 250 M M 0 28 300
28 82 50 66 M 0 1 M M M 14.9 26 10 M M 5 33 10
29 76 40 58 M 7 0 M M M 3.7 9 230 M M 0 M M
30 87 54 71 M 0 6 M M M 5.8 12 230 M M 0 M M
================================================================================
SM 2478 1690 45 186 1.07 M 195.6 M 76
================================================================================
AV 82.6 56.3 6.5 FASTST M M 3 MAX(MPH)
MISC ----> 29 360 37 360
================================================================================
NOTES:
# LAST OF SEVERAL OCCURRENCES
COLUMN 17 PEAK WIND IN M.P.H.
PRELIMINARY LOCAL CLIMATOLOGICAL DATA (WS FORM: F-6) , PAGE 2
STATION: ALPINE-CASPARIS MUNICIPAL
MONTH: SEPTEMBER
YEAR: 2020
LATITUDE: 30 23 N
LONGITUDE: 103 41 W
[TEMPERATURE DATA] [PRECIPITATION DATA] SYMBOLS USED IN COLUMN 16
AVERAGE MONTHLY: 69.5 TOTAL FOR MONTH: 1.07 1 = FOG OR MIST
DPTR FM NORMAL: 0.0 DPTR FM NORMAL: M 2 = FOG REDUCING VISIBILITY
HIGHEST: 96 ON 27,26 GRTST 24HR 0.75 ON 14-14 TO 1/4 MILE OR LESS
LOWEST: 40 ON 29 3 = THUNDER
SNOW, ICE PELLETS, HAIL 4 = ICE PELLETS
TOTAL MONTH: M 5 = HAIL
GRTST 24HR M ON M 6 = FREEZING RAIN OR DRIZZLE
GRTST DEPTH: M ON M 7 = DUSTSTORM OR SANDSTORM:
VSBY 1/2 MILE OR LESS
8 = SMOKE OR HAZE
[NO. OF DAYS WITH] [WEATHER - DAYS WITH] 9 = BLOWING SNOW
X = TORNADO
MAX 32 OR BELOW: 0 0.01 INCH OR MORE: 7
MAX 90 OR ABOVE: 9 0.10 INCH OR MORE: 2
MIN 32 OR BELOW: 0 0.50 INCH OR MORE: 1
MIN 0 OR BELOW: 0 1.00 INCH OR MORE: 0
[HDD (BASE 65) ]
TOTAL THIS MO. 45 CLEAR (SCALE 0-3) 21
DPTR FM NORMAL M PTCLDY (SCALE 4-7) 6
TOTAL FM JUL 1 45 CLOUDY (SCALE 8-10) 3
DPTR FM NORMAL M
[CDD (BASE 65) ]
TOTAL THIS MO. 186
DPTR FM NORMAL M [PRESSURE DATA]
TOTAL FM JAN 1 2084 HIGHEST SLP M ON M
DPTR FM NORMAL M LOWEST SLP M ON M
[REMARKS]
#FINAL-09-20#