000
CXUS53 KGID 020400 AAA
CF6EAR
PRELIMINARY LOCAL CLIMATOLOGICAL DATA (WS FORM: F-6)
STATION: KEARNEY NE
MONTH: DECEMBER
YEAR: 2021
LATITUDE: 40 43 N
LONGITUDE: 99 0 W
TEMPERATURE IN F: :PCPN: SNOW: WIND :SUNSHINE: SKY :PK WND
================================================================================
1 2 3 4 5 6A 6B 7 8 9 10 11 12 13 14 15 16 17 18
12Z AVG MX 2MIN
DY MAX MIN AVG DEP HDD CDD WTR SNW DPTH SPD SPD DIR MIN PSBL S-S WX SPD DR
================================================================================
1 67 33 50 18 15 0 0.00 M M 9.4 18 250 M M 1 25 250
2 72 42 57 26 8 0 0.00 M M 6.8 9 210 M M 0 M M
3 58 30 44 13 21 0 0.00 M M 14.0 22 360 M M 0 30 340
4 43 26 35 5 30 0 0.00 M M 10.6 20 150 M M 4 12 M M
5 53 28 41 11 24 0 0.00 M M 17.0 27 340 M M 1 40 350
6 28 16 22 -8 43 0 0.00 M M 11.3 22 340 M M 1 32 340
7 43 24 34 5 31 0 0.00 M M 10.5 24 190 M M 3 31 190
8 57 24 41 12 24 0 0.00 M M 10.1 18 170 M M 1 8 M M
9 54 30 42 13 23 0 0.00 M M 11.5 20 350 M M 0 M M
10 37 25 31 2 34 0 M M M 19.1 28 10 M M 7 1 35 10
11 39 20 30 2 35 0 0.00 M M 13.1 18 210 M M 1 21 270
12 49 21 35 7 30 0 0.00 M M 10.1 16 180 M M 0 M M
13 56 26 41 13 24 0 0.00 M M 5.5 9 50 M M 0 M M
14 57 23 40 13 25 0 0.00 M M 4.9 13 150 M M 0 M M
15 68 29 49 22 16 0 M M M 18.2 36 310 M M 1 1 55 310
16 42 23 33 6 32 0 0.00 M M 8.8 16 320 M M 0 23 320
17 42 24 33 6 32 0 0.00 M M 9.6 25 340 M M 1 31 340
18 25 9 17 -10 48 0 T M M 11.8 25 340 M M 2 32 340
19 43 10 27 1 38 0 0.00 M M 14.0 23 190 M M 0 M M
20 33 16 25 -1 40 0 0.00 M M 12.8 27 20 M M 0 33 10
21 48 15 32 6 33 0 0.00 M M 10.5 23 350 M M 0 M M
22 57 21 39 13 26 0 0.00 M M 10.6 18 220 M M 0 M M
23 63 28 46 20 19 0 0.00 M M 7.8 13 190 M M 0 M M
24 63 28 46 20 19 0 0.00 M M 9.4 17 20 M M 1 M M
25 56 21 39 14 26 0 0.00 M M 8.2 16 230 M M 0 M M
26 52 20 36 11 29 0 0.00 M M 8.9 23 150 M M 1 28 150
27 41 22 32 7 33 0 0.00 M M 9.6 18 170 M M 0 M M
28 32 10 21 -4 44 0 0.00 M M 10.8 25 340 M M 0 37 340
29 27 8 18 -7 47 0 0.00 M M 4.8 10 70 M M 1 M M
30 44 8 26 1 39 0 0.00 M M 9.9 20 200 M M 0 M M
31 23 4 14 -11 51 0 T M M 18.5 30 10 M M 5 1 39 10
================================================================================
SM 1472 664 939 0 M M 338.1 M 31
================================================================================
AV 47.5 21.4 10.9 FASTST M M 1 MAX(MPH)
MISC ----> 36 310 M M
================================================================================
NOTES:
# LAST OF SEVERAL OCCURRENCES
COLUMN 17 PEAK WIND IN M.P.H.
PRELIMINARY LOCAL CLIMATOLOGICAL DATA (WS FORM: F-6) , PAGE 2
STATION: KEARNEY NE
MONTH: DECEMBER
YEAR: 2021
LATITUDE: 40 43 N
LONGITUDE: 99 0 W
[TEMPERATURE DATA] [PRECIPITATION DATA] SYMBOLS USED IN COLUMN 16
AVERAGE MONTHLY: 34.5 TOTAL FOR MONTH: M 1 = FOG OR MIST
DPTR FM NORMAL: 7.1 DPTR FM NORMAL: M 2 = FOG REDUCING VISIBILITY
HIGHEST: 72 ON 2 GRTST 24HR M ON M TO 1/4 MILE OR LESS
LOWEST: 4 ON 31 3 = THUNDER
SNOW, ICE PELLETS, HAIL 4 = ICE PELLETS
TOTAL MONTH: M 5 = HAIL
GRTST 24HR M ON M 6 = FREEZING RAIN OR DRIZZLE
GRTST DEPTH: M ON M 7 = DUSTSTORM OR SANDSTORM:
VSBY 1/2 MILE OR LESS
8 = SMOKE OR HAZE
[NO. OF DAYS WITH] [WEATHER - DAYS WITH] 9 = BLOWING SNOW
X = TORNADO
MAX 32 OR BELOW: 5 0.01 INCH OR MORE: M
MAX 90 OR ABOVE: 0 0.10 INCH OR MORE: M
MIN 32 OR BELOW: 29 0.50 INCH OR MORE: M
MIN 0 OR BELOW: 0 1.00 INCH OR MORE: M
[HDD (BASE 65) ]
TOTAL THIS MO. 939 CLEAR (SCALE 0-3) 28
DPTR FM NORMAL -271 PTCLDY (SCALE 4-7) 3
TOTAL FM JUL 1 1949 CLOUDY (SCALE 8-10) 0
DPTR FM NORMAL -685
[CDD (BASE 65) ]
TOTAL THIS MO. 0
DPTR FM NORMAL 0 [PRESSURE DATA]
TOTAL FM JAN 1 1123 HIGHEST SLP M ON M
DPTR FM NORMAL 255 LOWEST SLP M ON M
[REMARKS]
#FINAL-12-21#