000
CXUS56 KOTX 010910
CF6EAT
PRELIMINARY LOCAL CLIMATOLOGICAL DATA (WS FORM: F-6)
STATION: WENATCHEE WA PANGBORN FIELD
MONTH: AUGUST
YEAR: 2023
LATITUDE: 47 23 N
LONGITUDE: 120 12 W
TEMPERATURE IN F: :PCPN: SNOW: WIND :SUNSHINE: SKY :PK WND
================================================================================
1 2 3 4 5 6A 6B 7 8 9 10 11 12 13 14 15 16 17 18
12Z AVG MX 2MIN
DY MAX MIN AVG DEP HDD CDD WTR SNW DPTH SPD SPD DIR MIN PSBL S-S WX SPD DR
================================================================================
1 90 61 76 -1 0 11 0.00 M M 7.9 20 310 M M 0 23 310
2 93 63 78 1 0 13 0.00 M M 8.7 21 290 M M 0 26 280
3 93 63 78 2 0 13 0.00 M M 8.6 20 300 M M 0 24 300
4 92 68 80 4 0 15 0.00 M M 9.2 18 310 M M 0 22 310
5 78 68 73 -3 0 8 0.04 M M 9.7 17 320 M M 6 22 330
6 89 67 78 2 0 13 T M M 9.5 23 300 M M 2 3 26 310
7 75 62 69 -7 0 4 0.15 M M 9.1 18 300 M M 4 138 22 290
8 85 62 74 -2 0 9 0.00 M M 7.7 14 120 M M 0 18 120
9 85 67 76 0 0 11 T M M 12.6 22 300 M M 3 27 280
10 85 63 74 -1 0 9 0.00 M M 12.8 23 300 M M 0 8 28 300
11 89 62 76 1 0 11 0.00 M M 11.0 23 300 M M 0 8 28 310
12 92 67 80 5 0 15 0.00 M M 11.0 22 290 M M 0 26 290
13 95 66 81 6 0 16 0.00 M M 8.1 16 260 M M 0 20 260
14 101 68 85 11 0 20 0.00 M M 7.4 16 290 M M 0 8 19 300
15 104 72 88 14 0 23 0.00 M M 8.4 22 290 M M 0 24 290
16 103 75 89 15 0 24 0.00 M M 7.0 14 320 M M 2 8 16 150
17 100 72 86 12 0 21 0.00 M M 9.5 22 300 M M 0 25 300
18 89 66 78 5 0 13 0.00 M M 17.8 29 290 M M 0 32 290
19 81 58 70 -3 0 5 0.00 M M 6.7 14 310 M M 8 8 15 310
20 82 56 69 -4 0 4 0.00 M M 5.4 15 300 M M 10 8 17 300
21 79 57 68 -5 0 3 0.00 M M 7.4 16 320 M M 10 8 19 330
22 82 62 72 0 0 7 0.00 M M 9.8 22 140 M M 4 8 27 140
23 77 57 67 -5 0 2 0.00 M M 8.8 17 300 M M 1 8 21 310
24 81 54 68 -4 0 3 0.00 M M 5.8 13 310 M M 0 8 14 340
25 84 59 72 0 0 7 0.01 M M 4.4 13 260 M M 1 14 270
26 90 60 75 4 0 10 0.00 M M 5.4 13 270 M M 1 15 300
27 96 65 81 10 0 16 0.00 M M 6.5 16 290 M M 0 18 300
28 98 67 83 12 0 18 0.00 M M 6.9 15 310 M M 0 18 310
29 79 56 68 -2 0 3 0.19 M M 19.2 35 300 M M 4 38 39 300
30 76 57 67 -3 0 2 0.02 M M 16.0 30 300 M M 5 36 320
31 71 59 65 -5 0 0 T M M 7.8 16 120 M M 6 22 120
================================================================================
SM 2714 1959 0 329 0.41 M 286.1 M 67
================================================================================
AV 87.5 63.2 9.2 FASTST M M 2 MAX(MPH)
MISC ----> 35 300 39 300
================================================================================
NOTES:
# LAST OF SEVERAL OCCURRENCES
COLUMN 17 PEAK WIND IN M.P.H.
PRELIMINARY LOCAL CLIMATOLOGICAL DATA (WS FORM: F-6) , PAGE 2
STATION: WENATCHEE WA PANGBORN FIELD
MONTH: AUGUST
YEAR: 2023
LATITUDE: 47 23 N
LONGITUDE: 120 12 W
[TEMPERATURE DATA] [PRECIPITATION DATA] SYMBOLS USED IN COLUMN 16
AVERAGE MONTHLY: 75.4 TOTAL FOR MONTH: 0.41 1 = FOG OR MIST
DPTR FM NORMAL: 1.7 DPTR FM NORMAL: 0.18 2 = FOG REDUCING VISIBILITY
HIGHEST: 104 ON 15 GRTST 24HR 0.21 ON 29-30 TO 1/4 MILE OR LESS
LOWEST: 54 ON 24 3 = THUNDER
SNOW, ICE PELLETS, HAIL 4 = ICE PELLETS
TOTAL MONTH: M 5 = HAIL
GRTST 24HR M ON M 6 = FREEZING RAIN OR DRIZZLE
GRTST DEPTH: M ON M 7 = DUSTSTORM OR SANDSTORM:
VSBY 1/2 MILE OR LESS
8 = SMOKE OR HAZE
[NO. OF DAYS WITH] [WEATHER - DAYS WITH] 9 = BLOWING SNOW
X = TORNADO
MAX 32 OR BELOW: 0 0.01 INCH OR MORE: 5
MAX 90 OR ABOVE: 13 0.10 INCH OR MORE: 2
MIN 32 OR BELOW: 0 0.50 INCH OR MORE: 0
MIN 0 OR BELOW: 0 1.00 INCH OR MORE: 0
[HDD (BASE 65) ]
TOTAL THIS MO. 0 CLEAR (SCALE 0-3) 22
DPTR FM NORMAL -7 PTCLDY (SCALE 4-7) 6
TOTAL FM JUL 1 0 CLOUDY (SCALE 8-10) 3
DPTR FM NORMAL -9
[CDD (BASE 65) ]
TOTAL THIS MO. 329
DPTR FM NORMAL 52 [PRESSURE DATA]
TOTAL FM JAN 1 997 HIGHEST SLP M ON M
DPTR FM NORMAL 271 LOWEST SLP 29.57 ON 18
[REMARKS]
#FINAL-08-23#