000
CXUS53 KEAX 020300
CF6EAX
PRELIMINARY LOCAL CLIMATOLOGICAL DATA (WS FORM: F-6)
STATION: PLEASANT HILL NWS MO
MONTH: MAY
YEAR: 2023
LATITUDE: 38 48 N
LONGITUDE: 94 16 W
TEMPERATURE IN F: :PCPN: SNOW: WIND :SUNSHINE: SKY :PK WND
================================================================================
1 2 3 4 5 6A 6B 7 8 9 10 11 12 13 14 15 16 17 18
12Z AVG MX 2MIN
DY MAX MIN AVG DEP HDD CDD WTR SNW DPTH SPD SPD DIR MIN PSBL S-S WX SPD DR
================================================================================
1 65 41 53 -7 12 0 0.00 0.0 0 M M M M M M M M
2 66 42 54 -6 11 0 0.00 0.0 0 M M M M M M M M
3 73 41 57 -3 8 0 0.00 0.0 0 M M M M M M M M
4 72 46 59 -2 6 0 T 0.0 0 M M M M M M M M
5 78 53 66 5 0 1 T 0.0 0 M M M M M M M M
6 91 61 76 15 0 11 T 0.0 0 M M M M M M M M
7 89 70 80 18 0 15 0.00 0.0 0 M M M M M M M M
8 84 60 72 10 0 7 T 0.0 0 M M M M M M M M
9 83 60 72 10 0 7 0.12 0.0 0 M M M M M M 3 M M
10 83 59 71 8 0 6 0.00 0.0 0 M M M M M M M M
11 71 61 66 3 0 1 0.17 0.0 0 M M M M M M 1 M M
12 82 65 74 11 0 9 0.03 0.0 0 M M M M M M 3 M M
13 83 65 74 10 0 9 0.02 0.0 0 M M M M M M 3 M M
14 86 64 75 11 0 10 0.64 0.0 0 M M M M M M 3 M M
15 67 58 63 -1 2 0 T 0.0 0 M M M M M M M M
16 65 57 61 -4 4 0 0.02 0.0 0 M M M M M M M M
17 81 55 68 3 0 3 0.00 0.0 0 M M M M M M M M
18 82 57 70 4 0 5 0.00 0.0 0 M M M M M M M M
19 66 50 58 -8 7 0 0.32 0.0 0 M M M M M M 1 M M
20 69 45 57 -9 8 0 0.00 0.0 0 M M M M M M M M
21 75 49 62 -5 3 0 0.00 0.0 0 M M M M M M M M
22 78 52 65 -2 0 0 0.00 0.0 0 M M M M M M M M
23 82 57 70 3 0 5 0.00 0.0 0 M M M M M M M M
24 84 57 71 3 0 6 T 0.0 0 M M M M M M 3 M M
25 85 62 74 6 0 9 0.00 0.0 0 M M M M M M M M
26 79 56 68 0 0 3 0.00 0.0 0 M M M M M M M M
27 80 54 67 -2 0 2 0.00 0.0 0 M M M M M M M M
28 83 56 70 1 0 5 0.00 0.0 0 M M M M M M M M
29 84 60 72 3 0 7 0.00 0.0 0 M M M M M M M M
30 85 62 74 4 0 9 1.29 0.0 0 M M M M M M 3 M M
31 82 61 72 2 0 7 0.33 0.0 0 M M M M M M M M
================================================================================
SM 2433 1736 61 137 2.94 0.0 M M M
================================================================================
AV 78.5 56.0 M FASTST M M M MAX(MPH)
MISC ----> M M M M
================================================================================
NOTES:
# LAST OF SEVERAL OCCURRENCES
COLUMN 17 PEAK WIND IN M.P.H.
PRELIMINARY LOCAL CLIMATOLOGICAL DATA (WS FORM: F-6) , PAGE 2
STATION: PLEASANT HILL NWS MO
MONTH: MAY
YEAR: 2023
LATITUDE: 38 48 N
LONGITUDE: 94 16 W
[TEMPERATURE DATA] [PRECIPITATION DATA] SYMBOLS USED IN COLUMN 16
AVERAGE MONTHLY: 67.2 TOTAL FOR MONTH: 2.94 1 = FOG OR MIST
DPTR FM NORMAL: 2.4 DPTR FM NORMAL: -2.83 2 = FOG REDUCING VISIBILITY
HIGHEST: 91 ON 6 GRTST 24HR 1.29 ON 30-30 TO 1/4 MILE OR LESS
LOWEST: 41 ON 3, 1 3 = THUNDER
SNOW, ICE PELLETS, HAIL 4 = ICE PELLETS
TOTAL MONTH: 0.0 INCH 5 = HAIL
GRTST 24HR 0.0 6 = FREEZING RAIN OR DRIZZLE
GRTST DEPTH: 0 7 = DUSTSTORM OR SANDSTORM:
VSBY 1/2 MILE OR LESS
8 = SMOKE OR HAZE
[NO. OF DAYS WITH] [WEATHER - DAYS WITH] 9 = BLOWING SNOW
X = TORNADO
MAX 32 OR BELOW: 0 0.01 INCH OR MORE: 9
MAX 90 OR ABOVE: 1 0.10 INCH OR MORE: 6
MIN 32 OR BELOW: 0 0.50 INCH OR MORE: 2
MIN 0 OR BELOW: 0 1.00 INCH OR MORE: 1
[HDD (BASE 65) ]
TOTAL THIS MO. 61 CLEAR (SCALE 0-3) 0
DPTR FM NORMAL -43 PTCLDY (SCALE 4-7) 0
TOTAL FM JUL 1 4588 CLOUDY (SCALE 8-10) 31
DPTR FM NORMAL -325
[CDD (BASE 65) ]
TOTAL THIS MO. 137
DPTR FM NORMAL 38 [PRESSURE DATA]
TOTAL FM JAN 1 145 HIGHEST SLP M ON M
DPTR FM NORMAL 28 LOWEST SLP M ON M
[REMARKS]
#FINAL-05-23#