000
CXUS52 KTAE 010800
CF6ECP
PRELIMINARY LOCAL CLIMATOLOGICAL DATA (WS FORM: F-6)
STATION: PANAMA CITY NW
MONTH: MAY
YEAR: 2021
LATITUDE: 30 21 N
LONGITUDE: 85 48 W
TEMPERATURE IN F: :PCPN: SNOW: WIND :SUNSHINE: SKY :PK WND
================================================================================
1 2 3 4 5 6A 6B 7 8 9 10 11 12 13 14 15 16 17 18
12Z AVG MX 2MIN
DY MAX MIN AVG DEP HDD CDD WTR SNW DPTH SPD SPD DIR MIN PSBL S-S WX SPD DR
================================================================================
1 84 59 72 2 0 7 0.00 0.0 M 5.1 14 160 M M 0 17 10
2 80 59 70 -1 0 5 0.01 0.0 M 6.2 15 160 M M 3 19 160
3 84 74 79 8 0 14 0.00 0.0 M 13.0 23 160 M M 9 29 150
4 85 67 76 5 0 11 0.52 0.0 M 12.0 28 330 M M 9 138 34 330
5 75 66 71 -1 0 6 0.56 0.0 M 5.4 17 150 M M 5 13 22 140
6 82 61 72 0 0 7 0.00 0.0 0 5.3 14 320 M M 4 17 300
7 80 52 66 -6 0 1 0.00 0.0 0 6.4 20 290 M M 1 26 270
8 81 49 65 -7 0 0 0.00 0.0 0 3.4 14 230 M M 0 19 160
9 81 55 68 -4 0 3 0.00 0.0 0 7.5 20 160 M M 2 25 160
10 74 66 70 -3 0 5 0.55 0.0 0 4.0 22 310 M M 5 13 28 300
11 81 65 73 0 0 8 0.52 0.0 0 3.8 18 310 M M 6 138 23 310
12 81 64 73 0 0 8 0.05 M M 5.2 21 280 M M 6 13 27 10
13 68 56 62 -12 3 0 0.01 M M 8.1 17 30 M M 8 21 20
14 78 53 66 -8 0 1 0.00 M M 5.5 15 20 M M 0 20 360
15 81 56 69 -5 0 4 0.00 M M 5.9 17 20 M M 0 24 50
16 83 54 69 -5 0 4 0.00 0.0 0 5.2 16 90 M M 0 20 90
17 81 59 70 -4 0 5 0.00 0.0 0 7.8 18 150 M M 2 26 140
18 85 64 75 0 0 10 0.00 0.0 0 9.5 21 100 M M 2 29 130
19 86 66 76 1 0 11 0.00 0.0 0 10.1 21 80 M M 2 27 90
20 86 67 77 2 0 12 0.00 0.0 M 9.8 21 110 M M 3 26 110
21 88 67 78 2 0 13 0.00 0.0 0 9.4 21 100 M M 3 28 90
22 87 65 76 0 0 11 0.00 0.0 M 6.8 17 100 M M 2 25 90
23 86 62 74 -2 0 9 0.00 0.0 M 5.2 16 170 M M 1 20 170
24 88 62 75 -1 0 10 0.00 0.0 0 4.2 15 220 M M 1 22 160
25 89 62 76 0 0 11 0.00 0.0 0 4.5 16 170 M M 0 21 170
26 88 61 75 -2 0 10 0.00 0.0 0 4.8 16 160 M M 3 12 22 150
27 85 62 74 -3 0 9 0.00 0.0 0 5.7 17 180 M M 3 12 22 170
28 86 64 75 -2 0 10 0.00 0.0 0 8.6 20 170 M M 4 18 27 160
29 91 68 80 3 0 15 0.10 0.0 M 6.7 16 170 M M 5 12 20 300
30 87 61 74 -4 0 9 0.00 0.0 0 5.7 14 330 M M 0 18 330
31 88 57 73 -5 0 8 0.00 0.0 0 6.0 16 200 M M 1 19 170
================================================================================
SM 2579 1903 3 237 2.32 0.0 206.8 M 90
================================================================================
AV 83.2 61.4 6.7 FASTST M M 3 MAX(MPH)
MISC ----> 28 330 34 330
================================================================================
NOTES:
# LAST OF SEVERAL OCCURRENCES
COLUMN 17 PEAK WIND IN M.P.H.
PRELIMINARY LOCAL CLIMATOLOGICAL DATA (WS FORM: F-6) , PAGE 2
STATION: PANAMA CITY NW
MONTH: MAY
YEAR: 2021
LATITUDE: 30 21 N
LONGITUDE: 85 48 W
[TEMPERATURE DATA] [PRECIPITATION DATA] SYMBOLS USED IN COLUMN 16
AVERAGE MONTHLY: 72.3 TOTAL FOR MONTH: 2.32 1 = FOG OR MIST
DPTR FM NORMAL: -1.9 DPTR FM NORMAL: -0.68 2 = FOG REDUCING VISIBILITY
HIGHEST: 91 ON 29 GRTST 24HR 1.08 ON 4- 5 TO 1/4 MILE OR LESS
LOWEST: 49 ON 8 3 = THUNDER
SNOW, ICE PELLETS, HAIL 4 = ICE PELLETS
TOTAL MONTH: 0.0 INCH 5 = HAIL
GRTST 24HR 0.0 6 = FREEZING RAIN OR DRIZZLE
GRTST DEPTH: 0 7 = DUSTSTORM OR SANDSTORM:
VSBY 1/2 MILE OR LESS
8 = SMOKE OR HAZE
[NO. OF DAYS WITH] [WEATHER - DAYS WITH] 9 = BLOWING SNOW
X = TORNADO
MAX 32 OR BELOW: 0 0.01 INCH OR MORE: 8
MAX 90 OR ABOVE: 1 0.10 INCH OR MORE: 5
MIN 32 OR BELOW: 0 0.50 INCH OR MORE: 4
MIN 0 OR BELOW: 0 1.00 INCH OR MORE: 0
[HDD (BASE 65) ]
TOTAL THIS MO. 3 CLEAR (SCALE 0-3) 20
DPTR FM NORMAL 0 PTCLDY (SCALE 4-7) 9
TOTAL FM JUL 1 1353 CLOUDY (SCALE 8-10) 2
DPTR FM NORMAL -52
[CDD (BASE 65) ]
TOTAL THIS MO. 237
DPTR FM NORMAL -51 [PRESSURE DATA]
TOTAL FM JAN 1 393 HIGHEST SLP M ON M
DPTR FM NORMAL -57 LOWEST SLP 29.86 ON 3
[REMARKS]
#FINAL-05-21#