000
CXUS54 KEWX 011010
CF6ECU
PRELIMINARY LOCAL CLIMATOLOGICAL DATA (WS FORM: F-6)
STATION: EDWARDS COUNTY AIRPORT
MONTH: SEPTEMBER
YEAR: 2023
LATITUDE: 29 57 N
LONGITUDE: 100 10 W
TEMPERATURE IN F: :PCPN: SNOW: WIND :SUNSHINE: SKY :PK WND
================================================================================
1 2 3 4 5 6A 6B 7 8 9 10 11 12 13 14 15 16 17 18
12Z AVG MX 2MIN
DY MAX MIN AVG DEP HDD CDD WTR SNW DPTH SPD SPD DIR MIN PSBL S-S WX SPD DR
================================================================================
1 95 68 82 M 0 17 0.00 M M 8.2 17 180 M M 2 21 200
2 95 70 83 M 0 18 0.00 M M 7.2 14 160 M M 2 16 200
3 97 70 84 M 0 19 0.00 M M 7.9 13 120 M M 2 20 160
4 97 70 84 M 0 19 0.00 M M 9.9 14 150 M M 1 21 200
5 97 73 85 M 0 20 0.00 M M 12.8 17 140 M M 1 27 140
6 97 73 85 M 0 20 0.00 M M 10.0 18 150 M M 0 23 150
7 99 72 86 M 0 21 0.00 M M 7.8 15 150 M M 0 22 150
8 100 73 87 M 0 22 0.00 M M 6.9 10 160 M M 0 16 200
9 100 72 86 M 0 21 0.00 M M 7.4 12 160 M M 0 20 0
10 97 70 84 M 0 19 0.22 M M 6.9 20 130 M M 2 3 25 130
11 91 70 81 M 0 16 0.00 M M 10.3 17 150 M M 0 25 170
12 84 64 74 M 0 9 0.49 M M 10.0 16 140 M M 5 26 30
13 82 68 75 M 0 10 0.00 M M 5.4 9 40 M M 7 15 40
14 91 68 80 M 0 15 0.00 M M 8.0 17 160 M M 2 1 21 140
15 86 70 78 M 0 13 0.02 M M 5.9 9 130 M M 5 14 20
16 86 66 76 M 0 11 0.08 M M 7.6 14 330 M M 3 23 140
17 88 64 76 M 0 11 0.00 M M 5.3 9 30 M M 2 15 40
18 90 68 79 M 0 14 0.00 M M 7.0 12 130 M M 3 18 190
19 91 66 79 M 0 14 0.00 M M 11.9 17 150 M M 0 23 160
20 95 68 82 M 0 17 0.00 M M 12.1 17 180 M M 0 24 160
21 93 70 82 M 0 17 0.00 M M 12.0 16 150 M M 0 23 140
22 93 72 83 M 0 18 0.00 M M 10.8 15 180 M M 1 25 180
23 97 72 85 M 0 20 0.00 M M 10.7 16 150 M M 0 23 160
24 99 73 86 M 0 21 0.00 M M 10.4 16 150 M M 0 22 150
25 84 66 75 M 0 10 0.68 M M 9.6 20 140 M M 5 3 29 10
26 90 70 80 M 0 15 0.00 M M 3.7 10 30 M M 1 15 30
27 88 68 78 M 0 13 0.02 M M 5.6 12 150 M M 1 21 0
28 91 66 79 M 0 14 0.00 M M 8.2 15 150 M M 1 29 160
29 90 70 80 M 0 15 0.00 M M 11.0 16 160 M M 2 21 150
30 88 68 78 M 0 13 0.00 M M 9.6 14 140 M M 5 20 140
================================================================================
SM 2771 2078 0 482 1.51 M 260.1 M 53
================================================================================
AV 92.4 69.3 8.7 FASTST M M 2 MAX(MPH)
MISC ----> # 20 130 29 160
================================================================================
NOTES:
# LAST OF SEVERAL OCCURRENCES
COLUMN 17 PEAK WIND IN M.P.H.
PRELIMINARY LOCAL CLIMATOLOGICAL DATA (WS FORM: F-6) , PAGE 2
STATION: EDWARDS COUNTY AIRPORT
MONTH: SEPTEMBER
YEAR: 2023
LATITUDE: 29 57 N
LONGITUDE: 100 10 W
[TEMPERATURE DATA] [PRECIPITATION DATA] SYMBOLS USED IN COLUMN 16
AVERAGE MONTHLY: 80.8 TOTAL FOR MONTH: 1.51 1 = FOG OR MIST
DPTR FM NORMAL: 0.0 DPTR FM NORMAL: M 2 = FOG REDUCING VISIBILITY
HIGHEST: 100 ON 9, 8 GRTST 24HR 0.68 ON 25-25 TO 1/4 MILE OR LESS
LOWEST: 64 ON 17,12 3 = THUNDER
SNOW, ICE PELLETS, HAIL 4 = ICE PELLETS
TOTAL MONTH: M 5 = HAIL
GRTST 24HR M ON M 6 = FREEZING RAIN OR DRIZZLE
GRTST DEPTH: M ON M 7 = DUSTSTORM OR SANDSTORM:
VSBY 1/2 MILE OR LESS
8 = SMOKE OR HAZE
[NO. OF DAYS WITH] [WEATHER - DAYS WITH] 9 = BLOWING SNOW
X = TORNADO
MAX 32 OR BELOW: 0 0.01 INCH OR MORE: 6
MAX 90 OR ABOVE: 22 0.10 INCH OR MORE: 3
MIN 32 OR BELOW: 0 0.50 INCH OR MORE: 1
MIN 0 OR BELOW: 0 1.00 INCH OR MORE: 0
[HDD (BASE 65) ]
TOTAL THIS MO. 0 CLEAR (SCALE 0-3) 24
DPTR FM NORMAL M PTCLDY (SCALE 4-7) 6
TOTAL FM JUL 1 0 CLOUDY (SCALE 8-10) 0
DPTR FM NORMAL M
[CDD (BASE 65) ]
TOTAL THIS MO. 482
DPTR FM NORMAL M [PRESSURE DATA]
TOTAL FM JAN 1 2753 HIGHEST SLP M ON M
DPTR FM NORMAL M LOWEST SLP M ON M
[REMARKS]
#FINAL-09-23#