000
CXUS55 KVEF 010910
CF6EED
PRELIMINARY LOCAL CLIMATOLOGICAL DATA (WS FORM: F-6)
STATION: NEEDLES CA
MONTH: MAY
YEAR: 2023
LATITUDE: 34 46 N
LONGITUDE: 114 37 W
TEMPERATURE IN F: :PCPN: SNOW: WIND :SUNSHINE: SKY :PK WND
================================================================================
1 2 3 4 5 6A 6B 7 8 9 10 11 12 13 14 15 16 17 18
12Z AVG MX 2MIN
DY MAX MIN AVG DEP HDD CDD WTR SNW DPTH SPD SPD DIR MIN PSBL S-S WX SPD DR
================================================================================
1 94 70 82 4 0 17 0.00 M M 14.9 31 180 M M 0 45 180
2 85 62 74 -4 0 9 0.00 M M 10.0 25 170 M M 0 40 160
3 85 60 73 -6 0 8 0.00 M M 12.4 29 180 M M 0 39 180
4 78 63 71 -8 0 6 0.00 M M 14.0 25 220 M M 2 34 200
5 79 59 69 -10 0 4 0.00 M M 8.7 20 220 M M 0 25 230
6 83 58 71 -9 0 6 0.00 M M 8.0 18 220 M M 0 26 180
7 87 61 74 -6 0 9 0.00 M M 7.4 18 190 M M 0 26 160
8 92 63 78 -2 0 13 0.00 M M 6.6 20 260 M M 0 27 280
9 91 63 77 -4 0 12 0.00 M M 9.4 23 180 M M 0 31 210
10 86 66 76 -5 0 11 0.00 M M 9.9 22 190 M M 0 29 170
11 92 65 79 -2 0 14 0.00 M M 5.0 15 230 M M 0 19 230
12 98 65 82 0 0 17 0.00 M M 8.3 21 360 M M 0 29 10
13 100 74 87 5 0 22 0.00 M M 10.5 26 350 M M 0 34 360
14 101 74 88 6 0 23 0.00 M M 8.9 24 190 M M 0 33 180
15 103 73 88 5 0 23 T M M 7.1 23 10 M M 0 30 10
16 102 77 90 7 0 25 T M M 6.5 35 20 M M 0 43 20
17 103 74 89 6 0 24 0.00 M M 5.3 28 290 M M 0 3 36 300
18 102 75 89 5 0 24 0.06 M M 7.7 30 10 M M 0 3 41 20
19 100 74 87 3 0 22 T M M 11.4 32 90 M M 1 3 44 90
20 98 72 85 1 0 20 0.00 M M 5.9 26 20 M M 0 35 10
21 99 76 88 3 0 23 T M M 5.9 22 100 M M 1 3 30 90
22 103 73 88 3 0 23 0.00 M M 7.0 17 220 M M 0 23 220
23 100 77 89 3 0 24 0.00 M M 11.0 24 170 M M 0 35 180
24 100 79 90 4 0 25 0.00 M M 13.1 26 190 M M 0 45 170
25 97 74 86 0 0 21 0.00 M M 12.7 24 170 M M 0 36 160
26 94 71 83 -3 0 18 0.00 M M 9.5 22 190 M M 0 32 200
27 96 68 82 -5 0 17 0.00 M M 5.7 14 200 M M 0 22 100
28 98 69 84 -3 0 19 0.00 M M 9.2 21 170 M M 0 29 160
29 97 72 85 -3 0 20 0.00 M M 11.5 24 180 M M 0 32 180
30 97 73 85 -3 0 20 0.00 M M 10.3 24 200 M M 0 33 100
31 90 71 81 -7 0 16 T M M 7.4 20 250 M M 1 25 250
================================================================================
SM 2930 2151 0 535 0.06 M 281.2 M 5
================================================================================
AV 94.5 69.4 9.1 FASTST M M 0 MAX(MPH)
MISC ----> 35 20 # 45 180
================================================================================
NOTES:
# LAST OF SEVERAL OCCURRENCES
COLUMN 17 PEAK WIND IN M.P.H.
PRELIMINARY LOCAL CLIMATOLOGICAL DATA (WS FORM: F-6) , PAGE 2
STATION: NEEDLES CA
MONTH: MAY
YEAR: 2023
LATITUDE: 34 46 N
LONGITUDE: 114 37 W
[TEMPERATURE DATA] [PRECIPITATION DATA] SYMBOLS USED IN COLUMN 16
AVERAGE MONTHLY: 82.0 TOTAL FOR MONTH: 0.06 1 = FOG OR MIST
DPTR FM NORMAL: -1.1 DPTR FM NORMAL: -0.01 2 = FOG REDUCING VISIBILITY
HIGHEST: 103 ON 22,17 GRTST 24HR 0.06 ON 18-18 TO 1/4 MILE OR LESS
LOWEST: 58 ON 6 3 = THUNDER
SNOW, ICE PELLETS, HAIL 4 = ICE PELLETS
TOTAL MONTH: M 5 = HAIL
GRTST 24HR M ON M 6 = FREEZING RAIN OR DRIZZLE
GRTST DEPTH: M ON M 7 = DUSTSTORM OR SANDSTORM:
VSBY 1/2 MILE OR LESS
8 = SMOKE OR HAZE
[NO. OF DAYS WITH] [WEATHER - DAYS WITH] 9 = BLOWING SNOW
X = TORNADO
MAX 32 OR BELOW: 0 0.01 INCH OR MORE: 1
MAX 90 OR ABOVE: 24 0.10 INCH OR MORE: 0
MIN 32 OR BELOW: 0 0.50 INCH OR MORE: 0
MIN 0 OR BELOW: 0 1.00 INCH OR MORE: 0
[HDD (BASE 65) ]
TOTAL THIS MO. 0 CLEAR (SCALE 0-3) 31
DPTR FM NORMAL 0 PTCLDY (SCALE 4-7) 0
TOTAL FM JUL 1 1401 CLOUDY (SCALE 8-10) 0
DPTR FM NORMAL 462
[CDD (BASE 65) ]
TOTAL THIS MO. 535
DPTR FM NORMAL -27 [PRESSURE DATA]
TOTAL FM JAN 1 817 HIGHEST SLP M ON M
DPTR FM NORMAL -150 LOWEST SLP 29.45 ON 1
[REMARKS]
#FINAL-05-23#