000
CXUS55 KGJT 011010
CF6EEO
PRELIMINARY LOCAL CLIMATOLOGICAL DATA (WS FORM: F-6)
STATION: MEEKER CO
MONTH: DECEMBER
YEAR: 2022
LATITUDE: 40 2 N
LONGITUDE: 107 53 W
TEMPERATURE IN F: :PCPN: SNOW: WIND :SUNSHINE: SKY :PK WND
================================================================================
1 2 3 4 5 6A 6B 7 8 9 10 11 12 13 14 15 16 17 18
12Z AVG MX 2MIN
DY MAX MIN AVG DEP HDD CDD WTR SNW DPTH SPD SPD DIR MIN PSBL S-S WX SPD DR
================================================================================
1 47 0 24 -3 41 0 0.00 M M 8.8 28 200 M M 8 41 190
2 44 -1 22 -5 43 0 0.10 M M 11.0 37 200 M M 6 12 56 190
3 33 -2 16 -10 49 0 T M M 1.6 7 30 M M 6 1 9 20
4 47 25 36 10 29 0 0.00 M M 4.4 21 200 M M 10 36 190
5 43 27 35 10 30 0 0.33 M M 4.7 18 230 M M 10 12 25 200
6 32 1 17 -8 48 0 0.04 M M 1.0 6 70 M M 6 1 9 20
7 27 -1 13 -12 52 0 0.14 M M 2.7 12 10 M M 7 1 13 10
8 33 1 17 -7 48 0 0.04 M M 3.4 10 70 M M 9 1 14 60
9 36 -2 17 -7 48 0 0.00 M M 3.9 M M M M M 26 210
10 40 1 21 -3 44 0 0.00 M M 1.9 8 40 M M M 14 150
11 45 20 33 10 32 0 0.00 M M 4.1 21 230 M M M 27 230
12 42 21 32 9 33 0 T M M 8.3 32 180 M M 10 18 50 180
13 22 13 18 -5 47 0 0.11 M M 3.2 12 300 M M 10 18 15 300
14 27 13 20 -2 45 0 0.06 M M 0.7 8 110 M M 10 1 10 140
15 21 -10 6 -16 59 0 0.05 M M 2.6 10 40 M M 9 1 15 20
16 14 -15 0 -22 65 0 T M M 2.2 10 60 M M 4 1 14 60
17 23 -16 4 -18 61 0 0.00 M M 2.7 8 80 M M 0 11 40
18 23 -11 6 -15 59 0 0.00 M M 1.4 8 100 M M 0 13 70
19 28 -12 8 -13 57 0 0.00 M M 2.0 10 50 M M 0 11 50
20 31 2 17 -4 48 0 0.00 M M 2.3 14 230 M M 5 18 240
21 35 15 25 4 40 0 0.22 M M 11.9 26 200 M M 9 12 36 200
22 25 -9 8 -13 57 0 0.05 M M 2.8 16 140 M M 3 1 23 330
23 24 -3 11 -9 54 0 0.00 M M 0.3 8 10 M M 6 8 10
24 33 10 22 2 43 0 0.00 M M 1.3 6 40 M M 9 7 50
25 37 9 23 3 42 0 0.00 M M 3.7 12 230 M M 4 1 16 210
26 38 11 25 5 40 0 0.00 M M 1.7 9 50 M M 2 11 60
27 45 14 30 10 35 0 0.29 M M 6.7 31 230 M M 4 1 44 240
28 37 21 29 9 36 0 0.15 M M 6.0 21 230 M M 10 12 27 230
29 27 5 16 -4 49 0 0.04 M M 3.8 15 200 M M 7 1 20 200
30 31 5 18 -2 47 0 0.01 M M 5.2 16 240 M M 10 1 23 230
31 41 29 35 15 30 0 0.18 M M 6.2 24 210 M M 10 1 37 210
================================================================================
SM 1031 161 1411 0 1.81 M 122.5 M 184
================================================================================
AV 33.3 5.2 4.0 FASTST M M 7 MAX(MPH)
MISC ----> 37 200 56 190
================================================================================
NOTES:
# LAST OF SEVERAL OCCURRENCES
COLUMN 17 PEAK WIND IN M.P.H.
PRELIMINARY LOCAL CLIMATOLOGICAL DATA (WS FORM: F-6) , PAGE 2
STATION: MEEKER CO
MONTH: DECEMBER
YEAR: 2022
LATITUDE: 40 2 N
LONGITUDE: 107 53 W
[TEMPERATURE DATA] [PRECIPITATION DATA] SYMBOLS USED IN COLUMN 16
AVERAGE MONTHLY: 19.2 TOTAL FOR MONTH: 1.81 1 = FOG OR MIST
DPTR FM NORMAL: -3.2 DPTR FM NORMAL: 0.93 2 = FOG REDUCING VISIBILITY
HIGHEST: 47 ON 4, 1 GRTST 24HR 0.38 ON 27-28 TO 1/4 MILE OR LESS
LOWEST: -16 ON 17 3 = THUNDER
SNOW, ICE PELLETS, HAIL 4 = ICE PELLETS
TOTAL MONTH: M 5 = HAIL
GRTST 24HR M ON M 6 = FREEZING RAIN OR DRIZZLE
GRTST DEPTH: M ON M 7 = DUSTSTORM OR SANDSTORM:
VSBY 1/2 MILE OR LESS
8 = SMOKE OR HAZE
[NO. OF DAYS WITH] [WEATHER - DAYS WITH] 9 = BLOWING SNOW
X = TORNADO
MAX 32 OR BELOW: 14 0.01 INCH OR MORE: 15
MAX 90 OR ABOVE: 0 0.10 INCH OR MORE: 8
MIN 32 OR BELOW: 31 0.50 INCH OR MORE: 0
MIN 0 OR BELOW: 12 1.00 INCH OR MORE: 0
[HDD (BASE 65) ]
TOTAL THIS MO. 1411 CLEAR (SCALE 0-3) 5
DPTR FM NORMAL 92 PTCLDY (SCALE 4-7) 11
TOTAL FM JUL 1 3352 CLOUDY (SCALE 8-10) 15
DPTR FM NORMAL 253
[CDD (BASE 65) ]
TOTAL THIS MO. 0
DPTR FM NORMAL 0 [PRESSURE DATA]
TOTAL FM JAN 1 293 HIGHEST SLP 30.64 ON 19
DPTR FM NORMAL 49 LOWEST SLP 29.42 ON 12
[REMARKS]
#FINAL-12-22#