000
CXUS55 KGJT 010911
CF6EEO
PRELIMINARY LOCAL CLIMATOLOGICAL DATA (WS FORM: F-6)
STATION: MEEKER CO
MONTH: OCTOBER
YEAR: 2023
LATITUDE: 40 2 N
LONGITUDE: 107 53 W
TEMPERATURE IN F: :PCPN: SNOW: WIND :SUNSHINE: SKY :PK WND
================================================================================
1 2 3 4 5 6A 6B 7 8 9 10 11 12 13 14 15 16 17 18
12Z AVG MX 2MIN
DY MAX MIN AVG DEP HDD CDD WTR SNW DPTH SPD SPD DIR MIN PSBL S-S WX SPD DR
================================================================================
1 71 47 59 7 6 0 T M M 8.3 29 250 M M 3 8 38 240
2 57 38 48 -4 17 0 0.25 M M 5.0 21 220 M M 6 1 30 220
3 57 32 45 -6 20 0 T M M 4.0 18 250 M M 6 29 230
4 61 36 49 -2 16 0 0.00 M M 3.7 15 230 M M 5 19 300
5 64 36 50 0 15 0 0.00 M M 3.5 10 40 M M 3 15 230
6 68 27 48 -2 17 0 0.00 M M 3.8 13 220 M M 0 18 220
7 71 27 49 -1 16 0 0.00 M M 3.4 15 260 M M 0 8 20 270
8 73 29 51 2 14 0 0.00 M M 2.9 14 280 M M 0 22 320
9 74 27 51 2 14 0 0.00 M M 4.3 15 300 M M 0 22 330
10 70 27 49 1 16 0 0.02 M M 5.4 22 210 M M 3 8 34 210
11 60 37 49 1 16 0 0.25 M M 7.5 25 290 M M 8 1 40 290
12 39 32 36 -11 29 0 0.41 M M 5.7 15 240 M M 10 1 19 260
13 49 26 38 -9 27 0 0.00 M M 3.4 14 30 M M 3 1 19 30
14 56 23 40 -6 25 0 0.00 M M 4.1 12 110 M M 0 16 130
15 64 26 45 -1 20 0 0.00 M M 3.6 14 100 M M 0 19 100
16 71 29 50 4 15 0 0.00 M M 2.8 10 110 M M 0 15 90
17 74 30 52 7 13 0 0.00 M M 3.5 16 280 M M 0 22 250
18 70 30 50 5 15 0 0.00 M M 4.4 16 240 M M 0 24 260
19 71 30 51 7 14 0 0.00 M M 3.6 12 110 M M 0 8 17 110
20 76 28 52 8 13 0 0.00 M M 3.5 12 120 M M 0 17 270
21 75 28 52 8 13 0 0.00 M M 3.8 13 280 M M 1 17 280
22 71 29 50 7 15 0 0.00 M M 3.1 14 250 M M 0 18 260
23 70 35 53 10 12 0 0.00 M M 6.4 22 200 M M 1 3 31 200
24 63 29 46 4 19 0 0.00 M M 2.8 14 320 M M 1 19 270
25 65 27 46 4 19 0 0.00 M M 7.8 22 220 M M 0 30 210
26 60 19 40 -2 25 0 0.15 M M 11.4 33 200 M M 6 12 50 210
27 55 18 37 -4 28 0 0.01 M M 3.5 22 230 M M 6 31 230
28 39 27 33 -8 32 0 0.13 M M 5.9 15 30 M M 10 1 20 20
29 34 13 24 -16 41 0 0.00 M M 9.3 21 10 M M 2 26 10
30 41 7 24 -16 41 0 0.00 M M 3.5 13 100 M M 0 18 90
31 50 11 31 -9 34 0 0.00 M M 3.2 9 50 M M 0 13 220
================================================================================
SM 1919 860 617 0 1.22 M 147.1 M 74
================================================================================
AV 61.9 27.7 4.7 FASTST M M 2 MAX(MPH)
MISC ----> 33 200 50 210
================================================================================
NOTES:
# LAST OF SEVERAL OCCURRENCES
COLUMN 17 PEAK WIND IN M.P.H.
PRELIMINARY LOCAL CLIMATOLOGICAL DATA (WS FORM: F-6) , PAGE 2
STATION: MEEKER CO
MONTH: OCTOBER
YEAR: 2023
LATITUDE: 40 2 N
LONGITUDE: 107 53 W
[TEMPERATURE DATA] [PRECIPITATION DATA] SYMBOLS USED IN COLUMN 16
AVERAGE MONTHLY: 44.8 TOTAL FOR MONTH: 1.22 1 = FOG OR MIST
DPTR FM NORMAL: -0.9 DPTR FM NORMAL: -0.38 2 = FOG REDUCING VISIBILITY
HIGHEST: 76 ON 20 GRTST 24HR 0.54 ON 11-12 TO 1/4 MILE OR LESS
LOWEST: 7 ON 30 3 = THUNDER
SNOW, ICE PELLETS, HAIL 4 = ICE PELLETS
TOTAL MONTH: M 5 = HAIL
GRTST 24HR M ON M 6 = FREEZING RAIN OR DRIZZLE
GRTST DEPTH: M ON M 7 = DUSTSTORM OR SANDSTORM:
VSBY 1/2 MILE OR LESS
8 = SMOKE OR HAZE
[NO. OF DAYS WITH] [WEATHER - DAYS WITH] 9 = BLOWING SNOW
X = TORNADO
MAX 32 OR BELOW: 0 0.01 INCH OR MORE: 7
MAX 90 OR ABOVE: 0 0.10 INCH OR MORE: 5
MIN 32 OR BELOW: 25 0.50 INCH OR MORE: 0
MIN 0 OR BELOW: 0 1.00 INCH OR MORE: 0
[HDD (BASE 65) ]
TOTAL THIS MO. 617 CLEAR (SCALE 0-3) 20
DPTR FM NORMAL 19 PTCLDY (SCALE 4-7) 9
TOTAL FM JUL 1 875 CLOUDY (SCALE 8-10) 2
DPTR FM NORMAL 38
[CDD (BASE 65) ]
TOTAL THIS MO. 0
DPTR FM NORMAL 0 [PRESSURE DATA]
TOTAL FM JAN 1 187 HIGHEST SLP M ON M
DPTR FM NORMAL -57 LOWEST SLP 29.37 ON 11
[REMARKS]
#FINAL-10-23#