000
CXUS54 KBMX 011110
CF6EET
PRELIMINARY LOCAL CLIMATOLOGICAL DATA (WS FORM: F-6)
STATION: SHELBY COUNTY AIRPORT
MONTH: MARCH
YEAR: 2020
LATITUDE: 33 10 N
LONGITUDE: 86 47 W
TEMPERATURE IN F: :PCPN: SNOW: WIND :SUNSHINE: SKY :PK WND
================================================================================
1 2 3 4 5 6A 6B 7 8 9 10 11 12 13 14 15 16 17 18
12Z AVG MX 2MIN
DY MAX MIN AVG DEP HDD CDD WTR SNW DPTH SPD SPD DIR MIN PSBL S-S WX SPD DR
================================================================================
1 67 37 52 0 13 0 0.00 0.0 0 4.7 16 160 M M 0 23 180
2 65 53 59 7 6 0 1.15 0.0 0 6.3 14 180 M M 8 1 20 170
3 70 61 66 14 0 1 0.94 0.0 0 3.1 14 280 M M 9 123 19 270
4 62 51 57 4 8 0 2.63 0.0 0 3.1 13 330 M M 10 123 21 110
5 58 45 52 -1 13 0 0.89 0.0 0 4.1 13 70 M M 9 123 19 70
6 60 43 52 -1 13 0 0.00 0.0 0 9.0 21 320 M M 1 12 29 340
7 62 36 49 -4 16 0 0.00 0.0 0 3.5 9 10 M M 0 19 360
8 67 40 54 0 11 0 0.00 0.0 0 4.2 15 170 M M 0 19 170
9 71 45 58 4 7 0 0.00 0.0 0 6.7 18 160 M M 1 26 190
10 69 56 63 9 2 0 0.23 0.0 0 5.7 10 170 M M 8 1 16 210
11 68 61 65 11 0 0 0.12 0.0 0 4.5 10 230 M M 9 1 14 230
12 79 62 71 16 0 6 0.00 0.0 0 8.4 17 190 M M 4 1 27 200
13 68 60 64 9 1 0 0.32 0.0 0 3.0 10 200 M M 8 18 17 190
14 78 57 68 13 0 3 0.00 0.0 0 2.8 12 200 M M 2 8 17 180
15 73 54 64 9 1 0 0.03 0.0 0 3.4 10 320 M M 8 1 15 320
16 80 55 68 12 0 3 0.00 0.0 0 2.8 9 150 M M 7 12 140
17 79 60 70 14 0 5 0.00 0.0 0 1.2 8 120 M M 4 18 12 120
18 78 61 70 14 0 5 0.00 0.0 0 4.9 17 170 M M 2 1 22 160
19 81 65 73 17 0 8 0.00 0.0 0 6.6 15 190 M M 5 19 190
20 81 63 72 16 0 7 0.02 0.0 0 6.3 17 330 M M 7 29 310
21 63 50 57 0 8 0 0.10 0.0 0 5.5 15 320 M M 7 1 19 310
22 66 48 57 0 8 0 0.33 0.0 0 3.7 9 110 M M 6 1 14 120
23 70 61 66 9 0 1 0.79 0.0 0 4.6 13 170 M M 10 13 17 170
24 80 62 71 14 0 6 0.48 0.0 0 6.3 16 220 M M 8 18 24 200
25 77 57 67 9 0 2 0.14 0.0 0 4.1 15 320 M M 3 1 23 310
26 85 54 70 12 0 5 0.00 0.0 0 3.4 13 170 M M 0 1 17 170
27 84 65 75 17 0 10 0.00 0.0 0 4.4 13 170 M M 1 1 18 180
28 84 67 76 18 0 11 0.00 0.0 0 8.0 16 180 M M 5 24 160
29 76 64 70 12 0 5 0.02 0.0 0 5.3 15 190 M M 3 1 21 180
30 75 61 68 9 0 3 T 0.0 0 3.4 12 320 M M 1 15 350
31 64 46 55 -4 10 0 0.78 0.0 0 6.3 30 300 M M 9 123 47 320
================================================================================
SM 2240 1700 117 81 8.97 0.0 149.3 M 155
================================================================================
AV 72.3 54.8 4.8 FASTST M M 5 MAX(MPH)
MISC ----> # 30 300 # 47 320
================================================================================
NOTES:
# LAST OF SEVERAL OCCURRENCES
COLUMN 17 PEAK WIND IN M.P.H.
PRELIMINARY LOCAL CLIMATOLOGICAL DATA (WS FORM: F-6) , PAGE 2
STATION: SHELBY COUNTY AIRPORT
MONTH: MARCH
YEAR: 2020
LATITUDE: 33 10 N
LONGITUDE: 86 47 W
[TEMPERATURE DATA] [PRECIPITATION DATA] SYMBOLS USED IN COLUMN 16
AVERAGE MONTHLY: 63.6 TOTAL FOR MONTH: 8.97 1 = FOG OR MIST
DPTR FM NORMAL: 8.1 DPTR FM NORMAL: 4.49 2 = FOG REDUCING VISIBILITY
HIGHEST: 85 ON 26 GRTST 24HR 2.63 ON 4- 4 TO 1/4 MILE OR LESS
LOWEST: 36 ON 7 3 = THUNDER
SNOW, ICE PELLETS, HAIL 4 = ICE PELLETS
TOTAL MONTH: 0.0 INCH 5 = HAIL
GRTST 24HR 0.0 6 = FREEZING RAIN OR DRIZZLE
GRTST DEPTH: 0 7 = DUSTSTORM OR SANDSTORM:
VSBY 1/2 MILE OR LESS
8 = SMOKE OR HAZE
[NO. OF DAYS WITH] [WEATHER - DAYS WITH] 9 = BLOWING SNOW
X = TORNADO
MAX 32 OR BELOW: 0 0.01 INCH OR MORE: 16
MAX 90 OR ABOVE: 0 0.10 INCH OR MORE: 13
MIN 32 OR BELOW: 0 0.50 INCH OR MORE: 6
MIN 0 OR BELOW: 0 1.00 INCH OR MORE: 2
[HDD (BASE 65) ]
TOTAL THIS MO. 117 CLEAR (SCALE 0-3) 12
DPTR FM NORMAL -192 PTCLDY (SCALE 4-7) 11
TOTAL FM JUL 1 1901 CLOUDY (SCALE 8-10) 8
DPTR FM NORMAL -537
[CDD (BASE 65) ]
TOTAL THIS MO. 81
DPTR FM NORMAL 68 [PRESSURE DATA]
TOTAL FM JAN 1 84 HIGHEST SLP 30.55 ON 8
DPTR FM NORMAL 67 LOWEST SLP 29.65 ON 31
[REMARKS]
#FINAL-03-20#