000
CXUS55 KLKN 022128
CLMEKO
CLIMATE REPORT
NATIONAL WEATHER SERVICE ELKO, NV
228 PM PDT FRI JUN 02 2023
...................................
...THE ELKO AIRPORT NV CLIMATE SUMMARY FOR THE MONTH OF MAY 2023...
CLIMATE NORMAL PERIOD 1991 TO 2020
CLIMATE RECORD PERIOD 1888 TO 2023
WEATHER OBSERVED NORMAL DEPART LAST YEAR`S
VALUE DATE(S) VALUE FROM VALUE DATE(S)
NORMAL
................................................................
TEMPERATURE (F)
RECORD
HIGH 97 05/28/2003
LOW 8 05/02/1913
HIGHEST 85 05/21 85 0 92 05/26
LOWEST 30 05/09 24 6 23 05/09
05/12
AVG. MAXIMUM 71.9 70.0 1.9 68.1
AVG. MINIMUM 42.5 38.5 4.0 34.0
MEAN 57.2 54.2 3.0 51.1
DAYS MAX >= 90 0 0.4 -0.4 1
DAYS MAX <= 32 0 0.0 0.0 0
DAYS MIN <= 32 3 6.7 -3.7 15
DAYS MIN <= 0 0 0.0 0.0 0
PRECIPITATION (INCHES)
RECORD
MAXIMUM 4.09 1971
MINIMUM 0.00 1893
TOTALS 1.64 1.22 0.42 0.66
DAILY AVG. 0.05 0.04 0.01 0.02
DAYS >= .01 10 8.6 1.4 MM
DAYS >= .10 7 3.9 3.1 MM
DAYS >= .50 0 0.4 -0.4 MM
DAYS >= 1.00 0 0.0 0.0 MM
GREATEST
24 HR. TOTAL 0.45 05/25 TO 05/26 0.23
SNOWFALL (INCHES)
RECORDS
TOTAL 11.3 1971
TOTALS T 0.4 -0.4 1.0
SINCE 7/1 74.2 41.2 33.0 MM
SNOWDEPTH AVG. 0 -1
DAYS >= TRACE 3 0.7 2.3 5
DAYS >= 1.0 0 0.1 -0.1 0
DAYS >= 1.0 0 0
GREATEST
SNOW DEPTH 0 -1
24 HR TOTAL MM MM
DEGREE DAYS
HEATING TOTAL 240 340 -100 428
SINCE 7/1 7377 6628 749 MM
COOLING TOTAL 3 6 -3 5
SINCE 1/1 3 6 -3 MM
................................................................
WIND (MPH)
AVERAGE WIND SPEED 6.2
HIGHEST WIND SPEED/DIRECTION 37/160 DATE 05/03
HIGHEST GUST SPEED/DIRECTION 54/170 DATE 05/03
AVERAGE RH (PERCENT) 54
WEATHER CONDITIONS. NUMBER OF DAYS WITH
THUNDERSTORM 7 MIXED PRECIP 0
HEAVY RAIN 5 RAIN 9
LIGHT RAIN 13 FREEZING RAIN 0
LT FREEZING RAIN 0 HAIL 0
HEAVY SNOW 0 SNOW 0
LIGHT SNOW 0 SLEET 0
FOG 6 FOG W/VIS <= 1/4 MILE 1
HAZE 3
- INDICATES NEGATIVE NUMBERS.
R INDICATES RECORD WAS SET OR TIED.
MM INDICATES DATA IS MISSING.
T INDICATES TRACE AMOUNT.
======================================================================
...MAY 2023 IN ELKO WAS WARMER AND WETTER THAN NORMAL...
...9TH WARMEST MAY ON RECORD FOR ELKO...
$$