000
CXUS55 KLKN 021817
CLMEKO
CLIMATE REPORT
NATIONAL WEATHER SERVICE ELKO, NV
1017 AM PST SAT DEC 02 2023
...................................
...THE ELKO AIRPORT NV CLIMATE SUMMARY FOR THE MONTH OF NOVEMBER 2023...
CLIMATE NORMAL PERIOD 1991 TO 2020
CLIMATE RECORD PERIOD 1888 TO 2023
WEATHER OBSERVED NORMAL DEPART LAST YEAR`S
VALUE DATE(S) VALUE FROM VALUE DATE(S)
NORMAL
................................................................
TEMPERATURE (F)
RECORD
HIGH 83 11/07/1913
LOW -16 11/29/1896
HIGHEST 68 11/03 66 2 64 11/01
11/05
LOWEST 10 11/26 4 6 0 11/11
11/27
11/19
AVG. MAXIMUM 51.2 49.9 1.3 37.9
AVG. MINIMUM 23.3 21.9 1.4 12.7
MEAN 37.3 35.9 1.3 25.3
DAYS MAX >= 90 0 0.0 0.0 MM
DAYS MAX <= 32 1 2.0 -1.0 MM
DAYS MIN <= 32 26 27.1 -1.1 MM
DAYS MIN <= 0 0 1.1 -1.1 MM
PRECIPITATION (INCHES)
RECORD
MAXIMUM 6.19 1909
MINIMUM 0.00 1929
TOTALS 1.10 0.88 0.22 1.84
DAILY AVG. 0.04 0.03 0.01 0.06
DAYS >= .01 8 6.5 1.5 9
DAYS >= .10 4 3.0 1.0 4
DAYS >= .50 0 0.2 -0.2 1
DAYS >= 1.00 0 0.0 0.0 0
GREATEST
24 HR. TOTAL 0.46 11/15 TO 11/16 0.86
SNOWFALL (INCHES)
RECORDS
TOTAL 20.0 1930
TOTALS 3.6 4.1 -0.5 13.7
SINCE 7/1 3.6 4.6 -1.0 MM
SNOWDEPTH AVG. 0 3
DAYS >= TRACE 4 3.6 0.4 9
DAYS >= 1.0 1 1.7 -0.7 3
DAYS >= 1.0 1 3
GREATEST
SNOW DEPTH 3 11/24 10
24 HR TOTAL MM MM
DEGREE DAYS
HEATING TOTAL 827 873 -46 1183
SINCE 7/1 1437 1626 -189 MM
COOLING TOTAL 0 0 0 0
SINCE 1/1 513 493 20 MM
................................................................
WIND (MPH)
AVERAGE WIND SPEED 4.4
HIGHEST WIND SPEED/DIRECTION 31/260 DATE 11/06
31/170 11/15
HIGHEST GUST SPEED/DIRECTION 47/230 DATE 11/06
47/180 11/15
AVERAGE RH (PERCENT) 60
WEATHER CONDITIONS. NUMBER OF DAYS WITH
THUNDERSTORM 0 MIXED PRECIP 0
HEAVY RAIN 0 RAIN 3
LIGHT RAIN 6 FREEZING RAIN 0
LT FREEZING RAIN 0 HAIL 0
HEAVY SNOW 0 SNOW 1
LIGHT SNOW 4 SLEET 0
FOG 7 FOG W/VIS <= 1/4 MILE 1
HAZE 2
- INDICATES NEGATIVE NUMBERS.
R INDICATES RECORD WAS SET OR TIED.
MM INDICATES DATA IS MISSING.
T INDICATES TRACE AMOUNT.
======================================================================
...NOVEMBER 2023 IN ELKO WAS WARMER AND WETTER THAN NORMAL...
$$