000
CXUS53 KMKX 010810
CF6ENW
PRELIMINARY LOCAL CLIMATOLOGICAL DATA (WS FORM: F-6)
STATION: KENOSHA WI
MONTH: JULY
YEAR: 2023
LATITUDE: 42 35 N
LONGITUDE: 87 56 W
TEMPERATURE IN F: :PCPN: SNOW: WIND :SUNSHINE: SKY :PK WND
================================================================================
1 2 3 4 5 6A 6B 7 8 9 10 11 12 13 14 15 16 17 18
12Z AVG MX 2MIN
DY MAX MIN AVG DEP HDD CDD WTR SNW DPTH SPD SPD DIR MIN PSBL S-S WX SPD DR
================================================================================
1 87 69 78 6 0 13 0.78 M M 3.6 14 140 M M 4 138 22 160
2 73 65 69 -3 0 4 0.05 M M 7.7 16 20 M M 7 18 24 10
3 85 61 73 1 0 8 0.00 M M 6.6 13 100 M M 0 18 100
4 93 67 80 8 0 15 0.12 M M 5.9 18 170 M M 2 138 24 170
5 91 69 80 8 0 15 0.22 M M 6.0 23 360 M M 4 138 29 360
6 79 61 70 -2 0 5 0.00 M M 6.7 14 70 M M 5 18 21 10
7 79 58 69 -3 0 4 0.04 M M 5.1 13 100 M M 4 1 19 70
8 77 63 70 -2 0 5 0.11 M M 5.1 12 50 M M 6 1 19 340
9 83 59 71 -2 0 6 0.00 M M 6.2 16 80 M M 1 8 20 90
10 90 59 75 2 0 10 0.00 M M 10.6 21 240 M M 0 27 210
11 82 63 73 0 0 8 0.08 M M 7.6 17 80 M M 1 3 23 250
12 74 62 68 -5 0 3 0.76 M M 9.2 21 20 M M 8 13 34 30
13 76 61 69 -4 0 4 T M M 6.5 13 170 M M 7 17 110
14 91 67 79 6 0 14 T M M 9.4 20 260 M M 2 3 29 260
15 86 67 77 4 0 12 0.00 M M 7.6 14 290 M M 3 38 20 290
16 84 62 73 0 0 8 0.05 M M 10.3 18 280 M M 2 38 26 300
17 80 59 70 -3 0 5 T M M 7.1 17 270 M M 3 138 25 270
18 80 55 68 -5 0 3 0.00 M M 4.6 14 80 M M 2 8 19 70
19 85 55 70 -3 0 5 0.00 M M 5.0 14 140 M M 0 20 150
20 87 64 76 3 0 11 0.00 M M 10.1 23 270 M M 3 32 310
21 84 60 72 -1 0 7 0.00 M M 5.1 13 80 M M 1 16 100
22 88 59 74 1 0 9 0.16 M M 7.7 21 260 M M 3 13 28 270
23 86 61 74 1 0 9 T M M 6.9 13 270 M M 2 1 17 280
24 87 62 75 2 0 10 0.00 M M 5.1 12 90 M M 0 18 15 90
25 92 63 78 5 0 13 0.00 M M 6.7 16 150 M M 0 18 21 140
26 86 71 79 6 0 14 0.39 M M 6.1 29 230 M M 2 138 41 220
27 89 66 78 5 0 13 0.00 M M 5.0 13 150 M M 0 128 17 140
28 91 69 80 7 0 15 0.66 M M 9.3 30 300 M M 4 13 50 300
29 83 64 74 1 0 9 T M M 6.4 14 70 M M 2 8 17 350
30 79 59 69 -4 0 4 0.00 M M 5.8 14 50 M M 2 19 60
31 83 57 70 -3 0 5 0.00 M M 4.1 12 110 M M 2 1 17 100
================================================================================
SM 2610 1937 0 266 3.42 M 209.1 M 82
================================================================================
AV 84.2 62.5 6.7 FASTST M M 3 MAX(MPH)
MISC ----> 30 300 50 300
================================================================================
NOTES:
# LAST OF SEVERAL OCCURRENCES
COLUMN 17 PEAK WIND IN M.P.H.
PRELIMINARY LOCAL CLIMATOLOGICAL DATA (WS FORM: F-6) , PAGE 2
STATION: KENOSHA WI
MONTH: JULY
YEAR: 2023
LATITUDE: 42 35 N
LONGITUDE: 87 56 W
[TEMPERATURE DATA] [PRECIPITATION DATA] SYMBOLS USED IN COLUMN 16
AVERAGE MONTHLY: 73.3 TOTAL FOR MONTH: 3.42 1 = FOG OR MIST
DPTR FM NORMAL: 0.6 DPTR FM NORMAL: 0.07 2 = FOG REDUCING VISIBILITY
HIGHEST: 93 ON 4 GRTST 24HR 0.83 ON 1- 2 TO 1/4 MILE OR LESS
LOWEST: 55 ON 19,18 3 = THUNDER
SNOW, ICE PELLETS, HAIL 4 = ICE PELLETS
TOTAL MONTH: M 5 = HAIL
GRTST 24HR M ON M 6 = FREEZING RAIN OR DRIZZLE
GRTST DEPTH: M ON M 7 = DUSTSTORM OR SANDSTORM:
VSBY 1/2 MILE OR LESS
8 = SMOKE OR HAZE
[NO. OF DAYS WITH] [WEATHER - DAYS WITH] 9 = BLOWING SNOW
X = TORNADO
MAX 32 OR BELOW: 0 0.01 INCH OR MORE: 12
MAX 90 OR ABOVE: 6 0.10 INCH OR MORE: 8
MIN 32 OR BELOW: 0 0.50 INCH OR MORE: 3
MIN 0 OR BELOW: 0 1.00 INCH OR MORE: 0
[HDD (BASE 65) ]
TOTAL THIS MO. 0 CLEAR (SCALE 0-3) 22
DPTR FM NORMAL -8 PTCLDY (SCALE 4-7) 9
TOTAL FM JUL 1 0 CLOUDY (SCALE 8-10) 0
DPTR FM NORMAL 0
[CDD (BASE 65) ]
TOTAL THIS MO. 266
DPTR FM NORMAL 17 [PRESSURE DATA]
TOTAL FM JAN 1 449 HIGHEST SLP M ON M
DPTR FM NORMAL 19 LOWEST SLP 29.68 ON 12
[REMARKS]
#FINAL-07-23#