000
CXUS54 KEWX 011110
CF6ERV
PRELIMINARY LOCAL CLIMATOLOGICAL DATA (WS FORM: F-6)
STATION: KERRVILLE
MONTH: JANUARY
YEAR: 2023
LATITUDE: 29 58 N
LONGITUDE: 99 5 W
TEMPERATURE IN F: :PCPN: SNOW: WIND :SUNSHINE: SKY :PK WND
================================================================================
1 2 3 4 5 6A 6B 7 8 9 10 11 12 13 14 15 16 17 18
12Z AVG MX 2MIN
DY MAX MIN AVG DEP HDD CDD WTR SNW DPTH SPD SPD DIR MIN PSBL S-S WX SPD DR
================================================================================
1 80 39 60 M 5 0 M M M 4.5 14 160 M M 0 16 150
2 77 54 66 M 0 1 M M M 9.3 15 160 M M 6 18 23 160
3 71 43 57 M 8 0 M M M 4.2 12 320 M M 0 17 320
4 73 33 53 M 12 0 M M M 5.5 16 290 M M 0 23 320
5 75 33 54 M 11 0 M M M 3.0 9 80 M M 0 M M
6 74 38 56 M 9 0 M M M 8.6 17 170 M M 5 26 200
7 72 56 64 M 1 0 0.01 M M 4.7 10 30 M M 10 1 M M
8 69 43 56 M 9 0 M M M 5.6 10 360 M M 1 18 350
9 73 37 55 M 10 0 M M M 3.7 12 210 M M 0 18 190
10 82 44 63 M 2 0 M M M 3.5 12 210 M M 3 2 17 190
11 82 42 62 M 3 0 M M M 5.6 17 210 M M 0 23 200
12 61 37 49 M 16 0 M M M 10.7 21 340 M M 0 30 330
13 65 26 46 M 19 0 M M M 2.8 8 350 M M 0 M M
14 64 24 44 M 21 0 M M M 6.8 17 160 M M 0 27 190
15 68 48 58 M 7 0 M M M 10.6 20 150 M M 0 25 150
16 78 48 63 M 2 0 M M M 3.5 9 150 M M 4 M M
17 81 40 61 M 4 0 M M M 5.2 15 150 M M 1 21 150
18 74 40 57 M 8 0 M M M 8.0 22 300 M M 3 1 28 290
19 68 33 51 M 14 0 M M M 4.6 13 340 M M 0 17 350
20 63 40 52 M 13 0 M M M 6.6 12 110 M M 9 17 100
21 71 38 55 M 10 0 M M M 4.8 13 280 M M 6 17 280
22 61 28 45 M 20 0 M M M 3.8 13 320 M M 0 21 300
23 57 25 41 M 24 0 M M M 7.0 15 120 M M 6 22 120
24 58 40 49 M 16 0 0.64 M M 12.5 28 270 M M 7 36 270
25 55 33 44 M 21 0 M M M 10.1 15 290 M M 0 21 320
26 55 29 42 M 23 0 M M M 3.2 8 350 M M 0 M M
27 56 28 42 M 23 0 M M M 5.3 12 190 M M 5 17 200
28 60 47 54 M 11 0 M M M 5.8 12 200 M M 9 12 16 0
29 77 42 60 M 5 0 0.13 M M 4.7 9 10 M M 8 1 20 140
30 42 30 36 M 29 0 M M M 9.6 15 360 M M 10 1 20 360
31 30 28 29 M 36 0 M M M 9.6 15 340 M M 10 1 21 360
================================================================================
SM 2072 1166 392 1 0.78 M 193.2 M 103
================================================================================
AV 66.8 37.6 6.2 FASTST M M 3 MAX(MPH)
MISC ----> 28 270 36 270
================================================================================
NOTES:
# LAST OF SEVERAL OCCURRENCES
COLUMN 17 PEAK WIND IN M.P.H.
PRELIMINARY LOCAL CLIMATOLOGICAL DATA (WS FORM: F-6) , PAGE 2
STATION: KERRVILLE
MONTH: JANUARY
YEAR: 2023
LATITUDE: 29 58 N
LONGITUDE: 99 5 W
[TEMPERATURE DATA] [PRECIPITATION DATA] SYMBOLS USED IN COLUMN 16
AVERAGE MONTHLY: 52.2 TOTAL FOR MONTH: 0.78 1 = FOG OR MIST
DPTR FM NORMAL: 0.0 DPTR FM NORMAL: M 2 = FOG REDUCING VISIBILITY
HIGHEST: 82 ON 11,10 GRTST 24HR 1.23 ON 24-24 TO 1/4 MILE OR LESS
LOWEST: 24 ON 14 3 = THUNDER
SNOW, ICE PELLETS, HAIL 4 = ICE PELLETS
TOTAL MONTH: M 5 = HAIL
GRTST 24HR M ON M 6 = FREEZING RAIN OR DRIZZLE
GRTST DEPTH: M ON M 7 = DUSTSTORM OR SANDSTORM:
VSBY 1/2 MILE OR LESS
8 = SMOKE OR HAZE
[NO. OF DAYS WITH] [WEATHER - DAYS WITH] 9 = BLOWING SNOW
X = TORNADO
MAX 32 OR BELOW: 1 0.01 INCH OR MORE: 3
MAX 90 OR ABOVE: 0 0.10 INCH OR MORE: 2
MIN 32 OR BELOW: 8 0.50 INCH OR MORE: 1
MIN 0 OR BELOW: 0 1.00 INCH OR MORE: 0
[HDD (BASE 65) ]
TOTAL THIS MO. 392 CLEAR (SCALE 0-3) 17
DPTR FM NORMAL M PTCLDY (SCALE 4-7) 9
TOTAL FM JUL 1 1195 CLOUDY (SCALE 8-10) 5
DPTR FM NORMAL M
[CDD (BASE 65) ]
TOTAL THIS MO. 1
DPTR FM NORMAL M [PRESSURE DATA]
TOTAL FM JAN 1 1 HIGHEST SLP M ON M
DPTR FM NORMAL M LOWEST SLP M ON M
[REMARKS]
#FINAL-01-23#