794
CXUS53 KDMX 060151
CF6EST
PRELIMINARY LOCAL CLIMATOLOGICAL DATA (WS FORM: F-6)
STATION: ESTHERVILLE IA
MONTH: JANUARY
YEAR: 2021
LATITUDE: 43 24 N
LONGITUDE: 94 45 W
TEMPERATURE IN F: :PCPN: SNOW: WIND :SUNSHINE: SKY :PK WND
================================================================================
1 2 3 4 5 6A 6B 7 8 9 10 11 12 13 14 15 16 17 18
12Z AVG MX 2MIN
DY MAX MIN AVG DEP HDD CDD WTR SNW DPTH SPD SPD DIR MIN PSBL S-S WX SPD DR
================================================================================
1 25 8 17 1 48 0 0.00 0.0 M 5.4 18 170 M M 3 12 22 170
2 26 3 15 -1 50 0 0.00 0.0 M 7.8 16 180 M M 6 12 19 190
3 24 5 15 -1 50 0 0.00 0.0 M 9.9 16 180 M M 3 12 20 190
4 38 15 27 11 38 0 0.00 0.0 M 12.5 21 310 M M 4 12 27 310
5 36 16 26 10 39 0 0.00 0.0 M 8.0 14 250 M M 1 17 130
6 34 27 31 15 34 0 0.03 M M 10.3 18 110 M M 9 16 26 110
7 29 19 24 9 41 0 0.00 0.0 M 7.1 15 170 M M 8 12 19 170
8 27 18 23 8 42 0 0.00 0.0 M 6.9 14 30 M M 10 1 17 360
9 22 15 19 4 46 0 0.00 0.0 M 5.6 13 350 M M 9 12 17 20
10 30 21 26 11 39 0 T M M 9.1 16 330 M M 10 12 21 310
11 38 22 30 15 35 0 0.00 0.0 M 13.1 22 250 M M 0 29 250
12 44 18 31 16 34 0 0.00 0.0 M 9.2 16 260 M M 0 20 270
13 46 30 38 23 27 0 0.00 0.0 M 6.9 13 220 M M 2 17 220
14 38 28 33 18 32 0 M M M 21.9 37 330 M M 10 1 50 320
15 31 22 27 12 38 0 M M M 28.5 41 340 M M 10 129 55 340
16 22 20 21 6 44 0 M M M 16.7 25 340 M M 9 1 31 330
17 28 17 23 8 42 0 M M M 12.0 23 340 M M 8 1 29 330
18 25 15 20 4 45 0 M M M 6.5 15 350 M M 6 1 18 360
19 31 0 16 0 49 0 M M M 14.9 37 320 M M 7 1289 48 310
20 40 2 21 5 44 0 0.00 0.0 M 17.0 29 240 M M 0 40 240
21 33 9 21 5 44 0 T M M 20.1 30 340 M M 3 38 340
22 18 3 11 -5 54 0 0.00 0.0 M 8.3 22 340 M M 1 29 330
23 19 6 13 -3 52 0 M M M 12.0 22 180 M M 7 18 26 180
24 21 -1 10 -6 55 0 M M M 7.2 14 30 M M 9 1 18 20
25 15 -2 7 -9 58 0 0.00 0.0 M 13.5 24 50 M M 8 12 30 40
26 14 7 11 -5 54 0 M M M 13.3 23 10 M M 5 18 30 20
27 17 3 10 -6 55 0 0.00 0.0 M 5.8 12 20 M M 5 15 20
28 21 0 11 -5 54 0 0.00 0.0 M 13.7 26 180 M M 7 1 35 180
29 24 19 22 6 43 0 0.00 0.0 M 15.6 23 130 M M 10 1 27 130
30 27 23 25 8 40 0 0.00 0.0 M 15.7 22 120 M M 10 1 27 110
31 27 22 25 8 40 0 0.00 0.0 M 17.7 26 340 M M 10 1 32 330
================================================================================
SM 870 410 1366 0 0.03 0.0 372.2 M 190
================================================================================
AV 28.1 13.2 12.0 FASTST M M 6 MAX(MPH)
MISC ----> 41 340 55 340
================================================================================
NOTES:
# LAST OF SEVERAL OCCURRENCES
COLUMN 17 PEAK WIND IN M.P.H.
PRELIMINARY LOCAL CLIMATOLOGICAL DATA (WS FORM: F-6) , PAGE 2
STATION: ESTHERVILLE IA
MONTH: JANUARY
YEAR: 2021
LATITUDE: 43 24 N
LONGITUDE: 94 45 W
[TEMPERATURE DATA] [PRECIPITATION DATA] SYMBOLS USED IN COLUMN 16
AVERAGE MONTHLY: 20.6 TOTAL FOR MONTH: 0.03 1 = FOG OR MIST
DPTR FM NORMAL: 4.9 DPTR FM NORMAL: -0.47 2 = FOG REDUCING VISIBILITY
HIGHEST: 46 ON 13 GRTST 24HR 0.52 ON 25-26 TO 1/4 MILE OR LESS
LOWEST: -2 ON 25 3 = THUNDER
SNOW, ICE PELLETS, HAIL 4 = ICE PELLETS
TOTAL MONTH: 0.0 INCH 5 = HAIL
GRTST 24HR 0.0 6 = FREEZING RAIN OR DRIZZLE
GRTST DEPTH: M ON M 7 = DUSTSTORM OR SANDSTORM:
VSBY 1/2 MILE OR LESS
8 = SMOKE OR HAZE
[NO. OF DAYS WITH] [WEATHER - DAYS WITH] 9 = BLOWING SNOW
X = TORNADO
MAX 32 OR BELOW: 22 0.01 INCH OR MORE: 1
MAX 90 OR ABOVE: 0 0.10 INCH OR MORE: 0
MIN 32 OR BELOW: 31 0.50 INCH OR MORE: 0
MIN 0 OR BELOW: 4 1.00 INCH OR MORE: 0
[HDD (BASE 65) ]
TOTAL THIS MO. 1366 CLEAR (SCALE 0-3) 8
DPTR FM NORMAL -162 PTCLDY (SCALE 4-7) 10
TOTAL FM JUL 1 4468 CLOUDY (SCALE 8-10) 13
DPTR FM NORMAL -205
[CDD (BASE 65) ]
TOTAL THIS MO. 0
DPTR FM NORMAL 0 [PRESSURE DATA]
TOTAL FM JAN 1 0 HIGHEST SLP 30.65 ON 28
DPTR FM NORMAL 0 LOWEST SLP 29.41 ON 15
[REMARKS]
#FINAL-01-21#