000
CXUS53 KFGF 010815
CF6FAR
PRELIMINARY LOCAL CLIMATOLOGICAL DATA (WS FORM: F-6)
STATION: FARGO HECTOR INTL AP ND
MONTH: OCTOBER
YEAR: 2022
LATITUDE: 46 54 N
LONGITUDE: 96 48 W
TEMPERATURE IN F: :PCPN: SNOW: WIND :SUNSHINE: SKY :PK WND
================================================================================
1 2 3 4 5 6A 6B 7 8 9 10 11 12 13 14 15 16 17 18
12Z AVG MX 2MIN
DY MAX MIN AVG DEP HDD CDD WTR SNW DPTH SPD SPD DIR MIN PSBL S-S WX SPD DR
================================================================================
1 72 48 60 7 5 0 T 0.0 0 8.5 17 150 M M 2 8 24 110
2 73 52 63 10 2 0 0.01 0.0 0 12.4 23 150 M M 3 32 160
3 72 59 66 14 0 1 T 0.0 0 9.3 20 160 M M 6 27 160
4 73 54 64 12 1 0 0.00 0.0 0 7.0 14 200 M M 6 18 200
5 77 44 61 10 4 0 0.00 0.0 0 9.3 31 360 M M 2 18 41 10
6 49 31 40 -11 25 0 0.00 0.0 0 16.3 29 350 M M 7 40 340
7 49 24 37 -13 28 0 0.00 0.0 0 7.5 14 230 M M 2 19 270
8 69 35 52 2 13 0 0.00 0.0 0 9.1 16 320 M M 1 21 270
9 63 38 51 2 14 0 0.00 0.0 0 8.7 21 360 M M 1 27 10
10 69 33 51 2 14 0 0.00 0.0 0 10.6 23 150 M M 0 33 160
11 77 47 62 14 3 0 T 0.0 0 15.5 30 300 M M 1 41 300
12 53 40 47 -1 18 0 T 0.0 0 16.0 35 280 M M 8 45 290
13 40 31 36 -11 29 0 T T 0 12.0 18 310 M M 8 33 330
14 43 30 37 -10 28 0 0.04 T 0 14.3 30 330 M M 8 37 330
15 54 32 43 -3 22 0 0.00 0.0 0 15.3 23 320 M M 8 32 320
16 41 25 33 -13 32 0 0.00 0.0 0 18.8 28 320 M M 6 36 320
17 36 16 26 -19 39 0 0.00 0.0 0 20.7116 20 M M 0 30 360
18 41 10 26 -18 39 0 0.00 0.0 0 4.3 13 320 M M 0 8 16 340
19 61 20 41 -3 24 0 0.00 0.0 0 5.8 13 200 M M 0 8 17 180
20 66 28 47 4 18 0 0.00 0.0 0 8.2 21 170 M M 0 28 160
21 63 38 51 8 14 0 0.00 0.0 0 8.1 16 310 M M 1 24 270
22 66 38 52 10 13 0 0.00 0.0 0 8.0 17 80 M M 0 22 90
23 77 31 54 12 11 0 0.11 0.0 0 11.8 31 150 M M 2 47 140
24 62 34 48 7 17 0 0.02 0.0 0 20.4 33 210 M M 9 44 200
25 46 34 40 -1 25 0 T 0.0 0 9.8 18 330 M M 10 24 280
26 49 26 38 -2 27 0 0.00 0.0 0 6.7 13 160 M M 4 17 180
27 53 39 46 6 19 0 T 0.0 0 14.4 25 160 M M 5 33 160
28 63 37 50 11 15 0 0.00 0.0 0 12.3 21 180 M M 0 28 180
29 60 35 48 9 17 0 0.00 0.0 0 6.8 15 160 M M 0 20 160
30 59 25 42 4 23 0 0.00 0.0 0 5.1 10 180 M M 0 14 240
31 65 32 49 11 16 0 0.00 0.0 0 8.5 15 220 M M 0 23 240
================================================================================
SM 1841 1066 555 1 0.18 T 341.5 M 100
================================================================================
AV 59.4 34.4 11.0 FASTST M M 3 MAX(MPH)
MISC ----> 116 20 47 140
================================================================================
NOTES:
# LAST OF SEVERAL OCCURRENCES
COLUMN 17 PEAK WIND IN M.P.H.
PRELIMINARY LOCAL CLIMATOLOGICAL DATA (WS FORM: F-6) , PAGE 2
STATION: FARGO HECTOR INTL AP ND
MONTH: OCTOBER
YEAR: 2022
LATITUDE: 46 54 N
LONGITUDE: 96 48 W
[TEMPERATURE DATA] [PRECIPITATION DATA] SYMBOLS USED IN COLUMN 16
AVERAGE MONTHLY: 46.9 TOTAL FOR MONTH: 0.18 1 = FOG OR MIST
DPTR FM NORMAL: 1.4 DPTR FM NORMAL: -1.99 2 = FOG REDUCING VISIBILITY
HIGHEST: 77 ON 23,11 GRTST 24HR 0.13 ON 23-24 TO 1/4 MILE OR LESS
LOWEST: 10 ON 18 3 = THUNDER
SNOW, ICE PELLETS, HAIL 4 = ICE PELLETS
TOTAL MONTH: T 5 = HAIL
GRTST 24HR T ON 13-13 6 = FREEZING RAIN OR DRIZZLE
GRTST DEPTH: 0 7 = DUSTSTORM OR SANDSTORM:
VSBY 1/2 MILE OR LESS
8 = SMOKE OR HAZE
[NO. OF DAYS WITH] [WEATHER - DAYS WITH] 9 = BLOWING SNOW
X = TORNADO
MAX 32 OR BELOW: 0 0.01 INCH OR MORE: 4
MAX 90 OR ABOVE: 0 0.10 INCH OR MORE: 1
MIN 32 OR BELOW: 14 0.50 INCH OR MORE: 0
MIN 0 OR BELOW: 0 1.00 INCH OR MORE: 0
[HDD (BASE 65) ]
TOTAL THIS MO. 555 CLEAR (SCALE 0-3) 19
DPTR FM NORMAL -54 PTCLDY (SCALE 4-7) 8
TOTAL FM JUL 1 722 CLOUDY (SCALE 8-10) 4
DPTR FM NORMAL -134
[CDD (BASE 65) ]
TOTAL THIS MO. 1
DPTR FM NORMAL -3 [PRESSURE DATA]
TOTAL FM JAN 1 563 HIGHEST SLP M ON M
DPTR FM NORMAL 21 LOWEST SLP 29.18 ON 24
[REMARKS]
#FINAL-10-22#