000
CXUS52 KRAH 010845
CF6FAY
PRELIMINARY LOCAL CLIMATOLOGICAL DATA (WS FORM: F-6)
STATION: FAYETTEVILLE NC
MONTH: SEPTEMBER
YEAR: 2022
LATITUDE: 35 0 N
LONGITUDE: 78 53 W
TEMPERATURE IN F: :PCPN: SNOW: WIND :SUNSHINE: SKY :PK WND
================================================================================
1 2 3 4 5 6A 6B 7 8 9 10 11 12 13 14 15 16 17 18
12Z AVG MX 2MIN
DY MAX MIN AVG DEP HDD CDD WTR SNW DPTH SPD SPD DIR MIN PSBL S-S WX SPD DR
================================================================================
1 91 68 80 2 0 15 0.00 M M 3.8 10 350 M M 0 13 10
2 93 67 80 2 0 15 0.00 M M 3.2 13 40 M M 1 16 40
3 92 68 80 3 0 15 T M M 5.1 24 110 M M 4 1 30 110
4 91 71 81 4 0 16 0.00 0.0 0 4.7 17 110 M M 4 1 22 140
5 90 69 80 3 0 15 0.03 M M 4.4 15 200 M M 3 1 20 200
6 93 74 84 7 0 19 0.01 M M 6.7 18 230 M M 5 1 25 240
7 94 73 84 8 0 19 0.19 M M 3.4 20 30 M M 4 13 25 30
8 82 67 75 -1 0 10 0.03 M M 7.4 15 20 M M 7 19 30
9 83 64 74 -2 0 9 0.00 M M 7.1 15 40 M M 3 1 20 20
10 84 70 77 1 0 12 0.60 M M 5.2 22 280 M M 9 13 27 290
11 91 74 83 7 0 18 0.32 M M 5.1 16 260 M M 6 1 20 250
12 89 73 81 6 0 16 0.00 M M 6.3 17 200 M M 2 13 20 200
13 87 69 78 3 0 13 0.00 M M 5.5 13 240 M M 2 16 10
14 84 61 73 -2 0 8 0.00 0.0 0 5.8 13 10 M M 1 16 360
15 84 60 72 -3 0 7 0.00 M M 6.8 18 20 M M 1 23 20
16 85 61 73 -1 0 8 0.00 M M 3.3 12 30 M M 1 1 15 20
17 85 59 72 -2 0 7 0.00 M M 4.6 12 80 M M 1 1 17 40
18 88 64 76 2 0 11 0.00 M M 5.3 10 90 M M 2 1 17 60
19 89 64 77 3 0 12 0.00 M M 1.7 9 70 M M 0 1 13 70
20 93 65 79 6 0 14 0.00 M M 3.9 9 20 M M 1 13 360
21 93 67 80 7 0 15 0.00 M M 4.1 10 160 M M 0 1 14 170
22 95 69 82 9 0 17 0.00 M M 11.4 30 360 M M 1 39 360
23 78 52 65 -7 0 0 0.00 M M 8.5 22 10 M M 0 29 20
24 81 46 64 -8 1 0 0.00 M M 4.6 10 190 M M 1 13 200
25 88 60 74 2 0 9 0.01 M M 10.8 21 220 M M 2 27 210
26 87 65 76 5 0 11 0.00 M M 5.8 17 230 M M 2 22 230
27 80 56 68 -3 0 3 0.00 M M 6.0 14 10 M M 1 18 10
28 74 53 64 -7 1 0 0.00 M M 9.1 16 360 M M 0 20 20
29 67 56 62 -8 3 0 T M M 16.8 26 30 M M 9 36 20
30 69 57 63 -7 2 0 2.69 M M 23.4 41 30 M M 10 1 56 20
================================================================================
SM 2580 1922 7 314 3.88 0.0 199.8 M 83
================================================================================
AV 86.0 64.1 6.7 FASTST M M 3 MAX(MPH)
MISC ----> 41 30 56 20
================================================================================
NOTES:
# LAST OF SEVERAL OCCURRENCES
COLUMN 17 PEAK WIND IN M.P.H.
PRELIMINARY LOCAL CLIMATOLOGICAL DATA (WS FORM: F-6) , PAGE 2
STATION: FAYETTEVILLE NC
MONTH: SEPTEMBER
YEAR: 2022
LATITUDE: 35 0 N
LONGITUDE: 78 53 W
[TEMPERATURE DATA] [PRECIPITATION DATA] SYMBOLS USED IN COLUMN 16
AVERAGE MONTHLY: 75.0 TOTAL FOR MONTH: 3.88 1 = FOG OR MIST
DPTR FM NORMAL: 0.8 DPTR FM NORMAL: -0.99 2 = FOG REDUCING VISIBILITY
HIGHEST: 95 ON 22 GRTST 24HR 2.69 ON 29-30 TO 1/4 MILE OR LESS
LOWEST: 46 ON 24 3 = THUNDER
SNOW, ICE PELLETS, HAIL 4 = ICE PELLETS
TOTAL MONTH: 0.0 INCH 5 = HAIL
GRTST 24HR 0.0 6 = FREEZING RAIN OR DRIZZLE
GRTST DEPTH: 0 7 = DUSTSTORM OR SANDSTORM:
VSBY 1/2 MILE OR LESS
8 = SMOKE OR HAZE
[NO. OF DAYS WITH] [WEATHER - DAYS WITH] 9 = BLOWING SNOW
X = TORNADO
MAX 32 OR BELOW: 0 0.01 INCH OR MORE: 8
MAX 90 OR ABOVE: 11 0.10 INCH OR MORE: 4
MIN 32 OR BELOW: 0 0.50 INCH OR MORE: 2
MIN 0 OR BELOW: 0 1.00 INCH OR MORE: 1
[HDD (BASE 65) ]
TOTAL THIS MO. 7 CLEAR (SCALE 0-3) 21
DPTR FM NORMAL 0 PTCLDY (SCALE 4-7) 6
TOTAL FM JUL 1 7 CLOUDY (SCALE 8-10) 3
DPTR FM NORMAL 2
[CDD (BASE 65) ]
TOTAL THIS MO. 314
DPTR FM NORMAL 29 [PRESSURE DATA]
TOTAL FM JAN 1 2243 HIGHEST SLP 30.22 ON 17
DPTR FM NORMAL 285 LOWEST SLP 29.34 ON 30
[REMARKS]
#FINAL-09-22#