000
CXUS52 KFFC 011010
CF6FFC
PRELIMINARY LOCAL CLIMATOLOGICAL DATA (WS FORM: F-6)
STATION: PEACHTREE CITY
MONTH: OCTOBER
YEAR: 2022
LATITUDE: 33 20 N
LONGITUDE: 84 34 W
TEMPERATURE IN F: :PCPN: SNOW: WIND :SUNSHINE: SKY :PK WND
================================================================================
1 2 3 4 5 6A 6B 7 8 9 10 11 12 13 14 15 16 17 18
12Z AVG MX 2MIN
DY MAX MIN AVG DEP HDD CDD WTR SNW DPTH SPD SPD DIR MIN PSBL S-S WX SPD DR
================================================================================
1 81 54 68 -1 0 3 0.00 M M 9.6 22 350 M M 0 30 350
2 78 56 67 -2 0 2 0.00 M M 9.3 17 350 M M 0 25 340
3 79 51 65 -4 0 0 0.00 M M 2.3 10 40 M M 1 18 90
4 77 52 65 -3 0 0 0.00 M M 2.1 14 310 M M 3 19 320
5 81 46 64 -4 1 0 0.00 M M 3.0 15 310 M M 0 1 20 310
6 82 43 63 -5 2 0 0.00 M M 2.7 13 300 M M 0 18 300
7 85 47 66 -1 0 1 0.00 M M 2.7 16 320 M M 0 23 320
8 78 51 65 -2 0 0 0.00 M M 7.6 16 310 M M 0 23 340
9 74 44 59 -7 6 0 0.00 M M 3.7 10 310 M M 0 15 310
10 78 43 61 -5 4 0 0.00 M M 1.9 9 350 M M 0 13 50
11 81 48 65 -1 0 0 0.00 M M 2.3 14 140 M M 3 19 150
12 73 61 67 2 0 2 0.87 M M 5.2 22 130 M M 8 1238 32 130
13 77 52 65 0 0 0 0.39 M M 5.2 17 300 M M 6 13 28 300
14 76 44 60 -4 5 0 0.00 M M 1.3 10 310 M M 0 14 300
15 82 44 63 -1 2 0 0.00 M M 1.1 9 280 M M 0 14 270
16 83 47 65 1 0 0 0.00 M M 1.6 10 300 M M 0 15 270
17 77 54 66 3 0 1 0.00 M M 7.2 16 310 M M 2 25 260
18 55 38 47 -16 18 0 0.00 M M 11.5 22 320 M M 0 33 360
19 61 32 47 -15 18 0 0.00 M M 3.9 15 310 M M 0 22 310
20 64 29 47 -15 18 0 0.00 M M 1.7 14 290 M M 0 20 290
21 72 32 52 -10 13 0 0.00 M M 1.2 8 20 M M 0 13 10
22 76 37 57 -4 8 0 0.00 M M 0.9 8 140 M M 0 12 12 140
23 76 38 57 -4 8 0 0.00 M M 1.1 8 120 M M 0 13 340
24 79 42 61 1 4 0 0.00 M M 1.4 14 120 M M 0 17 120
25 79 46 63 3 2 0 0.15 M M 4.3 17 130 M M 3 1 23 120
26 69 50 60 0 5 0 0.00 M M 9.0 16 320 M M 3 21 310
27 74 44 59 0 6 0 0.00 M M 3.4 12 100 M M 0 20 90
28 73 49 61 2 4 0 0.00 M M 5.0 16 90 M M 0 25 60
29 72 53 63 5 2 0 0.00 M M 6.8 13 90 M M 5 18 22 60
30 62 58 60 2 5 0 0.15 M M 7.1 13 100 M M 10 1 18 90
31 76 53 65 7 0 0 0.26 M M 2.9 10 270 M M 6 1 17 290
================================================================================
SM 2330 1438 131 9 1.82 M 129.0 M 50
================================================================================
AV 75.2 46.4 4.2 FASTST M M 2 MAX(MPH)
MISC ----> # 22 350 33 360
================================================================================
NOTES:
# LAST OF SEVERAL OCCURRENCES
COLUMN 17 PEAK WIND IN M.P.H.
PRELIMINARY LOCAL CLIMATOLOGICAL DATA (WS FORM: F-6) , PAGE 2
STATION: PEACHTREE CITY
MONTH: OCTOBER
YEAR: 2022
LATITUDE: 33 20 N
LONGITUDE: 84 34 W
[TEMPERATURE DATA] [PRECIPITATION DATA] SYMBOLS USED IN COLUMN 16
AVERAGE MONTHLY: 60.8 TOTAL FOR MONTH: 1.82 1 = FOG OR MIST
DPTR FM NORMAL: -2.8 DPTR FM NORMAL: -1.55 2 = FOG REDUCING VISIBILITY
HIGHEST: 85 ON 7 GRTST 24HR 1.26 ON 12-13 TO 1/4 MILE OR LESS
LOWEST: 29 ON 20 3 = THUNDER
SNOW, ICE PELLETS, HAIL 4 = ICE PELLETS
TOTAL MONTH: M 5 = HAIL
GRTST 24HR M ON M 6 = FREEZING RAIN OR DRIZZLE
GRTST DEPTH: M ON M 7 = DUSTSTORM OR SANDSTORM:
VSBY 1/2 MILE OR LESS
8 = SMOKE OR HAZE
[NO. OF DAYS WITH] [WEATHER - DAYS WITH] 9 = BLOWING SNOW
X = TORNADO
MAX 32 OR BELOW: 0 0.01 INCH OR MORE: 5
MAX 90 OR ABOVE: 0 0.10 INCH OR MORE: 5
MIN 32 OR BELOW: 3 0.50 INCH OR MORE: 1
MIN 0 OR BELOW: 0 1.00 INCH OR MORE: 0
[HDD (BASE 65) ]
TOTAL THIS MO. 131 CLEAR (SCALE 0-3) 24
DPTR FM NORMAL 15 PTCLDY (SCALE 4-7) 5
TOTAL FM JUL 1 134 CLOUDY (SCALE 8-10) 2
DPTR FM NORMAL 10
[CDD (BASE 65) ]
TOTAL THIS MO. 9
DPTR FM NORMAL -64 [PRESSURE DATA]
TOTAL FM JAN 1 1992 HIGHEST SLP 30.32 ON 29
DPTR FM NORMAL 55 LOWEST SLP 29.77 ON 17
[REMARKS]
#FINAL-10-22#