000
CXUS52 KFFC 011010
CF6FFC
PRELIMINARY LOCAL CLIMATOLOGICAL DATA (WS FORM: F-6)
STATION: PEACHTREE CITY
MONTH: MAY
YEAR: 2021
LATITUDE: 33 20 N
LONGITUDE: 84 34 W
TEMPERATURE IN F: :PCPN: SNOW: WIND :SUNSHINE: SKY :PK WND
================================================================================
1 2 3 4 5 6A 6B 7 8 9 10 11 12 13 14 15 16 17 18
12Z AVG MX 2MIN
DY MAX MIN AVG DEP HDD CDD WTR SNW DPTH SPD SPD DIR MIN PSBL S-S WX SPD DR
================================================================================
1 80 54 67 1 0 2 0.00 0.0 M 3.4 13 320 M M 0 18 330
2 82 53 68 2 0 3 0.00 M M 3.5 13 140 M M 2 20 160
3 81 63 72 5 0 7 0.46 0.0 M 3.8 13 270 M M 7 138 21 250
4 82 61 72 5 0 7 1.68 0.0 M 4.2 20 120 M M 7 123 30 290
5 77 60 69 2 0 4 0.00 0.0 M 7.0 18 120 M M 5 25 120
6 73 51 62 -6 3 0 0.00 0.0 M 8.1 18 310 M M 0 27 300
7 69 46 58 -10 7 0 0.00 0.0 M 9.6 24 320 M M 0 34 330
8 78 43 61 -7 4 0 0.00 M M 2.1 14 310 M M 0 19 310
9 84 48 66 -2 0 1 0.00 M M 2.6 14 170 M M 1 1 24 130
10 78 63 71 2 0 6 0.20 M M 4.4 26 330 M M 6 1 35 320
11 79 63 71 2 0 6 0.05 0.0 M 3.5 16 330 M M 7 13 24 310
12 65 48 57 -12 8 0 1.04 M M 5.1 15 40 M M 9 1 24 40
13 71 46 59 -11 6 0 0.00 M M 3.3 12 90 M M 2 20 90
14 75 44 60 -10 5 0 0.00 M M 2.0 8 90 M M 2 14 80
15 78 46 62 -8 3 0 0.00 M M 1.0 8 180 M M 1 12 160
16 80 49 65 -5 0 0 0.00 0.0 M 1.7 10 140 M M 0 1 18 130
17 80 50 65 -6 0 0 0.00 0.0 M 4.0 15 130 M M 1 18 23 120
18 81 57 69 -2 0 4 T 0.0 M 5.8 17 130 M M 2 26 120
19 82 61 72 1 0 7 0.00 0.0 M 8.3 17 120 M M 2 27 120
20 82 61 72 0 0 7 0.00 0.0 M 8.1 21 140 M M 1 31 120
21 85 53 69 -3 0 4 0.00 M M 3.9 15 140 M M 1 24 140
22 85 56 71 -1 0 6 0.00 M M 1.8 10 20 M M 0 1 19 60
23 90 55 73 1 0 8 0.00 M M 1.8 9 310 M M 0 8 13 290
24 90 59 75 2 0 10 0.00 M M 1.4 8 270 M M 1 1 12 310
25 91 63 77 4 0 12 0.00 M M 1.6 9 250 M M 1 1 14 230
26 89 61 75 2 0 10 0.00 M M 3.1 13 250 M M 0 1 22 260
27 87 61 74 1 0 9 T M M 2.1 14 270 M M 4 1 21 250
28 84 67 76 2 0 11 0.25 M M 3.8 20 290 M M 5 138 28 310
29 75 60 68 -6 0 3 0.00 M M 8.1 17 320 M M 5 1 25 320
30 79 53 66 -8 0 1 0.00 M M 6.7 15 330 M M 2 23 350
31 81 51 66 -8 0 1 0.00 M M 3.8 13 130 M M 2 21 140
================================================================================
SM 2493 1706 36 129 3.68 0.0 129.6 M 76
================================================================================
AV 80.4 55.0 4.2 FASTST M M 2 MAX(MPH)
MISC ----> 26 330 35 320
================================================================================
NOTES:
# LAST OF SEVERAL OCCURRENCES
COLUMN 17 PEAK WIND IN M.P.H.
PRELIMINARY LOCAL CLIMATOLOGICAL DATA (WS FORM: F-6) , PAGE 2
STATION: PEACHTREE CITY
MONTH: MAY
YEAR: 2021
LATITUDE: 33 20 N
LONGITUDE: 84 34 W
[TEMPERATURE DATA] [PRECIPITATION DATA] SYMBOLS USED IN COLUMN 16
AVERAGE MONTHLY: 67.7 TOTAL FOR MONTH: 3.68 1 = FOG OR MIST
DPTR FM NORMAL: -2.7 DPTR FM NORMAL: 0.56 2 = FOG REDUCING VISIBILITY
HIGHEST: 91 ON 25 GRTST 24HR 1.68 ON 4- 4 TO 1/4 MILE OR LESS
LOWEST: 43 ON 8 3 = THUNDER
SNOW, ICE PELLETS, HAIL 4 = ICE PELLETS
TOTAL MONTH: 0.0 INCH 5 = HAIL
GRTST 24HR 0.0 6 = FREEZING RAIN OR DRIZZLE
GRTST DEPTH: M ON M 7 = DUSTSTORM OR SANDSTORM:
VSBY 1/2 MILE OR LESS
8 = SMOKE OR HAZE
[NO. OF DAYS WITH] [WEATHER - DAYS WITH] 9 = BLOWING SNOW
X = TORNADO
MAX 32 OR BELOW: 0 0.01 INCH OR MORE: 6
MAX 90 OR ABOVE: 3 0.10 INCH OR MORE: 5
MIN 32 OR BELOW: 0 0.50 INCH OR MORE: 2
MIN 0 OR BELOW: 0 1.00 INCH OR MORE: 2
[HDD (BASE 65) ]
TOTAL THIS MO. 36 CLEAR (SCALE 0-3) 22
DPTR FM NORMAL 11 PTCLDY (SCALE 4-7) 8
TOTAL FM JUL 1 2489 CLOUDY (SCALE 8-10) 1
DPTR FM NORMAL -95
[CDD (BASE 65) ]
TOTAL THIS MO. 129
DPTR FM NORMAL -64 [PRESSURE DATA]
TOTAL FM JAN 1 174 HIGHEST SLP 30.43 ON 22
DPTR FM NORMAL -86 LOWEST SLP 29.80 ON 3
[REMARKS]
#FINAL-05-21#