000
CXUS52 KFFC 011110
CF6FFC
PRELIMINARY LOCAL CLIMATOLOGICAL DATA (WS FORM: F-6)
STATION: PEACHTREE CITY
MONTH: JANUARY
YEAR: 2021
LATITUDE: 33 20 N
LONGITUDE: 84 34 W
TEMPERATURE IN F: :PCPN: SNOW: WIND :SUNSHINE: SKY :PK WND
================================================================================
1 2 3 4 5 6A 6B 7 8 9 10 11 12 13 14 15 16 17 18
12Z AVG MX 2MIN
DY MAX MIN AVG DEP HDD CDD WTR SNW DPTH SPD SPD DIR MIN PSBL S-S WX SPD DR
================================================================================
1 68 56 62 20 3 0 0.83 M M 5.5 12 290 M M 9 1 24 160
2 64 50 57 15 8 0 0.00 M M 1.4 8 140 M M 5 12 11 250
3 54 34 44 2 21 0 0.00 M M 7.0 17 320 M M 4 26 320
4 58 29 44 2 21 0 0.00 M M 2.0 12 310 M M 1 17 280
5 57 35 46 4 19 0 0.00 M M 5.5 18 310 M M 2 1 26 310
6 55 28 42 0 23 0 0.00 M M 2.3 9 320 M M 0 1 14 350
7 46 30 38 -4 27 0 0.20 M M 5.8 17 120 M M 5 1 27 120
8 43 37 40 -2 25 0 0.11 M M 8.6 18 310 M M 10 1 26 310
9 38 31 35 -7 30 0 0.00 M M 12.7 18 330 M M 10 26 320
10 49 26 38 -4 27 0 0.00 M M 2.9 9 140 M M 0 18 13 120
11 45 35 40 -2 25 0 0.11 M M 2.4 7 30 M M 8 18 11 20
12 43 37 40 -2 25 0 0.00 0.0 M 6.2 14 310 M M 10 1 17 320
13 51 29 40 -2 25 0 0.00 0.0 M 3.2 12 300 M M 4 18 16 280
14 57 25 41 -2 24 0 0.00 M M 2.3 13 250 M M 0 1 20 270
15 55 32 44 1 21 0 0.00 M M 6.9 16 270 M M 3 1 26 290
16 45 27 36 -7 29 0 0.00 M M 5.2 20 310 M M 3 32 320
17 51 26 39 -4 26 0 0.00 M M 2.7 16 260 M M 3 25 270
18 54 28 41 -2 24 0 0.00 M M 4.5 17 310 M M 0 28 290
19 63 25 44 1 21 0 0.00 M M 2.6 13 290 M M 4 1 17 240
20 57 43 50 7 15 0 T M M 6.2 15 320 M M 3 21 310
21 56 43 50 7 15 0 0.05 M M 4.1 12 330 M M 10 1 17 240
22 57 35 46 3 19 0 0.19 M M 1.5 10 330 M M 7 1 14 330
23 63 33 48 5 17 0 0.00 M M 2.9 10 350 M M 1 16 350
24 62 37 50 7 15 0 T M M 4.9 13 120 M M 7 19 140
25 73 50 62 19 3 0 0.04 M M 2.8 12 150 M M 8 1 22 210
26 69 52 61 17 4 0 0.45 M M 2.9 23 320 M M 8 13 33 300
27 60 44 52 8 13 0 0.57 M M 7.7 26 310 M M 10 18 39 310
28 49 33 41 -3 24 0 0.00 M M 15.0 26 320 M M 4 39 320
29 55 29 42 -2 23 0 0.00 M M 4.2 12 320 M M 0 17 320
30 55 26 41 -3 24 0 0.00 M M 4.6 17 140 M M 2 23 130
31 48 43 46 2 19 0 0.33 M M 5.1 22 310 M M 10 12 31 320
================================================================================
SM 1700 1088 615 0 2.88 0.0 151.6 M 151
================================================================================
AV 54.8 35.1 4.9 FASTST M M 5 MAX(MPH)
MISC ----> # 26 310 # 39 310
================================================================================
NOTES:
# LAST OF SEVERAL OCCURRENCES
COLUMN 17 PEAK WIND IN M.P.H.
PRELIMINARY LOCAL CLIMATOLOGICAL DATA (WS FORM: F-6) , PAGE 2
STATION: PEACHTREE CITY
MONTH: JANUARY
YEAR: 2021
LATITUDE: 33 20 N
LONGITUDE: 84 34 W
[TEMPERATURE DATA] [PRECIPITATION DATA] SYMBOLS USED IN COLUMN 16
AVERAGE MONTHLY: 45.0 TOTAL FOR MONTH: 2.88 1 = FOG OR MIST
DPTR FM NORMAL: 2.2 DPTR FM NORMAL: -1.32 2 = FOG REDUCING VISIBILITY
HIGHEST: 73 ON 25 GRTST 24HR 1.52 ON 31- 1 TO 1/4 MILE OR LESS
LOWEST: 25 ON 19,14 3 = THUNDER
SNOW, ICE PELLETS, HAIL 4 = ICE PELLETS
TOTAL MONTH: 0.0 INCH 5 = HAIL
GRTST 24HR 0.0 6 = FREEZING RAIN OR DRIZZLE
GRTST DEPTH: M ON M 7 = DUSTSTORM OR SANDSTORM:
VSBY 1/2 MILE OR LESS
8 = SMOKE OR HAZE
[NO. OF DAYS WITH] [WEATHER - DAYS WITH] 9 = BLOWING SNOW
X = TORNADO
MAX 32 OR BELOW: 0 0.01 INCH OR MORE: 10
MAX 90 OR ABOVE: 0 0.10 INCH OR MORE: 8
MIN 32 OR BELOW: 14 0.50 INCH OR MORE: 2
MIN 0 OR BELOW: 0 1.00 INCH OR MORE: 0
[HDD (BASE 65) ]
TOTAL THIS MO. 615 CLEAR (SCALE 0-3) 12
DPTR FM NORMAL -73 PTCLDY (SCALE 4-7) 10
TOTAL FM JUL 1 1574 CLOUDY (SCALE 8-10) 9
DPTR FM NORMAL -297
[CDD (BASE 65) ]
TOTAL THIS MO. 0
DPTR FM NORMAL 0 [PRESSURE DATA]
TOTAL FM JAN 1 0 HIGHEST SLP 30.47 ON 28
DPTR FM NORMAL 0 LOWEST SLP 29.69 ON 15
[REMARKS]
#FINAL-01-21#