000
CXUS53 KFGF 010915
CF6FGF
PRELIMINARY LOCAL CLIMATOLOGICAL DATA (WS FORM: F-6)
STATION: GRAND FORKS UNIV. (NWS) ND
MONTH: JANUARY
YEAR: 2024
LATITUDE: 47 55 N
LONGITUDE: 97 6 W
TEMPERATURE IN F: :PCPN: SNOW: WIND :SUNSHINE: SKY :PK WND
================================================================================
1 2 3 4 5 6A 6B 7 8 9 10 11 12 13 14 15 16 17 18
12Z AVG MX 2MIN
DY MAX MIN AVG DEP HDD CDD WTR SNW DPTH SPD SPD DIR MIN PSBL S-S WX SPD DR
================================================================================
1 29 17 23 15 42 0 T T 1 M M M M M M M M
2 34 25 30 22 35 0 T T T M M M M M M M M
3 25 15 20 12 45 0 T 0.2 1 M M M M M M M M
4 24 15 20 12 45 0 T 0.1 1 M M M M M M M M
5 29 23 26 18 39 0 0.11 1.1 1 M M M M M M M M
6 27 1 14 6 51 0 0.04 0.4 2 M M M M M M M M
7 5 0 3 -4 62 0 0.00 0.0 2 M M M M M M M M
8 10 4 7 0 58 0 T T 2 M M M M M M M M
9 11 -4 4 -3 61 0 T T 2 M M M M M M M M
10 20 5 13 6 52 0 T T 2 M M M M M M M M
11 11 -7 2 -5 63 0 0.01 0.2 2 M M M M M M M M
12 0 -8 -4 -11 69 0 T 0.1 2 M M M M M M M M
13 -3 -11 -7 -14 72 0 0.11 2.5 2 M M M M M M 9 M M
14 -7 -16 -11 -18 76 0 0.00 0.0 3 M M M M M M M M
15 -4 -16 -10 -16 75 0 T T 3 M M M M M M M M
16 7 -7 0 -6 65 0 T T 3 M M M M M M M M
17 5 -8 -1 -7 66 0 T T 2 M M M M M M M M
18 3 -7 -2 -8 67 0 0.01 0.1 2 M M M M M M M M
19 4 -5 0 -6 65 0 T T 2 M M M M M M M M
20 7 -8 0 -6 65 0 T T 2 M M M M M M M M
21 20 6 13 7 52 0 0.05 0.4 2 M M M M M M M M
22 20 12 16 10 49 0 0.05 0.7 3 M M M M M M M M
23 29 13 21 14 44 0 0.00 0.0 3 M M M M M M M M
24 30 28 29 22 36 0 T 0.0 2 M M M M M M M M
25 28 25 27 20 38 0 T 0.0 2 M M M M M M 16 M M
26 27 19 23 16 42 0 T 0.0 2 M M M M M M 16 M M
27 35 15 25 18 40 0 0.00 0.0 2 M M M M M M M M
28 38 20 29 22 36 0 0.00 0.0 2 M M M M M M M M
29 43 26 35 28 30 0 0.00 0.0 2 M M M M M M M M
30 35 29 32 25 33 0 0.00 0.0 1 M M M M M M M M
31 51 28 40 33 25 0 0.00 0.0 1 M M M M M M M M
================================================================================
SM 593 229 1598 0 0.38 5.8 M M M
================================================================================
AV 19.1 7.4 M FASTST M M M MAX(MPH)
MISC ----> M M M M
================================================================================
NOTES:
# LAST OF SEVERAL OCCURRENCES
COLUMN 17 PEAK WIND IN M.P.H.
PRELIMINARY LOCAL CLIMATOLOGICAL DATA (WS FORM: F-6) , PAGE 2
STATION: GRAND FORKS UNIV. (NWS) ND
MONTH: JANUARY
YEAR: 2024
LATITUDE: 47 55 N
LONGITUDE: 97 6 W
[TEMPERATURE DATA] [PRECIPITATION DATA] SYMBOLS USED IN COLUMN 16
AVERAGE MONTHLY: 13.3 TOTAL FOR MONTH: 0.38 1 = FOG OR MIST
DPTR FM NORMAL: 6.3 DPTR FM NORMAL: -0.11 2 = FOG REDUCING VISIBILITY
HIGHEST: 51 ON 31 GRTST 24HR 0.11 ON 5- 5 TO 1/4 MILE OR LESS
LOWEST: -16 ON 15,14 3 = THUNDER
SNOW, ICE PELLETS, HAIL 4 = ICE PELLETS
TOTAL MONTH: 5.8 INCHES 5 = HAIL
GRTST 24HR 2.5 ON 13-13 6 = FREEZING RAIN OR DRIZZLE
GRTST DEPTH: 3 ON 23,22 7 = DUSTSTORM OR SANDSTORM:
VSBY 1/2 MILE OR LESS
8 = SMOKE OR HAZE
[NO. OF DAYS WITH] [WEATHER - DAYS WITH] 9 = BLOWING SNOW
X = TORNADO
MAX 32 OR BELOW: 25 0.01 INCH OR MORE: 7
MAX 90 OR ABOVE: 0 0.10 INCH OR MORE: 2
MIN 32 OR BELOW: 31 0.50 INCH OR MORE: 0
MIN 0 OR BELOW: 12 1.00 INCH OR MORE: 0
[HDD (BASE 65) ]
TOTAL THIS MO. 1598 CLEAR (SCALE 0-3) 0
DPTR FM NORMAL -200 PTCLDY (SCALE 4-7) 0
TOTAL FM JUL 1 4567 CLOUDY (SCALE 8-10) 31
DPTR FM NORMAL -901
[CDD (BASE 65) ]
TOTAL THIS MO. 0
DPTR FM NORMAL 0 [PRESSURE DATA]
TOTAL FM JAN 1 0 HIGHEST SLP M ON M
DPTR FM NORMAL 0 LOWEST SLP M ON M
[REMARKS]
#FINAL-01-24#