000
CXUS53 KFGF 010815
CF6FGF
PRELIMINARY LOCAL CLIMATOLOGICAL DATA (WS FORM: F-6)
STATION: GRAND FORKS UNIV. (NWS) ND
MONTH: APRIL
YEAR: 2021
LATITUDE: 47 55 N
LONGITUDE: 97 6 W
TEMPERATURE IN F: :PCPN: SNOW: WIND :SUNSHINE: SKY :PK WND
================================================================================
1 2 3 4 5 6A 6B 7 8 9 10 11 12 13 14 15 16 17 18
12Z AVG MX 2MIN
DY MAX MIN AVG DEP HDD CDD WTR SNW DPTH SPD SPD DIR MIN PSBL S-S WX SPD DR
================================================================================
1 54 18 36 1 29 0 0.00 0.0 0 M M M M M M M M
2 70 35 53 17 12 0 0.00 0.0 0 M M M M M M M M
3 70 27 49 13 16 0 0.00 0.0 0 M M M M M M M M
4 68 34 51 14 14 0 0.00 0.0 0 M M M M M M M M
5 70 36 53 16 12 0 0.00 0.0 0 M M M M M M M M
6 59 27 43 5 22 0 0.00 0.0 0 M M M M M M M M
7 58 35 47 9 18 0 0.00 0.0 0 M M M M M M M M
8 49 39 44 5 21 0 0.46 0.0 0 M M M M M M M M
9 53 36 45 5 20 0 0.22 0.0 0 M M M M M M M M
10 59 27 43 3 22 0 0.00 0.0 0 M M M M M M M M
11 58 31 45 4 20 0 0.00 0.0 0 M M M M M M M M
12 40 25 33 -8 32 0 0.14 T T M M M M M M M M
13 30 24 27 -15 38 0 0.20 1.0 T M M M M M M M M
14 31 27 29 -13 36 0 0.01 0.1 2 M M M M M M M M
15 47 28 38 -5 27 0 0.00 0.0 1 M M M M M M M M
16 50 31 41 -3 24 0 T 0.0 0 M M M M M M M M
17 61 24 43 -1 22 0 0.00 0.0 0 M M M M M M M M
18 45 26 36 -9 29 0 0.02 0.1 0 M M M M M M M M
19 41 22 32 -13 33 0 T T 0 M M M M M M M M
20 37 17 27 -19 38 0 T T 0 M M M M M M M M
21 59 24 42 -4 23 0 T T 0 M M M M M M M M
22 65 33 49 2 16 0 0.00 0.0 0 M M M M M M M M
23 46 25 36 -11 29 0 T T 0 M M M M M M M M
24 47 18 33 -15 32 0 0.00 0.0 0 M M M M M M M M
25 45 30 38 -10 27 0 0.01 0.0 0 M M M M M M M M
26 54 35 45 -3 20 0 T 0.0 0 M M M M M M M M
27 67 39 53 4 12 0 0.00 0.0 0 M M M M M M M M
28 72 39 56 7 9 0 T 0.0 0 M M M M M M M M
29 66 31 49 -1 16 0 0.00 0.0 0 M M M M M M M M
30 60 26 43 -7 22 0 T T 0 M M M M M M 5 M M
================================================================================
SM 1631 869 691 0 1.06 1.2 M M M
================================================================================
AV 54.4 29.0 M FASTST M M M MAX(MPH)
MISC ----> M M M M
================================================================================
NOTES:
# LAST OF SEVERAL OCCURRENCES
COLUMN 17 PEAK WIND IN M.P.H.
PRELIMINARY LOCAL CLIMATOLOGICAL DATA (WS FORM: F-6) , PAGE 2
STATION: GRAND FORKS UNIV. (NWS) ND
MONTH: APRIL
YEAR: 2021
LATITUDE: 47 55 N
LONGITUDE: 97 6 W
[TEMPERATURE DATA] [PRECIPITATION DATA] SYMBOLS USED IN COLUMN 16
AVERAGE MONTHLY: 41.7 TOTAL FOR MONTH: 1.06 1 = FOG OR MIST
DPTR FM NORMAL: -1.3 DPTR FM NORMAL: 0.08 2 = FOG REDUCING VISIBILITY
HIGHEST: 72 ON 28 GRTST 24HR 0.46 ON 8- 8 TO 1/4 MILE OR LESS
LOWEST: 17 ON 20 3 = THUNDER
SNOW, ICE PELLETS, HAIL 4 = ICE PELLETS
TOTAL MONTH: 1.2 INCHES 5 = HAIL
GRTST 24HR 1.0 ON 13-13 6 = FREEZING RAIN OR DRIZZLE
GRTST DEPTH: 2 ON 14 7 = DUSTSTORM OR SANDSTORM:
VSBY 1/2 MILE OR LESS
8 = SMOKE OR HAZE
[NO. OF DAYS WITH] [WEATHER - DAYS WITH] 9 = BLOWING SNOW
X = TORNADO
MAX 32 OR BELOW: 2 0.01 INCH OR MORE: 7
MAX 90 OR ABOVE: 0 0.10 INCH OR MORE: 4
MIN 32 OR BELOW: 20 0.50 INCH OR MORE: 0
MIN 0 OR BELOW: 0 1.00 INCH OR MORE: 0
[HDD (BASE 65) ]
TOTAL THIS MO. 691 CLEAR (SCALE 0-3) 0
DPTR FM NORMAL 42 PTCLDY (SCALE 4-7) 0
TOTAL FM JUL 1 8131 CLOUDY (SCALE 8-10) 30
DPTR FM NORMAL -698
[CDD (BASE 65) ]
TOTAL THIS MO. 0
DPTR FM NORMAL -3 [PRESSURE DATA]
TOTAL FM JAN 1 0 HIGHEST SLP M ON M
DPTR FM NORMAL -3 LOWEST SLP M ON M
[REMARKS]
#FINAL-04-21#