773
CXUS53 KFGF 010915
CF6FGF
PRELIMINARY LOCAL CLIMATOLOGICAL DATA (WS FORM: F-6)
STATION: GRAND FORKS UNIV. (NWS) ND
MONTH: FEBRUARY
YEAR: 2021
LATITUDE: 47 55 N
LONGITUDE: 97 6 W
TEMPERATURE IN F: :PCPN: SNOW: WIND :SUNSHINE: SKY :PK WND
================================================================================
1 2 3 4 5 6A 6B 7 8 9 10 11 12 13 14 15 16 17 18
12Z AVG MX 2MIN
DY MAX MIN AVG DEP HDD CDD WTR SNW DPTH SPD SPD DIR MIN PSBL S-S WX SPD DR
================================================================================
1 23 16 20 11 45 0 T T 4 M M M M M M M M
2 24 19 22 12 43 0 T T 4 M M M M M M M M
3 26 22 24 14 41 0 0.01 0.1 3 M M M M M M M M
4 23 5 14 4 51 0 0.01 0.2 3 M M M M M M M M
5 7 -7 0 -10 65 0 T T 3 M M M M M M M M
6 -7 -20 -13 -24 78 0 0.00 0.0 3 M M M M M M M M
7 -9 -23 -16 -27 81 0 0.00 0.0 3 M M M M M M M M
8 -5 -23 -14 -25 79 0 0.00 0.0 3 M M M M M M M M
9 -4 -13 -8 -20 73 0 0.00 0.0 3 M M M M M M M M
10 -5 -17 -11 -23 76 0 0.00 0.0 3 M M M M M M M M
11 -9 -19 -14 -26 79 0 0.00 0.0 3 M M M M M M M M
12 -10 -24 -17 -29 82 0 0.00 0.0 3 M M M M M M M M
13 -12 -26 -19 -32 84 0 T T 3 M M M M M M 8 M M
14 -6 -26 -16 -29 81 0 0.00 0.0 3 M M M M M M M M
15 2 -20 -9 -23 74 0 0.00 0.0 3 M M M M M M M M
16 4 -17 -6 -20 71 0 0.00 0.0 2 M M M M M M M M
17 9 -9 0 -14 65 0 T T 2 M M M M M M M M
18 16 -5 6 -9 59 0 T T 2 M M M M M M M M
19 19 -1 9 -6 56 0 0.00 0.0 2 M M M M M M M M
20 28 5 17 2 48 0 0.00 0.0 2 M M M M M M M M
21 41 14 28 12 37 0 0.00 0.0 1 M M M M M M M M
22 46 28 37 21 28 0 0.00 0.0 T M M M M M M M M
23 35 22 29 13 36 0 0.11 1.9 T M M M M M M M M
24 30 7 19 2 46 0 T T 2 M M M M M M M M
25 35 10 23 6 42 0 0.00 0.0 1 M M M M M M M M
26 44 18 31 13 34 0 0.00 0.0 1 M M M M M M M M
27 18 0 9 -9 56 0 0.04 0.6 T M M M M M M M M
28 20 -4 8 -10 57 0 0.01 0.1 T M M M M M M M M
================================================================================
SM 383 -88 1667 0 0.18 2.9 M M M
================================================================================
AV 13.7 -3.1 M FASTST M M M MAX(MPH)
MISC ----> M M M M
================================================================================
NOTES:
# LAST OF SEVERAL OCCURRENCES
COLUMN 17 PEAK WIND IN M.P.H.
PRELIMINARY LOCAL CLIMATOLOGICAL DATA (WS FORM: F-6) , PAGE 2
STATION: GRAND FORKS UNIV. (NWS) ND
MONTH: FEBRUARY
YEAR: 2021
LATITUDE: 47 55 N
LONGITUDE: 97 6 W
[TEMPERATURE DATA] [PRECIPITATION DATA] SYMBOLS USED IN COLUMN 16
AVERAGE MONTHLY: 5.3 TOTAL FOR MONTH: 0.18 1 = FOG OR MIST
DPTR FM NORMAL: -8.2 DPTR FM NORMAL: -0.41 2 = FOG REDUCING VISIBILITY
HIGHEST: 46 ON 22 GRTST 24HR 0.11 ON 23-23 TO 1/4 MILE OR LESS
LOWEST: -26 ON 14,13 3 = THUNDER
SNOW, ICE PELLETS, HAIL 4 = ICE PELLETS
TOTAL MONTH: 2.9 INCHES 5 = HAIL
GRTST 24HR 1.9 ON 23-23 6 = FREEZING RAIN OR DRIZZLE
GRTST DEPTH: 4 ON 2, 1 7 = DUSTSTORM OR SANDSTORM:
VSBY 1/2 MILE OR LESS
8 = SMOKE OR HAZE
[NO. OF DAYS WITH] [WEATHER - DAYS WITH] 9 = BLOWING SNOW
X = TORNADO
MAX 32 OR BELOW: 23 0.01 INCH OR MORE: 5
MAX 90 OR ABOVE: 0 0.10 INCH OR MORE: 1
MIN 32 OR BELOW: 28 0.50 INCH OR MORE: 0
MIN 0 OR BELOW: 17 1.00 INCH OR MORE: 0
[HDD (BASE 65) ]
TOTAL THIS MO. 1667 CLEAR (SCALE 0-3) 0
DPTR FM NORMAL 225 PTCLDY (SCALE 4-7) 0
TOTAL FM JUL 1 6518 CLOUDY (SCALE 8-10) 28
DPTR FM NORMAL -442
[CDD (BASE 65) ]
TOTAL THIS MO. 0
DPTR FM NORMAL 0 [PRESSURE DATA]
TOTAL FM JAN 1 0 HIGHEST SLP M ON M
DPTR FM NORMAL 0 LOWEST SLP M ON M
[REMARKS]
#FINAL-02-21#