000
CXUS53 KMKX 010810
CF6FLD
PRELIMINARY LOCAL CLIMATOLOGICAL DATA (WS FORM: F-6)
STATION: FOND_DU_LAC WI
MONTH: JUNE
YEAR: 2022
LATITUDE: 43 46 N
LONGITUDE: 88 29 W
TEMPERATURE IN F: :PCPN: SNOW: WIND :SUNSHINE: SKY :PK WND
================================================================================
1 2 3 4 5 6A 6B 7 8 9 10 11 12 13 14 15 16 17 18
12Z AVG MX 2MIN
DY MAX MIN AVG DEP HDD CDD WTR SNW DPTH SPD SPD DIR MIN PSBL S-S WX SPD DR
================================================================================
1 75 58 67 4 0 2 0.00 M M 8.1 17 310 M M 0 22 320
2 76 50 63 -1 2 0 0.00 M M 7.1 17 280 M M 1 28 240
3 74 47 61 -3 4 0 0.00 M M 9.8 25 280 M M 0 34 260
4 71 42 57 -7 8 0 0.00 M M 5.8 16 220 M M 1 22 210
5 65 55 60 -5 5 0 1.19 M M 4.6 12 130 M M 10 1 14 100
6 64 55 60 -5 5 0 0.77 M M 7.8 18 20 M M 9 18 24 20
7 73 54 64 -1 1 0 0.00 M M 5.8 14 120 M M 6 1 18 120
8 60 52 56 -10 9 0 0.89 M M 5.5 15 170 M M 8 1 19 170
9 77 51 64 -2 1 0 0.00 M M 7.7 20 310 M M 3 12 25 310
10 80 50 65 -1 0 0 0.00 M M 5.8 13 210 M M 4 19 210
11 71 58 65 -1 0 0 T M M 7.5 14 180 M M 6 1 19 180
12 74 54 64 -3 1 0 0.00 M M 7.7 15 20 M M 4 19 20
13 75 51 63 -4 2 0 0.35 M M 8.7 25 130 M M 4 138 36 130
14 96 67 82 15 0 17 0.00 M M 12.0 24 190 M M 1 1 32 190
15 93 69 81 13 0 16 1.03 M M 11.2 30 180 M M 2 13 44 190
16 86 65 76 8 0 11 0.00 M M 13.2 30 270 M M 0 1 43 270
17 83 58 71 3 0 6 0.00 0.0 0 10.7 24 320 M M 1 30 320
18 73 48 61 -7 4 0 0.00 0.0 0 6.1 16 50 M M 0 21 40
19 83 49 66 -3 0 1 T M M 8.1 17 190 M M 0 23 180
20 92 68 80 11 0 15 0.00 M M 10.6 18 190 M M 0 26 210
21 94 73 84 15 0 19 T M M 11.9 21 210 M M 1 3 29 210
22 84 62 73 4 0 8 T M M 9.7 20 320 M M 0 26 320
23 86 56 71 2 0 6 0.00 M M 5.7 12 180 M M 0 8 18 220
24 92 66 79 9 0 14 0.00 M M 8.3 17 200 M M 0 23 200
25 74 66 70 0 0 5 0.05 M M 7.0 20 210 M M 5 18 27 200
26 77 60 69 -1 0 4 0.00 M M 13.3 26 300 M M 2 18 37 300
27 76 53 65 -5 0 0 0.00 M M 9.0 22 310 M M 0 30 310
28 86 57 72 2 0 7 0.07 M M 9.2 21 250 M M 3 3 31 250
29 82 59 71 1 0 6 0.00 M M 6.2 17 130 M M 5 1 22 140
30 87 67 77 7 0 12 0.00 M M 12.1 23 200 M M 2 34 200
================================================================================
SM 2379 1720 42 149 4.35 0.0 256.2 M 78
================================================================================
AV 79.3 57.3 8.5 FASTST M M 3 MAX(MPH)
MISC ----> # 30 180 44 190
================================================================================
NOTES:
# LAST OF SEVERAL OCCURRENCES
COLUMN 17 PEAK WIND IN M.P.H.
PRELIMINARY LOCAL CLIMATOLOGICAL DATA (WS FORM: F-6) , PAGE 2
STATION: FOND_DU_LAC WI
MONTH: JUNE
YEAR: 2022
LATITUDE: 43 46 N
LONGITUDE: 88 29 W
[TEMPERATURE DATA] [PRECIPITATION DATA] SYMBOLS USED IN COLUMN 16
AVERAGE MONTHLY: 68.3 TOTAL FOR MONTH: 4.35 1 = FOG OR MIST
DPTR FM NORMAL: 0.9 DPTR FM NORMAL: 0.21 2 = FOG REDUCING VISIBILITY
HIGHEST: 96 ON 14 GRTST 24HR 1.82 ON 5- 6 TO 1/4 MILE OR LESS
LOWEST: 42 ON 4 3 = THUNDER
SNOW, ICE PELLETS, HAIL 4 = ICE PELLETS
TOTAL MONTH: 0.0 INCH 5 = HAIL
GRTST 24HR 0.0 6 = FREEZING RAIN OR DRIZZLE
GRTST DEPTH: 0 7 = DUSTSTORM OR SANDSTORM:
VSBY 1/2 MILE OR LESS
8 = SMOKE OR HAZE
[NO. OF DAYS WITH] [WEATHER - DAYS WITH] 9 = BLOWING SNOW
X = TORNADO
MAX 32 OR BELOW: 0 0.01 INCH OR MORE: 7
MAX 90 OR ABOVE: 5 0.10 INCH OR MORE: 5
MIN 32 OR BELOW: 0 0.50 INCH OR MORE: 4
MIN 0 OR BELOW: 0 1.00 INCH OR MORE: 2
[HDD (BASE 65) ]
TOTAL THIS MO. 42 CLEAR (SCALE 0-3) 20
DPTR FM NORMAL -8 PTCLDY (SCALE 4-7) 8
TOTAL FM JUL 1 6750 CLOUDY (SCALE 8-10) 2
DPTR FM NORMAL -529
[CDD (BASE 65) ]
TOTAL THIS MO. 149
DPTR FM NORMAL 25 [PRESSURE DATA]
TOTAL FM JAN 1 236 HIGHEST SLP M ON M
DPTR FM NORMAL 78 LOWEST SLP 29.65 ON 15
[REMARKS]
#FINAL-06-22#