000
CXUS56 KFGZ 050710
CF6FLG
PRELIMINARY LOCAL CLIMATOLOGICAL DATA (WS FORM: F-6)
STATION: FLAGSTAFF AZ AIRPORT
MONTH: JULY
YEAR: 2023
LATITUDE: 35 7 N
LONGITUDE: 111 40 W
TEMPERATURE IN F: :PCPN: SNOW: WIND :SUNSHINE: SKY :PK WND
================================================================================
1 2 3 4 5 6A 6B 7 8 9 10 11 12 13 14 15 16 17 18
12Z AVG MX 2MIN
DY MAX MIN AVG DEP HDD CDD WTR SNW DPTH SPD SPD DIR MIN PSBL S-S WX SPD DR
================================================================================
1 87 44 66 1 0 1 0.00 0.0 0 3.2 13 150 M M 1 16 80
2 90 46 68 3 0 3 0.00 0.0 0 2.6 18 240 M M 0 27 250
3 90 50 70 4 0 5 0.00 0.0 0 4.4 17 230 M M 0 23 220
4 87 55 71 5 0 6 0.00 0.0 0 10.3 31 220 M M 0 38 230
5 84 47 66 0 0 1 0.00 0.0 0 10.7 29 220 M M 0 36 220
6 86 50 68 2 0 3 0.00 0.0 0 10.3 31 220 M M 0 8 42 220
7 85 47 66 0 0 1 0.00 0.0 0 10.0 28 210 M M 0 36 200
8 85 49 67 1 0 2 0.00 0.0 0 9.3 28 220 M M 0 35 200
9 86 53 70 4 0 5 0.00 0.0 0 9.3 25 220 M M 0 31 220
10 87 53 70 3 0 5 0.00 0.0 0 6.8 24 210 M M 0 32 230
11 84 59 72 5 0 7 0.00 0.0 0 8.1 22 230 M M 2 29 210
12 87 57 72 5 0 7 0.00 0.0 0 7.7 20 230 M M 3 28 250
13 90 57 74 7 0 9 0.00 0.0 0 4.3 22 220 M M 1 29 210
14 93 61 77 10 0 12 0.00 0.0 0 5.1 20 220 M M 0 29 210
15 95 56 76 9 0 11 0.00 0.0 0 6.8 21 60 M M 0 29 60
16 96 49 73 6 0 8 0.00 0.0 0 4.7 18 50 M M 0 32 60
17 95 57 76 9 0 11 T 0.0 0 6.9 21 20 M M 1 3 32 220
18 92 57 75 8 0 10 0.00 0.0 0 6.4 22 210 M M 1 3 30 210
19 92 57 75 8 0 10 0.00 0.0 0 5.6 21 210 M M 1 31 230
20 93 59 76 9 0 11 0.00 0.0 0 5.6 25 220 M M 0 39 200
21 91 56 74 7 0 9 T 0.0 0 5.1 37 210 M M 2 3 48 210
22 94 54 74 7 0 9 0.00 0.0 0 4.3 21 70 M M 0 28 70
23 88 59 74 7 0 9 0.03 0.0 0 6.0 23 210 M M 1 3 40 180
24 88 53 71 4 0 6 0.00 0.0 0 6.8 23 220 M M 1 3 31 230
25 92 54 73 6 0 8 0.00 0.0 0 4.4 18 220 M M 1 31 180
26 89 55 72 5 0 7 0.02 0.0 0 3.7 17 340 M M 2 3 34 330
27 91 56 74 7 0 9 0.00 0.0 0 5.3 23 210 M M 1 3 32 220
28 89 53 71 4 0 6 0.00 0.0 0 3.6 15 220 M M 2 3 22 30
29 88 56 72 5 0 7 0.16 0.0 0 3.2 21 230 M M 2 3 28 230
30 82 59 71 4 0 6 0.36 0.0 0 4.4 16 80 M M 4 138 24 50
31 81 52 67 0 0 2 0.14 0.0 0 3.9 15 120 M M 3 13 26 150
================================================================================
SM 2757 1670 0 206 0.71 0.0 188.8 M 29
================================================================================
AV 88.9 53.9 6.1 FASTST M M 1 MAX(MPH)
MISC ----> 37 210 48 210
================================================================================
NOTES:
# LAST OF SEVERAL OCCURRENCES
COLUMN 17 PEAK WIND IN M.P.H.
PRELIMINARY LOCAL CLIMATOLOGICAL DATA (WS FORM: F-6) , PAGE 2
STATION: FLAGSTAFF AZ AIRPORT
MONTH: JULY
YEAR: 2023
LATITUDE: 35 7 N
LONGITUDE: 111 40 W
[TEMPERATURE DATA] [PRECIPITATION DATA] SYMBOLS USED IN COLUMN 16
AVERAGE MONTHLY: 71.4 TOTAL FOR MONTH: 0.71 1 = FOG OR MIST
DPTR FM NORMAL: 4.7 DPTR FM NORMAL: -1.90 2 = FOG REDUCING VISIBILITY
HIGHEST: 96 ON 16 GRTST 24HR 0.36 ON 30-30 TO 1/4 MILE OR LESS
LOWEST: 44 ON 1 3 = THUNDER
SNOW, ICE PELLETS, HAIL 4 = ICE PELLETS
TOTAL MONTH: 0.0 INCH 5 = HAIL
GRTST 24HR 0.0 6 = FREEZING RAIN OR DRIZZLE
GRTST DEPTH: 0 7 = DUSTSTORM OR SANDSTORM:
VSBY 1/2 MILE OR LESS
8 = SMOKE OR HAZE
[NO. OF DAYS WITH] [WEATHER - DAYS WITH] 9 = BLOWING SNOW
X = TORNADO
MAX 32 OR BELOW: 0 0.01 INCH OR MORE: 5
MAX 90 OR ABOVE: 14 0.10 INCH OR MORE: 3
MIN 32 OR BELOW: 0 0.50 INCH OR MORE: 0
MIN 0 OR BELOW: 0 1.00 INCH OR MORE: 0
[HDD (BASE 65) ]
TOTAL THIS MO. 0 CLEAR (SCALE 0-3) 30
DPTR FM NORMAL -23 PTCLDY (SCALE 4-7) 1
TOTAL FM JUL 1 0 CLOUDY (SCALE 8-10) 0
DPTR FM NORMAL -23
[CDD (BASE 65) ]
TOTAL THIS MO. 206
DPTR FM NORMAL 130 [PRESSURE DATA]
TOTAL FM JAN 1 208 HIGHEST SLP 30.17 ON 29
DPTR FM NORMAL 109 LOWEST SLP 29.76 ON 7
[REMARKS]
#FINAL-07-23#