000
CXUS52 KMFL 011353
CLMFLL
CLIMATE REPORT
NATIONAL WEATHER SERVICE MIAMI, FL
853 AM EST MON JAN 01 2024
...................................
...THE FORT LAUDERDALE CLIMATE SUMMARY FOR THE MONTH OF DECEMBER 2023...
CLIMATE NORMAL PERIOD: 1991 TO 2020
CLIMATE RECORD PERIOD: 1912 TO 2023
WEATHER OBSERVED NORMAL DEPART LAST YEAR`S
VALUE DATE(S) VALUE FROM VALUE
NORMAL
..............................................................
TEMPERATURE (F)
RECORD
HIGH 90 12/08/1919
LOW 29 12/25/1989
12/13/1934
HIGHEST 87 12/03 84
LOWEST 52 12/31 44
AVG. MAXIMUM 76.2 77.7 -1.5 78.1
AVG. MINIMUM 64.7 64.7 0.0 65.5
MEAN 70.5 71.2 -0.7 71.8
DAYS MAX >= 90 0 0
DAYS MAX <= 32 0 0
DAYS MIN <= 32 0 0
DAYS MIN <= 0 0 0
PRECIPITATION (INCHES)
RECORD
MAXIMUM 20.45 1958
MINIMUM 0.00 1956
TOTALS 4.55 2.78 1.77 2.18
DAILY AVG. 0.15 0.09 0.06 0.07
DAYS >= .01 12 MM
DAYS >= .10 7 MM
DAYS >= .50 3 MM
DAYS >= 1.00 1 MM
GREATEST
24 HR. TOTAL 2.27 12/16 TO 12/17 1.17
DEGREE DAYS
HEATING TOTAL 11 29 -18 44
SINCE 7/1 11 34 -23 MM
COOLING TOTAL 189 221 -32 263
SINCE 1/1 5061 4572 489 MM
..............................................................
WIND (MPH)
AVERAGE WIND SPEED 10.9
HIGHEST WIND SPEED/DIRECTION 36/120 DATE 12/16
HIGHEST GUST SPEED/DIRECTION 47/150 DATE 12/16
47/150 12/17
SKY COVER
POSSIBLE SUNSHINE (PERCENT) MM
AVERAGE SKY COVER 0.63
NUMBER OF DAYS FAIR 4
NUMBER OF DAYS PC 19
NUMBER OF DAYS CLOUDY 8
AVERAGE RH (PERCENT) 75
WEATHER CONDITIONS. NUMBER OF DAYS WITH
THUNDERSTORM 2 MIXED PRECIP 0
HEAVY RAIN 3 RAIN 5
LIGHT RAIN 13 FREEZING RAIN 0
LT FREEZING RAIN 0 HAIL 0
HEAVY SNOW 0 SNOW 0
LIGHT SNOW 0 SLEET 0
FOG 9 FOG W/VIS <= 1/4 MILE 0
HAZE 1
- INDICATES NEGATIVE NUMBERS.
R INDICATES RECORD WAS SET OR TIED.
MM INDICATES DATA IS MISSING.
T INDICATES TRACE AMOUNT.
$$