000
CXUS54 KTSA 141229
CF6FSM
PRELIMINARY LOCAL CLIMATOLOGICAL DATA (WS FORM: F-6)
STATION: FORT SMITH ARKANSAS
MONTH: JANUARY
YEAR: 2022
LATITUDE: 35 19 N
LONGITUDE: 94 22 W
TEMPERATURE IN F: :PCPN: SNOW: WIND :SUNSHINE: SKY :PK WND
================================================================================
1 2 3 4 5 6A 6B 7 8 9 10 11 12 13 14 15 16 17 18
12Z AVG MX 2MIN
DY MAX MIN AVG DEP HDD CDD WTR SNW DPTH SPD SPD DIR MIN PSBL S-S WX SPD DR
================================================================================
1 60 24 42 2 23 0 1.47 0.0 0 9.9 26 260 M M 10 13 33 250
2 32 19 26 -14 39 0 T T 0 10.7 20 300 M M 6 28 290
3 45 19 32 -8 33 0 0.00 0.0 0 3.2 9 60 M M 0 11 50
4 53 25 39 -1 26 0 0.00 0.0 0 6.1 16 200 M M 0 23 160
5 53 32 43 3 22 0 0.00 0.0 0 5.3 12 60 M M 0 17 50
6 40 23 32 -8 33 0 0.00 0.0 0 10.6 18 10 M M 5 24 10
7 40 21 31 -9 34 0 0.00 0.0 0 8.0 16 80 M M 1 21 80
8 44 34 39 -1 26 0 0.02 0.0 0 11.5 17 80 M M 10 1 22 90
9 53 34 44 4 21 0 T 0.0 0 9.7 23 20 M M 7 1 30 20
10 51 23 37 -3 28 0 0.00 0.0 0 4.4 14 250 M M 0 17 250
11 60 25 43 3 22 0 0.00 0.0 0 3.6 13 210 M M 0 18 250
12 64 28 46 6 19 0 0.00 0.0 0 4.8 16 280 M M 0 22 280
13 67 34 51 11 14 0 0.00 0.0 0 7.3 15 280 M M 0 20 250
14 58 34 46 6 19 0 0.00 0.0 0 7.5 16 60 M M 0 21 70
15 50 28 39 -1 26 0 0.22 2.0 0 11.5 25 330 M M 10 18 37 320
16 33 25 29 -11 36 0 0.00 0.0 2 8.9 16 280 M M 7 18 21 290
17 53 26 40 0 25 0 0.00 0.0 1 5.7 13 260 M M 0 1 15 250
18 65 31 48 8 17 0 0.00 0.0 0 6.5 23 210 M M 0 32 210
19 59 28 44 4 21 0 T 0.0 0 10.4 25 360 M M 7 8 31 360
20 33 21 27 -13 38 0 0.00 0.0 0 10.3 20 20 M M 2 30 20
21 36 16 26 -14 39 0 0.00 0.0 0 5.1 10 80 M M 0 13 50
22 45 19 32 -9 33 0 0.00 0.0 0 3.3 13 260 M M 0 16 260
23 57 22 40 -1 25 0 0.00 0.0 0 4.2 15 250 M M 0 19 250
24 66 26 46 5 19 0 0.00 0.0 0 3.6 18 10 M M 0 25 10
25 51 32 42 1 23 0 0.00 0.0 0 8.8 15 30 M M 1 20 60
26 44 24 34 -7 31 0 0.00 0.0 0 7.5 17 80 M M 3 8 21 70
27 44 31 38 -3 27 0 0.00 0.0 0 3.9 12 50 M M 9 14 50
28 50 26 38 -3 27 0 0.00 0.0 0 8.5 22 330 M M 0 1 32 350
29 61 20 41 -1 24 0 0.00 0.0 0 4.6 16 230 M M 0 23 230
30 65 25 45 3 20 0 0.00 0.0 0 3.8 13 260 M M 0 15 260
31 70 31 51 9 14 0 0.00 0.0 0 6.4 17 200 M M 1 26 210
================================================================================
SM 1602 806 804 0 1.71 2.0 215.6 M 79
================================================================================
AV 51.7 26.0 7.0 FASTST M M 3 MAX(MPH)
MISC ----> 26 260 37 320
================================================================================
NOTES:
# LAST OF SEVERAL OCCURRENCES
COLUMN 17 PEAK WIND IN M.P.H.
PRELIMINARY LOCAL CLIMATOLOGICAL DATA (WS FORM: F-6) , PAGE 2
STATION: FORT SMITH ARKANSAS
MONTH: JANUARY
YEAR: 2022
LATITUDE: 35 19 N
LONGITUDE: 94 22 W
[TEMPERATURE DATA] [PRECIPITATION DATA] SYMBOLS USED IN COLUMN 16
AVERAGE MONTHLY: 38.8 TOTAL FOR MONTH: 1.71 1 = FOG OR MIST
DPTR FM NORMAL: -1.6 DPTR FM NORMAL: -1.20 2 = FOG REDUCING VISIBILITY
HIGHEST: 70 ON 31 GRTST 24HR 1.47 ON 1- 1 TO 1/4 MILE OR LESS
LOWEST: 16 ON 21 3 = THUNDER
SNOW, ICE PELLETS, HAIL 4 = ICE PELLETS
TOTAL MONTH: 2.0 INCHES 5 = HAIL
GRTST 24HR 2.0 ON 15-15 6 = FREEZING RAIN OR DRIZZLE
GRTST DEPTH: 2 ON 16 7 = DUSTSTORM OR SANDSTORM:
VSBY 1/2 MILE OR LESS
8 = SMOKE OR HAZE
[NO. OF DAYS WITH] [WEATHER - DAYS WITH] 9 = BLOWING SNOW
X = TORNADO
MAX 32 OR BELOW: 1 0.01 INCH OR MORE: 3
MAX 90 OR ABOVE: 0 0.10 INCH OR MORE: 2
MIN 32 OR BELOW: 27 0.50 INCH OR MORE: 1
MIN 0 OR BELOW: 0 1.00 INCH OR MORE: 1
[HDD (BASE 65) ]
TOTAL THIS MO. 804 CLEAR (SCALE 0-3) 21
DPTR FM NORMAL 43 PTCLDY (SCALE 4-7) 6
TOTAL FM JUL 1 1605 CLOUDY (SCALE 8-10) 4
DPTR FM NORMAL -392
[CDD (BASE 65) ]
TOTAL THIS MO. 0
DPTR FM NORMAL 0 [PRESSURE DATA]
TOTAL FM JAN 1 0 HIGHEST SLP 30.74 ON 10
DPTR FM NORMAL 0 LOWEST SLP 29.60 ON 1
[REMARKS]
#FINAL-01-22#