000
CXUS54 KTSA 010840
CF6FSM
PRELIMINARY LOCAL CLIMATOLOGICAL DATA (WS FORM: F-6)
STATION: FORT SMITH ARKANSAS
MONTH: MARCH
YEAR: 2020
LATITUDE: 35 19 N
LONGITUDE: 94 22 W
TEMPERATURE IN F: :PCPN: SNOW: WIND :SUNSHINE: SKY :PK WND
================================================================================
1 2 3 4 5 6A 6B 7 8 9 10 11 12 13 14 15 16 17 18
12Z AVG MX 2MIN
DY MAX MIN AVG DEP HDD CDD WTR SNW DPTH SPD SPD DIR MIN PSBL S-S WX SPD DR
================================================================================
1 70 45 58 10 7 0 0.00 0.0 0 7.2 20 210 M M 6 29 200
2 78 50 64 15 1 0 0.00 0.0 0 7.0 21 280 M M 3 18 26 240
3 69 44 57 8 8 0 0.00 0.0 0 2.8 9 350 M M 0 14 350
4 62 47 55 6 10 0 0.00 0.0 0 2.6 10 30 M M 0 14 70
5 73 38 56 6 9 0 0.00 0.0 0 6.9 25 340 M M 0 35 330
6 67 41 54 4 11 0 0.00 0.0 0 5.4 13 360 M M 0 17 340
7 67 36 52 2 13 0 0.00 0.0 0 7.5 15 120 M M 1 8 20 120
8 71 40 56 5 9 0 0.00 0.0 0 7.3 17 210 M M 1 8 25 200
9 71 53 62 11 3 0 0.34 0.0 0 10.7 26 210 M M 8 1 40 200
10 68 45 57 6 8 0 0.00 0.0 0 5.5 15 290 M M 5 18 290
11 74 51 63 11 2 0 0.06 0.0 0 6.0 18 10 M M 4 13 23 10
12 88 58 73 21 0 8 0.00 0.0 0 10.9 25 230 M M 6 1 33 230
13 66 44 55 3 10 0 0.72 0.0 0 13.2 22 70 M M 8 1 33 90
14 53 43 48 -4 17 0 0.77 0.0 0 7.1 18 70 M M 10 13 25 90
15 54 47 51 -2 14 0 0.00 0.0 0 8.9 16 50 M M 10 1 21 40
16 50 43 47 -6 18 0 0.06 0.0 0 8.7 21 110 M M 10 1 31 120
17 56 48 52 -1 13 0 0.18 0.0 0 7.3 16 80 M M 10 1 21 80
18 78 51 65 11 0 0 0.97 0.0 0 7.3 17 200 M M 8 13 24 210
19 79 65 72 18 0 7 0.80 0.0 0 8.9 22 290 M M 7 13 34 190
20 67 44 56 2 9 0 0.00 0.0 0 11.6 24 290 M M 7 32 290
21 58 37 48 -6 17 0 0.00 0.0 0 7.8 13 60 M M 3 19 120
22 52 45 49 -6 16 0 0.36 0.0 0 8.8 15 80 M M 9 1 20 80
23 60 49 55 0 10 0 0.01 0.0 0 6.9 13 90 M M 9 1 18 90
24 81 54 68 13 0 3 0.01 0.0 0 8.3 18 270 M M 5 27 280
25 71 48 60 4 5 0 0.00 0.0 0 8.7 18 50 M M 1 23 40
26 92 54 73 17 0 8 0.00 0.0 0 6.9 15 220 M M 0 19 270
27 79 69 74 18 0 9 T 0.0 0 6.0 15 220 M M 1 23 220
28 77 56 67 11 0 2 0.13 0.0 0 10.4 26 240 M M 3 13 36 230
29 73 44 59 2 6 0 0.00 0.0 0 5.3 18 290 M M 0 26 290
30 66 51 59 2 6 0 1.45 0.0 0 8.6 20 90 M M 6 1 27 180
31 70 50 60 3 5 0 0.11 0.0 0 6.8 17 80 M M 6 1 23 80
================================================================================
SM 2140 1490 227 37 5.97 0.0 237.3 M 147
================================================================================
AV 69.0 48.1 7.7 FASTST M M 5 MAX(MPH)
MISC ----> # 26 210 # 40 200
================================================================================
NOTES:
# LAST OF SEVERAL OCCURRENCES
COLUMN 17 PEAK WIND IN M.P.H.
PRELIMINARY LOCAL CLIMATOLOGICAL DATA (WS FORM: F-6) , PAGE 2
STATION: FORT SMITH ARKANSAS
MONTH: MARCH
YEAR: 2020
LATITUDE: 35 19 N
LONGITUDE: 94 22 W
[TEMPERATURE DATA] [PRECIPITATION DATA] SYMBOLS USED IN COLUMN 16
AVERAGE MONTHLY: 58.6 TOTAL FOR MONTH: 5.97 1 = FOG OR MIST
DPTR FM NORMAL: 5.6 DPTR FM NORMAL: 2.12 2 = FOG REDUCING VISIBILITY
HIGHEST: 92 ON 26 GRTST 24HR 1.45 ON 30-30 TO 1/4 MILE OR LESS
LOWEST: 36 ON 7 3 = THUNDER
SNOW, ICE PELLETS, HAIL 4 = ICE PELLETS
TOTAL MONTH: 0.0 INCH 5 = HAIL
GRTST 24HR 0.0 6 = FREEZING RAIN OR DRIZZLE
GRTST DEPTH: 0 7 = DUSTSTORM OR SANDSTORM:
VSBY 1/2 MILE OR LESS
8 = SMOKE OR HAZE
[NO. OF DAYS WITH] [WEATHER - DAYS WITH] 9 = BLOWING SNOW
X = TORNADO
MAX 32 OR BELOW: 0 0.01 INCH OR MORE: 14
MAX 90 OR ABOVE: 1 0.10 INCH OR MORE: 10
MIN 32 OR BELOW: 0 0.50 INCH OR MORE: 5
MIN 0 OR BELOW: 0 1.00 INCH OR MORE: 1
[HDD (BASE 65) ]
TOTAL THIS MO. 227 CLEAR (SCALE 0-3) 12
DPTR FM NORMAL -159 PTCLDY (SCALE 4-7) 13
TOTAL FM JUL 1 2677 CLOUDY (SCALE 8-10) 6
DPTR FM NORMAL -382
[CDD (BASE 65) ]
TOTAL THIS MO. 37
DPTR FM NORMAL 26 [PRESSURE DATA]
TOTAL FM JAN 1 37 HIGHEST SLP 30.57 ON 6
DPTR FM NORMAL 25 LOWEST SLP 29.60 ON 27
[REMARKS]
#FINAL-03-20#