000
CXUS52 KFFC 011010
CF6FTY
PRELIMINARY LOCAL CLIMATOLOGICAL DATA (WS FORM: F-6)
STATION: FULTON COUNTY AIRPORT
MONTH: MAY
YEAR: 2022
LATITUDE: 33 46 N
LONGITUDE: 84 31 W
TEMPERATURE IN F: :PCPN: SNOW: WIND :SUNSHINE: SKY :PK WND
================================================================================
1 2 3 4 5 6A 6B 7 8 9 10 11 12 13 14 15 16 17 18
12Z AVG MX 2MIN
DY MAX MIN AVG DEP HDD CDD WTR SNW DPTH SPD SPD DIR MIN PSBL S-S WX SPD DR
================================================================================
1 81 61 71 5 0 6 0.00 M M 5.0 15 210 M M 3 22 210
2 86 63 75 9 0 10 T M M 3.6 13 200 M M 1 3 23 200
3 86 61 74 8 0 9 0.00 M M 5.1 17 240 M M 1 27 210
4 86 63 75 9 0 10 0.33 M M 3.8 20 230 M M 5 13 34 210
5 88 62 75 8 0 10 0.00 M M 3.3 12 240 M M 1 1 19 250
6 81 64 73 6 0 8 0.18 M M 10.3 25 260 M M 5 13 40 230
7 69 58 64 -3 1 0 0.00 M M 10.8 20 280 M M 9 28 290
8 70 53 62 -6 3 0 0.00 M M 3.6 10 80 M M 6 13 90
9 74 55 65 -3 0 0 0.00 M M 5.9 15 100 M M 1 22 80
10 82 49 66 -2 0 1 0.00 M M 3.1 12 90 M M 0 19 90
11 84 54 69 1 0 4 0.00 M M 3.7 14 330 M M 0 22 320
12 85 58 72 3 0 7 0.00 M M 6.8 16 50 M M 1 22 50
13 80 63 72 3 0 7 0.23 M M 6.0 26 170 M M 7 3 37 170
14 82 61 72 3 0 7 0.00 M M 3.1 8 230 M M 2 13 240
15 84 63 74 4 0 9 0.36 M M 2.7 12 150 M M 4 13 14 150
16 85 62 74 4 0 9 0.00 M M 5.9 16 290 M M 1 23 310
17 84 54 69 -1 0 4 0.00 M M 3.5 12 60 M M 0 20 40
18 87 54 71 1 0 6 0.00 M M 3.4 14 190 M M 0 19 240
19 91 63 77 6 0 12 0.00 M M 4.4 15 240 M M 1 23 240
20 88 66 77 6 0 12 0.00 M M 6.5 16 190 M M 2 30 190
21 88 71 80 9 0 15 T M M 5.6 14 150 M M 3 19 140
22 88 70 79 7 0 14 0.01 M M 5.9 22 220 M M 3 30 220
23 76 67 72 0 0 7 1.41 M M 6.8 21 240 M M 8 13 39 180
24 83 65 74 2 0 9 T M M 3.1 24 150 M M 2 37 150
25 78 68 73 1 0 8 0.17 M M 7.5 17 80 M M 8 1 25 80
26 77 68 73 0 0 8 0.52 M M 7.5 17 210 M M 9 13 27 200
27 82 65 74 1 0 9 0.00 M M 6.7 20 270 M M 7 27 270
28 81 57 69 -4 0 4 0.00 M M 2.9 13 300 M M 1 17 300
29 86 60 73 0 0 8 0.00 M M 3.4 14 160 M M 2 22 160
30 88 63 76 2 0 11 0.01 M M 3.5 16 130 M M 3 3 24 120
31 88 64 76 2 0 11 0.00 M M 3.1 9 190 M M 3 15 80
================================================================================
SM 2568 1905 4 235 3.22 M 156.5 M 99
================================================================================
AV 82.8 61.5 5.0 FASTST M M 3 MAX(MPH)
MISC ----> 26 170 40 230
================================================================================
NOTES:
# LAST OF SEVERAL OCCURRENCES
COLUMN 17 PEAK WIND IN M.P.H.
PRELIMINARY LOCAL CLIMATOLOGICAL DATA (WS FORM: F-6) , PAGE 2
STATION: FULTON COUNTY AIRPORT
MONTH: MAY
YEAR: 2022
LATITUDE: 33 46 N
LONGITUDE: 84 31 W
[TEMPERATURE DATA] [PRECIPITATION DATA] SYMBOLS USED IN COLUMN 16
AVERAGE MONTHLY: 72.1 TOTAL FOR MONTH: 3.22 1 = FOG OR MIST
DPTR FM NORMAL: 2.3 DPTR FM NORMAL: -0.42 2 = FOG REDUCING VISIBILITY
HIGHEST: 91 ON 19 GRTST 24HR 1.42 ON 22-23 TO 1/4 MILE OR LESS
LOWEST: 49 ON 10 3 = THUNDER
SNOW, ICE PELLETS, HAIL 4 = ICE PELLETS
TOTAL MONTH: M 5 = HAIL
GRTST 24HR M ON M 6 = FREEZING RAIN OR DRIZZLE
GRTST DEPTH: M ON M 7 = DUSTSTORM OR SANDSTORM:
VSBY 1/2 MILE OR LESS
8 = SMOKE OR HAZE
[NO. OF DAYS WITH] [WEATHER - DAYS WITH] 9 = BLOWING SNOW
X = TORNADO
MAX 32 OR BELOW: 0 0.01 INCH OR MORE: 9
MAX 90 OR ABOVE: 1 0.10 INCH OR MORE: 7
MIN 32 OR BELOW: 0 0.50 INCH OR MORE: 2
MIN 0 OR BELOW: 0 1.00 INCH OR MORE: 1
[HDD (BASE 65) ]
TOTAL THIS MO. 4 CLEAR (SCALE 0-3) 19
DPTR FM NORMAL -25 PTCLDY (SCALE 4-7) 9
TOTAL FM JUL 1 2378 CLOUDY (SCALE 8-10) 3
DPTR FM NORMAL -396
[CDD (BASE 65) ]
TOTAL THIS MO. 235
DPTR FM NORMAL 57 [PRESSURE DATA]
TOTAL FM JAN 1 278 HIGHEST SLP 30.29 ON 10
DPTR FM NORMAL 48 LOWEST SLP 29.62 ON 6
[REMARKS]
#FINAL-05-22#