000
CXUS56 KSGX 011145
CF6FUL
PRELIMINARY LOCAL CLIMATOLOGICAL DATA (WS FORM: F-6)
STATION: FULLERTON AIRPORT CA
MONTH: FEBRUARY
YEAR: 2022
LATITUDE: 33 52 N
LONGITUDE: 117 58 W
TEMPERATURE IN F: :PCPN: SNOW: WIND :SUNSHINE: SKY :PK WND
================================================================================
1 2 3 4 5 6A 6B 7 8 9 10 11 12 13 14 15 16 17 18
12Z AVG MX 2MIN
DY MAX MIN AVG DEP HDD CDD WTR SNW DPTH SPD SPD DIR MIN PSBL S-S WX SPD DR
================================================================================
1 64 49 57 -1 8 0 0.00 M M 3.3 9 200 M M 4 18 12 190
2 67 42 55 -3 10 0 0.00 M M 5.5 15 80 M M 0 24 110
3 68 39 54 -4 11 0 0.00 M M 2.7 10 220 M M 0 8 15 200
4 72 42 57 -1 8 0 0.00 M M 6.8 22 90 M M 1 8 28 90
5 74 42 58 0 7 0 0.00 M M 2.3 10 50 M M 0 8 13 50
6 81 41 61 3 4 0 0.00 M M 3.2 9 70 M M 0 12 280
7 81 46 64 6 1 0 0.00 M M 2.0 10 290 M M 0 8 15 310
8 83 45 64 6 1 0 0.00 M M 1.6 9 300 M M 0 8 14 290
9 88 49 69 11 0 4 0.00 M M 1.9 9 230 M M 0 8 13 250
10 88 54 71 13 0 6 0.00 M M 4.0 15 80 M M 0 8 19 80
11 87 51 69 11 0 4 0.00 M M 2.4 10 210 M M 0 8 14 210
12 91 50 71 13 0 6 0.00 M M 3.2 17 80 M M 0 8 23 90
13 89 52 71 13 0 6 0.00 M M 2.6 12 200 M M 0 8 15 210
14 76 50 63 5 2 0 0.00 M M 3.9 10 210 M M 2 8 14 180
15 63 46 55 -4 10 0 0.13 M M 7.4 17 230 M M 7 38 24 230
16 64 43 54 -5 11 0 0.00 M M 5.0 13 180 M M 1 18 160
17 75 46 61 2 4 0 0.00 M M 5.3 22 90 M M 0 18 26 90
18 74 42 58 -1 7 0 0.00 M M 2.1 10 200 M M 0 8 14 220
19 77 43 60 1 5 0 0.00 M M 2.9 10 180 M M 1 14 210
20 67 49 58 -1 7 0 0.00 M M 3.5 12 200 M M 4 8 15 200
21 63 54 59 0 6 0 0.00 M M 4.2 13 200 M M 8 8 20 190
22 62 47 55 -4 10 0 0.04 M M 5.9 17 230 M M 8 8 26 250
23 60 43 52 -7 13 0 0.03 M M 3.8 15 270 M M 4 23 270
24 63 37 50 -9 15 0 0.00 M M 2.4 13 180 M M 0 20 290
25 66 38 52 -8 13 0 0.00 M M 2.6 13 200 M M 0 21 240
26 74 39 57 -3 8 0 0.00 M M 2.7 12 290 M M 1 8 14 310
27 81 42 62 2 3 0 0.00 M M 4.5 16 90 M M 1 8 20 70
28 86 45 66 6 0 1 0.00 M M 2.3 10 220 M M 1 18 13 210
================================================================================
SM 2084 1266 164 27 0.20 M 100.0 M 43
================================================================================
AV 74.4 45.2 3.6 FASTST M M 2 MAX(MPH)
MISC ----> # 22 90 28 90
================================================================================
NOTES:
# LAST OF SEVERAL OCCURRENCES
COLUMN 17 PEAK WIND IN M.P.H.
PRELIMINARY LOCAL CLIMATOLOGICAL DATA (WS FORM: F-6) , PAGE 2
STATION: FULLERTON AIRPORT CA
MONTH: FEBRUARY
YEAR: 2022
LATITUDE: 33 52 N
LONGITUDE: 117 58 W
[TEMPERATURE DATA] [PRECIPITATION DATA] SYMBOLS USED IN COLUMN 16
AVERAGE MONTHLY: 59.8 TOTAL FOR MONTH: 0.20 1 = FOG OR MIST
DPTR FM NORMAL: 1.2 DPTR FM NORMAL: -2.82 2 = FOG REDUCING VISIBILITY
HIGHEST: 91 ON 12 GRTST 24HR 0.13 ON 15-15 TO 1/4 MILE OR LESS
LOWEST: 37 ON 24 3 = THUNDER
SNOW, ICE PELLETS, HAIL 4 = ICE PELLETS
TOTAL MONTH: M 5 = HAIL
GRTST 24HR M ON M 6 = FREEZING RAIN OR DRIZZLE
GRTST DEPTH: M ON M 7 = DUSTSTORM OR SANDSTORM:
VSBY 1/2 MILE OR LESS
8 = SMOKE OR HAZE
[NO. OF DAYS WITH] [WEATHER - DAYS WITH] 9 = BLOWING SNOW
X = TORNADO
MAX 32 OR BELOW: 0 0.01 INCH OR MORE: 3
MAX 90 OR ABOVE: 1 0.10 INCH OR MORE: 1
MIN 32 OR BELOW: 0 0.50 INCH OR MORE: 0
MIN 0 OR BELOW: 0 1.00 INCH OR MORE: 0
[HDD (BASE 65) ]
TOTAL THIS MO. 164 CLEAR (SCALE 0-3) 22
DPTR FM NORMAL -23 PTCLDY (SCALE 4-7) 6
TOTAL FM JUL 1 678 CLOUDY (SCALE 8-10) 0
DPTR FM NORMAL -125
[CDD (BASE 65) ]
TOTAL THIS MO. 27
DPTR FM NORMAL 17 [PRESSURE DATA]
TOTAL FM JAN 1 29 HIGHEST SLP 30.37 ON 4
DPTR FM NORMAL 24 LOWEST SLP 29.73 ON 15
[REMARKS]
#FINAL-02-22#