000
CXUS53 KIWX 010910
CF6FWA
PRELIMINARY LOCAL CLIMATOLOGICAL DATA (WS FORM: F-6)
STATION: FORT WAYNE
MONTH: DECEMBER
YEAR: 2023
LATITUDE: 41 0 N
LONGITUDE: 85 12 W
TEMPERATURE IN F: :PCPN: SNOW: WIND :SUNSHINE: SKY :PK WND
================================================================================
1 2 3 4 5 6A 6B 7 8 9 10 11 12 13 14 15 16 17 18
12Z AVG MX 2MIN
DY MAX MIN AVG DEP HDD CDD WTR SNW DPTH SPD SPD DIR MIN PSBL S-S WX SPD DR
================================================================================
1 47 41 44 9 21 0 0.27 0.0 0 6.2 28 200 M M 10 1 40 190
2 49 41 45 10 20 0 0.06 0.0 0 7.4 20 240 M M 10 1 25 240
3 44 37 41 7 24 0 0.16 0.0 0 11.5 28 270 M M 10 12 34 270
4 43 32 38 4 27 0 0.00 0.0 0 5.0 16 250 M M 9 19 240
5 38 34 36 2 29 0 0.14 T 0 6.3 12 360 M M 10 1 15 340
6 42 31 37 3 28 0 T T 0 9.7 17 260 M M 7 1 23 260
7 50 34 42 9 23 0 0.00 0.0 0 11.5 21 240 M M 6 26 240
8 56 37 47 14 18 0 0.00 0.0 0 12.3 23 220 M M 8 29 210
9 62 40 51 18 14 0 T 0.0 0 14.8 28 220 M M 9 38 200
10 40 33 37 5 28 0 T 0.0 0 14.2 25 280 M M 10 33 290
11 34 23 29 -3 36 0 0.00 0.0 0 8.4 16 240 M M 7 19 240
12 44 26 35 3 30 0 0.00 0.0 0 12.1 22 270 M M 2 29 250
13 42 21 32 1 33 0 0.00 0.0 0 6.3 12 270 M M 3 13 260
14 49 22 36 5 29 0 0.00 0.0 0 6.8 13 270 M M 1 16 270
15 56 26 41 10 24 0 0.00 0.0 0 4.1 13 210 M M 4 15 210
16 49 34 42 11 23 0 0.04 0.0 0 9.6 16 130 M M 9 22 120
17 47 39 43 13 22 0 0.27 0.0 0 9.4 20 260 M M 10 1 24 260
18 39 27 33 3 32 0 0.02 0.5 0 17.9 28 320 M M 9 19 44 290
19 34 24 29 -1 36 0 T T T 10.6 18 280 M M 7 26 280
20 47 27 37 7 28 0 0.00 0.0 0 5.7 13 200 M M 8 16 220
21 47 31 39 10 26 0 0.00 0.0 0 2.9 9 80 M M 9 12 80
22 47 39 43 14 22 0 0.28 0.0 0 5.7 13 130 M M 10 18 17 130
23 49 42 46 17 19 0 0.19 0.0 0 7.1 13 210 M M 10 12 17 210
24 56 45 51 22 14 0 T 0.0 0 6.4 10 100 M M 8 128 13 120
25 59 41 50 22 15 0 0.09 0.0 0 12.1 22 130 M M 8 1 34 130
26 54 40 47 19 18 0 T 0.0 0 7.5 16 150 M M 9 1 24 130
27 50 32 41 13 24 0 T 0.0 0 5.9 12 360 M M 7 1 14 10
28 43 36 40 12 25 0 0.08 0.0 0 6.7 15 200 M M 10 1 22 190
29 38 36 37 9 28 0 0.04 0.0 0 8.1 13 240 M M 10 1 16 290
30 39 33 36 8 29 0 T 0.0 0 10.2 18 220 M M 9 1 23 220
31 37 32 35 8 30 0 0.05 T 0 9.9 18 280 M M 10 1 28 270
================================================================================
SM 1431 1036 775 0 1.69 0.5 272.3 M 249
================================================================================
AV 46.2 33.4 8.8 FASTST M M 8 MAX(MPH)
MISC ----> # 28 200 44 290
================================================================================
NOTES:
# LAST OF SEVERAL OCCURRENCES
COLUMN 17 PEAK WIND IN M.P.H.
PRELIMINARY LOCAL CLIMATOLOGICAL DATA (WS FORM: F-6) , PAGE 2
STATION: FORT WAYNE
MONTH: DECEMBER
YEAR: 2023
LATITUDE: 41 0 N
LONGITUDE: 85 12 W
[TEMPERATURE DATA] [PRECIPITATION DATA] SYMBOLS USED IN COLUMN 16
AVERAGE MONTHLY: 39.8 TOTAL FOR MONTH: 1.69 1 = FOG OR MIST
DPTR FM NORMAL: 8.9 DPTR FM NORMAL: -0.78 2 = FOG REDUCING VISIBILITY
HIGHEST: 62 ON 9 GRTST 24HR 0.47 ON 22-23 TO 1/4 MILE OR LESS
LOWEST: 21 ON 13 3 = THUNDER
SNOW, ICE PELLETS, HAIL 4 = ICE PELLETS
TOTAL MONTH: 0.5 INCH 5 = HAIL
GRTST 24HR 0.5 ON 18-18 6 = FREEZING RAIN OR DRIZZLE
GRTST DEPTH: T 7 = DUSTSTORM OR SANDSTORM:
VSBY 1/2 MILE OR LESS
8 = SMOKE OR HAZE
[NO. OF DAYS WITH] [WEATHER - DAYS WITH] 9 = BLOWING SNOW
X = TORNADO
MAX 32 OR BELOW: 0 0.01 INCH OR MORE: 13
MAX 90 OR ABOVE: 0 0.10 INCH OR MORE: 6
MIN 32 OR BELOW: 13 0.50 INCH OR MORE: 0
MIN 0 OR BELOW: 0 1.00 INCH OR MORE: 0
[HDD (BASE 65) ]
TOTAL THIS MO. 775 CLEAR (SCALE 0-3) 3
DPTR FM NORMAL -284 PTCLDY (SCALE 4-7) 9
TOTAL FM JUL 1 1868 CLOUDY (SCALE 8-10) 19
DPTR FM NORMAL -389
[CDD (BASE 65) ]
TOTAL THIS MO. 0
DPTR FM NORMAL 0 [PRESSURE DATA]
TOTAL FM JAN 1 766 HIGHEST SLP 30.75 ON 14
DPTR FM NORMAL -83 LOWEST SLP 29.65 ON 18
[REMARKS]
#FINAL-12-23#