000
CXUS54 KTSA 011104
CF6FYV
PRELIMINARY LOCAL CLIMATOLOGICAL DATA (WS FORM: F-6)
STATION: FAYETTEVILLE ARKANSAS
MONTH: JULY
YEAR: 2023
LATITUDE: 36 0 N
LONGITUDE: 94 10 W
TEMPERATURE IN F: :PCPN: SNOW: WIND :SUNSHINE: SKY :PK WND
================================================================================
1 2 3 4 5 6A 6B 7 8 9 10 11 12 13 14 15 16 17 18
12Z AVG MX 2MIN
DY MAX MIN AVG DEP HDD CDD WTR SNW DPTH SPD SPD DIR MIN PSBL S-S WX SPD DR
================================================================================
1 92 75 84 7 0 19 0.00 0.0 0 7.1 21 220 M M 1 31 230
2 89 68 79 2 0 14 0.00 0.0 0 6.9 14 320 M M 1 22 260
3 93 64 79 2 0 14 0.00 0.0 0 2.8 13 280 M M 0 17 230
4 93 69 81 4 0 16 0.00 0.0 0 3.3 13 240 M M 1 17 220
5 88 70 79 2 0 14 0.08 0.0 0 4.8 17 300 M M 2 13 23 300
6 82 68 75 -2 0 10 T 0.0 0 1.6 12 170 M M 6 13 15 170
7 86 64 75 -2 0 10 0.00 0.0 0 4.9 18 200 M M 2 1 24 190
8 90 70 80 3 0 15 0.06 0.0 0 3.9 15 330 M M 3 13 21 320
9 84 66 75 -3 0 10 0.04 0.0 0 2.5 14 330 M M 2 1 19 330
10 89 60 75 -3 0 10 0.00 0.0 0 1.8 10 180 M M 1 12 15 180
11 89 64 77 -1 0 12 T 0.0 0 3.0 12 180 M M 3 15 220
12 95 65 80 2 0 15 0.00 0.0 0 6.9 15 210 M M 1 12 22 210
13 93 69 81 3 0 16 1.09 0.0 0 5.7 44 320 M M 4 13 64 320
14 90 68 79 1 0 14 3.33 0.0 0 7.3 45 340 M M 5 123 66 340
15 90 69 80 2 0 15 0.03 0.0 0 4.4 14 320 M M 3 3 19 320
16 91 65 78 0 0 13 0.00 0.0 0 3.9 13 200 M M 0 1 18 170
17 88 70 79 1 0 14 0.08 0.0 0 4.7 18 290 M M 1 3 26 300
18 97 71 84 6 0 19 0.00 0.0 0 8.3 18 220 M M 0 1 27 230
19 95 78 87 9 0 22 0.00 0.0 0 10.1 22 210 M M 0 30 210
20 91 77 84 6 0 19 T 0.0 0 2.7 15 320 M M 1 1 21 330
21 82 67 75 -3 0 10 0.24 0.0 0 3.7 26 290 M M 5 13 37 300
22 86 65 76 -2 0 11 0.00 0.0 0 2.6 10 290 M M 5 12 15 340
23 90 63 77 -1 0 12 0.00 0.0 0 4.7 12 270 M M 0 1 15 270
24 92 67 80 2 0 15 0.00 0.0 0 4.4 16 200 M M 0 23 200
25 93 67 80 2 0 15 0.00 0.0 0 7.9 17 180 M M 0 22 180
26 94 79 87 9 0 22 T 0.0 0 9.3 23 200 M M 0 32 190
27 94 78 86 8 0 21 0.00 0.0 0 7.2 16 200 M M 0 24 160
28 95 76 86 8 0 21 0.00 0.0 0 7.5 18 190 M M 0 26 220
29 96 71 84 6 0 19 0.00 0.0 0 4.1 13 220 M M 0 18 18 200
30 97 71 84 6 0 19 T 0.0 0 3.8 21 350 M M 0 18 39 10
31 96 71 84 6 0 19 T 0.0 0 3.5 10 220 M M 1 3 18 220
================================================================================
SM 2820 2145 0 475 4.95 0.0 155.3 M 48
================================================================================
AV 91.0 69.2 5.0 FASTST M M 2 MAX(MPH)
MISC ----> 45 340 66 340
================================================================================
NOTES:
# LAST OF SEVERAL OCCURRENCES
COLUMN 17 PEAK WIND IN M.P.H.
PRELIMINARY LOCAL CLIMATOLOGICAL DATA (WS FORM: F-6) , PAGE 2
STATION: FAYETTEVILLE ARKANSAS
MONTH: JULY
YEAR: 2023
LATITUDE: 36 0 N
LONGITUDE: 94 10 W
[TEMPERATURE DATA] [PRECIPITATION DATA] SYMBOLS USED IN COLUMN 16
AVERAGE MONTHLY: 80.1 TOTAL FOR MONTH: 4.95 1 = FOG OR MIST
DPTR FM NORMAL: 2.2 DPTR FM NORMAL: 1.15 2 = FOG REDUCING VISIBILITY
HIGHEST: 97 ON 30,18 GRTST 24HR 3.35 ON 14-15 TO 1/4 MILE OR LESS
LOWEST: 60 ON 10 3 = THUNDER
SNOW, ICE PELLETS, HAIL 4 = ICE PELLETS
TOTAL MONTH: 0.0 INCH 5 = HAIL
GRTST 24HR 0.0 6 = FREEZING RAIN OR DRIZZLE
GRTST DEPTH: 0 7 = DUSTSTORM OR SANDSTORM:
VSBY 1/2 MILE OR LESS
8 = SMOKE OR HAZE
[NO. OF DAYS WITH] [WEATHER - DAYS WITH] 9 = BLOWING SNOW
X = TORNADO
MAX 32 OR BELOW: 0 0.01 INCH OR MORE: 8
MAX 90 OR ABOVE: 21 0.10 INCH OR MORE: 3
MIN 32 OR BELOW: 0 0.50 INCH OR MORE: 2
MIN 0 OR BELOW: 0 1.00 INCH OR MORE: 2
[HDD (BASE 65) ]
TOTAL THIS MO. 0 CLEAR (SCALE 0-3) 25
DPTR FM NORMAL 0 PTCLDY (SCALE 4-7) 6
TOTAL FM JUL 1 0 CLOUDY (SCALE 8-10) 0
DPTR FM NORMAL 0
[CDD (BASE 65) ]
TOTAL THIS MO. 475
DPTR FM NORMAL 77 [PRESSURE DATA]
TOTAL FM JAN 1 981 HIGHEST SLP 30.16 ON 31
DPTR FM NORMAL 194 LOWEST SLP 29.75 ON 13
[REMARKS]
#FINAL-07-23#