000
CXUS56 KFGZ 010910
CF6GCN
PRELIMINARY LOCAL CLIMATOLOGICAL DATA (WS FORM: F-6)
STATION: GRAND CANYON AZ AIRPORT
MONTH: NOVEMBER
YEAR: 2022
LATITUDE: 35 57 N
LONGITUDE: 112 9 W
TEMPERATURE IN F: :PCPN: SNOW: WIND :SUNSHINE: SKY :PK WND
================================================================================
1 2 3 4 5 6A 6B 7 8 9 10 11 12 13 14 15 16 17 18
12Z AVG MX 2MIN
DY MAX MIN AVG DEP HDD CDD WTR SNW DPTH SPD SPD DIR MIN PSBL S-S WX SPD DR
================================================================================
1 59 24 42 0 23 0 0.00 M M 8.3 24 200 M M 0 32 210
2 56 34 45 3 20 0 0.20 M M 15.8 32 210 M M 4 1 44 210
3 37 26 32 -10 33 0 0.07 M M 7.3 17 220 M M 9 12 26 220
4 43 13 28 -14 37 0 0.00 M M 3.3 13 300 M M 0 19 270
5 59 20 40 -1 25 0 0.00 M M 4.0 17 260 M M 0 24 260
6 57 23 40 -1 25 0 0.00 M M 8.3 22 210 M M 0 30 210
7 60 27 44 4 21 0 0.00 M M 13.2 30 210 M M 0 38 210
8 56 30 43 3 22 0 0.00 M M 13.0 31 210 M M 3 42 200
9 43 21 32 -8 33 0 0.75 M M 13.3 30 220 M M 5 1 44 180
10 43 16 30 -9 35 0 0.00 M M 2.0 12 240 M M 0 14 240
11 41 13 27 -12 38 0 0.00 M M 6.0 18 60 M M 0 24 50
12 48 21 35 -4 30 0 0.00 M M 6.0 16 220 M M 0 21 210
13 39 16 28 -10 37 0 T M M 5.2 18 210 M M 2 1 24 220
14 43 11 27 -11 38 0 0.00 M M 2.3 10 230 M M 0 16 220
15 40 11 26 -12 39 0 0.00 M M 9.8 26 40 M M 0 34 30
16 37 13 25 -12 40 0 0.00 M M 10.6 28 50 M M 0 35 40
17 49 7 28 -9 37 0 0.00 M M 2.8 10 220 M M 0 8 13 230
18 42 10 26 -10 39 0 0.00 M M 7.4 20 50 M M 3 28 50
19 41 22 32 -4 33 0 0.00 M M 12.0 20 50 M M 0 28 70
20 52 10 31 -5 34 0 0.00 M M 5.8 14 50 M M 0 17 50
21 55 7 31 -4 34 0 0.00 M M 2.8 12 300 M M 0 17 290
22 55 10 33 -2 32 0 0.00 M M 4.4 12 220 M M 0 15 220
23 50 9 30 -4 35 0 0.00 M M 3.6 15 10 M M 0 29 10
24 43 11 27 -7 38 0 0.00 M M 7.9 25 30 M M 0 35 30
25 50 9 30 -4 35 0 0.00 M M 5.5 18 50 M M 0 23 40
26 52 10 31 -2 34 0 0.00 M M 3.8 14 280 M M 1 20 270
27 49 8 29 -4 36 0 0.00 M M 3.2 13 220 M M 0 18 230
28 46 13 30 -3 35 0 0.00 M M 11.3 29 220 M M 1 39 220
29 40 11 26 -6 39 0 0.00 M M 6.7 16 260 M M 0 22 250
30 51 9 30 -2 35 0 0.00 M M 6.1 22 210 M M 0 28 210
================================================================================
SM 1436 465 992 0 1.02 M 211.7 M 28
================================================================================
AV 47.9 15.5 7.1 FASTST M M 1 MAX(MPH)
MISC ----> 32 210 # 44 210
================================================================================
NOTES:
# LAST OF SEVERAL OCCURRENCES
COLUMN 17 PEAK WIND IN M.P.H.
PRELIMINARY LOCAL CLIMATOLOGICAL DATA (WS FORM: F-6) , PAGE 2
STATION: GRAND CANYON AZ AIRPORT
MONTH: NOVEMBER
YEAR: 2022
LATITUDE: 35 57 N
LONGITUDE: 112 9 W
[TEMPERATURE DATA] [PRECIPITATION DATA] SYMBOLS USED IN COLUMN 16
AVERAGE MONTHLY: 31.7 TOTAL FOR MONTH: 1.02 1 = FOG OR MIST
DPTR FM NORMAL: -5.6 DPTR FM NORMAL: 0.25 2 = FOG REDUCING VISIBILITY
HIGHEST: 60 ON 7 GRTST 24HR 0.75 ON 9- 9 TO 1/4 MILE OR LESS
LOWEST: 7 ON 21,17 3 = THUNDER
SNOW, ICE PELLETS, HAIL 4 = ICE PELLETS
TOTAL MONTH: M 5 = HAIL
GRTST 24HR M ON M 6 = FREEZING RAIN OR DRIZZLE
GRTST DEPTH: M ON M 7 = DUSTSTORM OR SANDSTORM:
VSBY 1/2 MILE OR LESS
8 = SMOKE OR HAZE
[NO. OF DAYS WITH] [WEATHER - DAYS WITH] 9 = BLOWING SNOW
X = TORNADO
MAX 32 OR BELOW: 0 0.01 INCH OR MORE: 3
MAX 90 OR ABOVE: 0 0.10 INCH OR MORE: 2
MIN 32 OR BELOW: 29 0.50 INCH OR MORE: 1
MIN 0 OR BELOW: 0 1.00 INCH OR MORE: 0
[HDD (BASE 65) ]
TOTAL THIS MO. 992 CLEAR (SCALE 0-3) 27
DPTR FM NORMAL 161 PTCLDY (SCALE 4-7) 2
TOTAL FM JUL 1 1677 CLOUDY (SCALE 8-10) 1
DPTR FM NORMAL 68
[CDD (BASE 65) ]
TOTAL THIS MO. 0
DPTR FM NORMAL 0 [PRESSURE DATA]
TOTAL FM JAN 1 261 HIGHEST SLP M ON M
DPTR FM NORMAL 100 LOWEST SLP 29.65 ON 9
[REMARKS]
#FINAL-11-22#