000
CXUS51 KPHI 010815
CF6GED
PRELIMINARY LOCAL CLIMATOLOGICAL DATA (WS FORM: F-6)
STATION: GEORGETOWN DE
MONTH: OCTOBER
YEAR: 2021
LATITUDE: 38 41 N
LONGITUDE: 75 22 W
TEMPERATURE IN F: :PCPN: SNOW: WIND :SUNSHINE: SKY :PK WND
================================================================================
1 2 3 4 5 6A 6B 7 8 9 10 11 12 13 14 15 16 17 18
12Z AVG MX 2MIN
DY MAX MIN AVG DEP HDD CDD WTR SNW DPTH SPD SPD DIR MIN PSBL S-S WX SPD DR
================================================================================
1 71 50 61 -4 4 0 0.00 M M 2.9 12 20 M M 0 16 40
2 78 47 63 -2 2 0 0.00 M M 5.1 15 230 M M 0 20 220
3 86 59 73 9 0 8 0.00 M M 5.1 10 220 M M 1 12 15 220
4 83 68 76 12 0 11 0.00 M M 7.7 17 220 M M 2 22 220
5 80 66 73 9 0 8 0.24 M M 6.6 15 50 M M 8 13 21 50
6 72 66 69 6 0 4 T M M 6.9 14 90 M M 9 1 19 100
7 77 58 68 5 0 3 0.00 M M 3.8 12 120 M M 2 1 18 130
8 78 56 67 5 0 2 0.00 M M 3.5 12 130 M M 1 1 15 360
9 74 59 67 5 0 2 0.13 M M 10.3 22 60 M M 5 1 27 50
10 77 66 72 10 0 7 T M M 14.0 23 50 M M 10 18 29 40
11 69 64 67 6 0 2 0.04 M M 11.7 21 50 M M 10 18 28 40
12 69 65 67 6 0 2 0.09 M M 7.8 15 40 M M 10 1 20 40
13 72 58 65 5 0 0 0.00 M M 1.7 8 50 M M 9 1 10 280
14 80 57 69 9 0 4 0.00 M M 1.7 9 340 M M 1 28 14 10
15 84 56 70 10 0 5 0.00 M M 3.0 10 190 M M 0 18 13 190
16 84 57 71 12 0 6 0.37 M M 10.4 23 200 M M 3 1 31 220
17 65 48 57 -2 8 0 0.00 M M 5.9 18 290 M M 1 33 290
18 65 46 56 -2 9 0 0.00 M M 5.4 20 280 M M 4 29 290
19 69 41 55 -3 10 0 0.00 M M 4.7 13 290 M M 0 21 280
20 77 53 65 7 0 0 0.00 M M 5.6 14 280 M M 0 21 270
21 79 48 64 7 1 0 0.00 M M 8.0 21 220 M M 1 12 26 230
22 70 58 64 7 1 0 T M M 4.7 17 230 M M 7 23 220
23 68 49 59 2 6 0 0.00 M M 2.4 12 290 M M 4 16 280
24 69 49 59 3 6 0 0.00 M M 4.7 14 180 M M 5 18 190
25 79 62 71 15 0 6 0.27 M M 9.4 21 220 M M 4 13 26 210
26 68 53 61 5 4 0 0.84 M M 9.2 21 300 M M 10 1 34 300
27 67 50 59 4 6 0 0.02 M M 7.2 16 360 M M 9 1 25 360
28 66 47 57 2 8 0 T M M 4.9 15 100 M M 4 1 18 100
29 67 56 62 8 3 0 1.42 M M 16.3 33 110 M M 9 1 47 110
30 68 51 60 6 5 0 0.00 M M 6.6 16 220 M M 3 20 220
31 68 50 59 5 6 0 0.00 M M 5.9 16 290 M M 4 22 280
================================================================================
SM 2279 1713 79 70 3.42 M 203.1 M 136
================================================================================
AV 73.5 55.3 6.6 FASTST M M 4 MAX(MPH)
MISC ----> 33 110 47 110
================================================================================
NOTES:
# LAST OF SEVERAL OCCURRENCES
COLUMN 17 PEAK WIND IN M.P.H.
PRELIMINARY LOCAL CLIMATOLOGICAL DATA (WS FORM: F-6) , PAGE 2
STATION: GEORGETOWN DE
MONTH: OCTOBER
YEAR: 2021
LATITUDE: 38 41 N
LONGITUDE: 75 22 W
[TEMPERATURE DATA] [PRECIPITATION DATA] SYMBOLS USED IN COLUMN 16
AVERAGE MONTHLY: 64.4 TOTAL FOR MONTH: 3.42 1 = FOG OR MIST
DPTR FM NORMAL: 5.1 DPTR FM NORMAL: -0.69 2 = FOG REDUCING VISIBILITY
HIGHEST: 86 ON 3 GRTST 24HR 1.42 ON 28-29 TO 1/4 MILE OR LESS
LOWEST: 41 ON 19 3 = THUNDER
SNOW, ICE PELLETS, HAIL 4 = ICE PELLETS
TOTAL MONTH: M 5 = HAIL
GRTST 24HR M ON M 6 = FREEZING RAIN OR DRIZZLE
GRTST DEPTH: M ON M 7 = DUSTSTORM OR SANDSTORM:
VSBY 1/2 MILE OR LESS
8 = SMOKE OR HAZE
[NO. OF DAYS WITH] [WEATHER - DAYS WITH] 9 = BLOWING SNOW
X = TORNADO
MAX 32 OR BELOW: 0 0.01 INCH OR MORE: 9
MAX 90 OR ABOVE: 0 0.10 INCH OR MORE: 6
MIN 32 OR BELOW: 0 0.50 INCH OR MORE: 2
MIN 0 OR BELOW: 0 1.00 INCH OR MORE: 1
[HDD (BASE 65) ]
TOTAL THIS MO. 79 CLEAR (SCALE 0-3) 14
DPTR FM NORMAL -135 PTCLDY (SCALE 4-7) 9
TOTAL FM JUL 1 89 CLOUDY (SCALE 8-10) 8
DPTR FM NORMAL -150
[CDD (BASE 65) ]
TOTAL THIS MO. 70
DPTR FM NORMAL 32 [PRESSURE DATA]
TOTAL FM JAN 1 1629 HIGHEST SLP 30.36 ON 6
DPTR FM NORMAL 237 LOWEST SLP 29.43 ON 29
[REMARKS]
#FINAL-10-21#