000
CXUS51 KPHI 020750
CLMGED
CLIMATE REPORT
NATIONAL WEATHER SERVICE MOUNT HOLLY NJ
250 AM EST TUE JAN 02 2024
...................................
...THE GEORGETOWN DE CLIMATE SUMMARY FOR THE MONTH OF DECEMBER 2023...
CLIMATE NORMAL PERIOD: 1991 TO 2020
CLIMATE RECORD PERIOD: 1948 TO 2024
WEATHER OBSERVED NORMAL DEPART LAST YEAR`S
VALUE DATE(S) VALUE FROM VALUE
NORMAL
..............................................................
TEMPERATURE (F)
RECORD
HIGH 77 12/01/1991
LOW -7 12/16/1958
HIGHEST 67 MM MM 67
LOWEST 25 MM MM 10
AVG. MAXIMUM 53.2 49.9 3.3 49.8
AVG. MINIMUM 34.8 32.7 2.1 29.8
MEAN 44.0 41.3 2.7 39.8
DAYS MAX >= 90 0 0.0 0.0 0
DAYS MAX <= 32 0 1.4 -1.4 1
DAYS MIN <= 32 16 18.6 -2.6 22
DAYS MIN <= 0 0 0.0 0.0 0
PRECIPITATION (INCHES)
RECORD
MAXIMUM 7.99 1977
MINIMUM 0.61 1949
TOTALS 7.96 3.47 4.49 4.08
DAILY AVG. 0.26 0.11 0.15 0.13
DAYS >= .01 8 10.1 -2.1 8
DAYS >= .10 7 6.5 0.5 6
DAYS >= .50 6 2.4 3.6 3
DAYS >= 1.00 2 0.8 1.2 1
GREATEST
24 HR. TOTAL 4.27 12/17 TO 12/18 1.90
DEGREE DAYS
HEATING TOTAL 644 735 -91 771
SINCE 7/1 1388 1450 -62 MM
COOLING TOTAL 0 1 -1 0
SINCE 1/1 1316 1395 -79 MM
..............................................................
WIND (MPH)
AVERAGE WIND SPEED 5.1
HIGHEST WIND SPEED/DIRECTION 33/140 DATE 12/17
33/140 12/18
HIGHEST GUST SPEED/DIRECTION 49/150 DATE 12/18
SKY COVER
POSSIBLE SUNSHINE (PERCENT) MM
AVERAGE SKY COVER 0.31
NUMBER OF DAYS FAIR 4
NUMBER OF DAYS PC 0
NUMBER OF DAYS CLOUDY 2
AVERAGE RH (PERCENT) 70
WEATHER CONDITIONS. NUMBER OF DAYS WITH
THUNDERSTORM 1 MIXED PRECIP 0
HEAVY RAIN 5 RAIN 6
LIGHT RAIN 10 FREEZING RAIN 0
LT FREEZING RAIN 0 HEAVY SNOW 0
SNOW 0 LIGHT SNOW 1
SLEET 0 FOG 17
FOG W/VIS <= 1/4 MILE 5 HAZE 0
- INDICATES NEGATIVE NUMBERS.
R INDICATES RECORD WAS SET OR TIED.
MM INDICATES DATA IS MISSING.
T INDICATES TRACE AMOUNT.
$$