000
CXUS56 KOTX 100254
CF6GEG
PRELIMINARY LOCAL CLIMATOLOGICAL DATA (WS FORM: F-6)
STATION: SPOKANE WA AIRPORT
MONTH: MAY
YEAR: 2022
LATITUDE: 47 37 N
LONGITUDE: 117 32 W
TEMPERATURE IN F: :PCPN: SNOW: WIND :SUNSHINE: SKY :PK WND
================================================================================
1 2 3 4 5 6A 6B 7 8 9 10 11 12 13 14 15 16 17 18
12Z AVG MX 2MIN
DY MAX MIN AVG DEP HDD CDD WTR SNW DPTH SPD SPD DIR MIN PSBL S-S WX SPD DR
================================================================================
1 59 44 52 1 13 0 0.00 0.0 0 5.1 13 200 M M 7 17 210
2 59 43 51 -1 14 0 0.00 0.0 0 11.8 24 200 M M 9 28 210
3 66 40 53 1 12 0 0.00 0.0 0 9.1 22 230 M M 8 18 26 200
4 69 44 57 5 8 0 0.00 0.0 0 6.9 14 200 M M 8 18 180
5 59 47 53 0 12 0 0.35 0.0 0 12.7 26 210 M M 9 1 34 220
6 55 43 49 -4 16 0 0.23 0.0 0 11.1 23 320 M M 8 13 35 320
7 58 37 48 -6 17 0 0.05 0.0 0 17.1 33 240 M M 8 35 49 270
8 50 33 42 -12 23 0 T T 0 11.8 22 220 M M 6 5 27 220
9 51 33 42 -12 23 0 0.00 0.0 0 12.0 24 240 M M 7 29 230
10 57 33 45 -9 20 0 0.00 0.0 0 10.6 17 260 M M 4 21 230
11 60 35 48 -7 17 0 0.00 0.0 0 7.2 15 220 M M 3 19 260
12 57 38 48 -7 17 0 0.21 0.0 0 9.6 24 230 M M 8 1 28 230
13 53 34 44 -12 21 0 0.00 0.0 0 14.7 28 220 M M 6 33 220
14 54 41 48 -8 17 0 T 0.0 0 5.3 9 70 M M 9 18 12 60
15 68 44 56 0 9 0 T 0.0 0 8.1 14 50 M M 8 18 80
16 65 47 56 0 9 0 0.00 0.0 0 13.9 22 220 M M 7 27 210
17 61 40 51 -6 14 0 0.00 0.0 0 11.3 21 220 M M 8 24 220
18 62 42 52 -5 13 0 0.08 0.0 0 19.9 41 250 M M 7 78 51 250
19 56 36 46 -11 19 0 T 0.0 0 13.3 23 230 M M 8 30 270
20 57 36 47 -10 18 0 0.12 0.0 0 6.8 18 50 M M 7 38 21 50
21 57 40 49 -9 16 0 0.12 0.0 0 7.6 24 260 M M 7 3 29 260
22 66 37 52 -6 13 0 T 0.0 0 5.8 17 290 M M 5 1 23 270
23 65 45 55 -3 10 0 0.08 0.0 0 8.5 26 230 M M 8 3 30 230
24 63 38 51 -7 14 0 T 0.0 0 5.9 15 220 M M 9 12 19 220
25 65 52 59 1 6 0 T 0.0 0 7.7 15 210 M M 9 20 230
26 73 51 62 3 3 0 0.02 0.0 0 7.6 18 260 M M 8 23 230
27 65 48 57 -2 8 0 0.09 0.0 0 16.5 30 240 M M 9 1 37 250
28 59 46 53 -6 12 0 T 0.0 0 7.4 18 210 M M 9 22 200
29 62 48 55 -4 10 0 0.02 0.0 0 8.3 23 230 M M 9 27 230
30 65 44 55 -4 10 0 0.13 0.0 0 5.6 24 50 M M 9 13 28 30
31 71 44 58 -2 7 0 T 0.0 0 5.3 14 140 M M 7 12 20 90
================================================================================
SM 1887 1283 421 0 1.50 T 304.5 M 234
================================================================================
AV 60.9 41.4 9.8 FASTST M M 8 MAX(MPH)
MISC ----> 41 250 51 250
================================================================================
NOTES:
# LAST OF SEVERAL OCCURRENCES
COLUMN 17 PEAK WIND IN M.P.H.
PRELIMINARY LOCAL CLIMATOLOGICAL DATA (WS FORM: F-6) , PAGE 2
STATION: SPOKANE WA AIRPORT
MONTH: MAY
YEAR: 2022
LATITUDE: 47 37 N
LONGITUDE: 117 32 W
[TEMPERATURE DATA] [PRECIPITATION DATA] SYMBOLS USED IN COLUMN 16
AVERAGE MONTHLY: 51.1 TOTAL FOR MONTH: 1.50 1 = FOG OR MIST
DPTR FM NORMAL: -4.9 DPTR FM NORMAL: -0.05 2 = FOG REDUCING VISIBILITY
HIGHEST: 73 ON 26 GRTST 24HR 0.35 ON 5- 5 TO 1/4 MILE OR LESS
LOWEST: 33 ON 10, 9 3 = THUNDER
SNOW, ICE PELLETS, HAIL 4 = ICE PELLETS
TOTAL MONTH: T 5 = HAIL
GRTST 24HR T ON 8- 8 6 = FREEZING RAIN OR DRIZZLE
GRTST DEPTH: 0 7 = DUSTSTORM OR SANDSTORM:
VSBY 1/2 MILE OR LESS
8 = SMOKE OR HAZE
[NO. OF DAYS WITH] [WEATHER - DAYS WITH] 9 = BLOWING SNOW
X = TORNADO
MAX 32 OR BELOW: 0 0.01 INCH OR MORE: 12
MAX 90 OR ABOVE: 0 0.10 INCH OR MORE: 6
MIN 32 OR BELOW: 0 0.50 INCH OR MORE: 0
MIN 0 OR BELOW: 0 1.00 INCH OR MORE: 0
[HDD (BASE 65) ]
TOTAL THIS MO. 421 CLEAR (SCALE 0-3) 1
DPTR FM NORMAL 127 PTCLDY (SCALE 4-7) 18
TOTAL FM JUL 1 6360 CLOUDY (SCALE 8-10) 12
DPTR FM NORMAL 31
[CDD (BASE 65) ]
TOTAL THIS MO. 0
DPTR FM NORMAL -15 [PRESSURE DATA]
TOTAL FM JAN 1 0 HIGHEST SLP 30.25 ON 22
DPTR FM NORMAL -15 LOWEST SLP 29.56 ON 7
[REMARKS]
#FINAL-05-22#