000
CXUS53 KIND 010600
CF6GEZ
PRELIMINARY LOCAL CLIMATOLOGICAL DATA (WS FORM: F-6)
STATION: SHELBYVILLE IN
MONTH: MARCH
YEAR: 2020
LATITUDE: 39 35 N
LONGITUDE: 85 48 W
TEMPERATURE IN F: :PCPN: SNOW: WIND :SUNSHINE: SKY :PK WND
================================================================================
1 2 3 4 5 6A 6B 7 8 9 10 11 12 13 14 15 16 17 18
12Z AVG MX 2MIN
DY MAX MIN AVG DEP HDD CDD WTR SNW DPTH SPD SPD DIR MIN PSBL S-S WX SPD DR
================================================================================
1 62 25 44 8 21 0 0.01 M M 12.7 23 180 M M 2 33 170
2 56 49 53 17 12 0 0.24 M M 8.7 21 210 M M 10 1 29 210
3 59 37 48 12 17 0 0.34 M M 11.5 31 270 M M 5 123 41 270
4 58 35 47 10 18 0 0.00 M M 10.3 24 310 M M 2 33 270
5 60 29 45 8 20 0 0.00 M M 9.2 23 260 M M 1 29 260
6 44 27 36 -2 29 0 0.01 M M 16.6 29 310 M M 8 8 42 310
7 50 23 37 -1 28 0 0.00 M M 4.8 12 200 M M 0 14 190
8 66 30 48 10 17 0 0.00 M M 11.5 22 180 M M 0 29 190
9 66 50 58 19 7 0 0.05 M M 16.8 26 180 M M 5 8 35 190
10 58 42 50 11 15 0 0.62 M M 10.9 22 280 M M 10 18 31 200
11 49 41 45 5 20 0 0.00 M M 3.7 12 240 M M 10 18 15 230
12 62 42 52 12 13 0 0.07 M M 9.3 21 260 M M 7 18 28 260
13 57 36 47 6 18 0 0.00 M M 11.5 28 300 M M 2 38 300
14 43 34 39 -2 26 0 0.36 M M 9.2 17 70 M M 9 18 23 60
15 46 34 40 -2 25 0 0.00 M M 9.7 16 70 M M 9 22 70
16 49 38 44 2 21 0 0.04 M M 5.2 13 210 M M 10 16 220
17 55 40 48 6 17 0 0.00 M M 7.1 18 310 M M 6 18 24 320
18 56 39 48 5 17 0 0.41 M M 7.8 13 200 M M 7 1 18 200
19 68 49 59 16 6 0 1.48 M M 12.7 28 200 M M 10 13 40 200
20 68 33 51 7 14 0 0.65 M M 17.5 31 200 M M 9 13 45 210
21 38 32 35 -9 30 0 0.00 M M 9.2 18 350 M M 9 23 350
22 41 30 36 -8 29 0 0.17 M M 8.4 15 90 M M 6 1 20 80
23 46 37 42 -3 23 0 0.01 M M 5.1 14 330 M M 9 18 17 320
24 52 36 44 -1 21 0 0.10 M M 9.1 20 90 M M 7 25 90
25 61 37 49 4 16 0 0.00 M M 5.9 12 150 M M 4 128 16 170
26 68 43 56 10 9 0 T M M 9.0 21 150 M M 3 24 150
27 63 53 58 12 7 0 0.37 M M 9.7 21 100 M M 9 18 29 100
28 73 58 66 19 0 1 0.63 M M 9.7 29 260 M M 6 138 39 260
29 67 53 60 13 5 0 T M M 20.3 35 250 M M 5 48 250
30 61 44 53 6 12 0 0.00 M M 15.0 28 300 M M 1 39 280
31 46 40 43 -5 22 0 0.01 M M 7.9 18 350 M M 6 24 340
================================================================================
SM 1748 1196 535 1 5.57 M 316.0 M 187
================================================================================
AV 56.4 38.6 10.2 FASTST M M 6 MAX(MPH)
MISC ----> 35 250 48 250
================================================================================
NOTES:
# LAST OF SEVERAL OCCURRENCES
COLUMN 17 PEAK WIND IN M.P.H.
PRELIMINARY LOCAL CLIMATOLOGICAL DATA (WS FORM: F-6) , PAGE 2
STATION: SHELBYVILLE IN
MONTH: MARCH
YEAR: 2020
LATITUDE: 39 35 N
LONGITUDE: 85 48 W
[TEMPERATURE DATA] [PRECIPITATION DATA] SYMBOLS USED IN COLUMN 16
AVERAGE MONTHLY: 47.5 TOTAL FOR MONTH: 5.57 1 = FOG OR MIST
DPTR FM NORMAL: 5.7 DPTR FM NORMAL: 2.14 2 = FOG REDUCING VISIBILITY
HIGHEST: 73 ON 28 GRTST 24HR 2.13 ON 19-20 TO 1/4 MILE OR LESS
LOWEST: 23 ON 7 3 = THUNDER
SNOW, ICE PELLETS, HAIL 4 = ICE PELLETS
TOTAL MONTH: M 5 = HAIL
GRTST 24HR M ON M 6 = FREEZING RAIN OR DRIZZLE
GRTST DEPTH: M ON M 7 = DUSTSTORM OR SANDSTORM:
VSBY 1/2 MILE OR LESS
8 = SMOKE OR HAZE
[NO. OF DAYS WITH] [WEATHER - DAYS WITH] 9 = BLOWING SNOW
X = TORNADO
MAX 32 OR BELOW: 0 0.01 INCH OR MORE: 18
MAX 90 OR ABOVE: 0 0.10 INCH OR MORE: 11
MIN 32 OR BELOW: 7 0.50 INCH OR MORE: 4
MIN 0 OR BELOW: 0 1.00 INCH OR MORE: 1
[HDD (BASE 65) ]
TOTAL THIS MO. 535 CLEAR (SCALE 0-3) 8
DPTR FM NORMAL -185 PTCLDY (SCALE 4-7) 11
TOTAL FM JUL 1 4173 CLOUDY (SCALE 8-10) 12
DPTR FM NORMAL -711
[CDD (BASE 65) ]
TOTAL THIS MO. 1
DPTR FM NORMAL 0 [PRESSURE DATA]
TOTAL FM JAN 1 1 HIGHEST SLP M ON M
DPTR FM NORMAL 0 LOWEST SLP 29.55 ON 3
[REMARKS]
#FINAL-03-20#