000
CXUS53 KFGF 010815
CF6GFK
PRELIMINARY LOCAL CLIMATOLOGICAL DATA (WS FORM: F-6)
STATION: GRAND FORKS INTL AP ND
MONTH: SEPTEMBER
YEAR: 2021
LATITUDE: 47 57 N
LONGITUDE: 97 11 W
TEMPERATURE IN F: :PCPN: SNOW: WIND :SUNSHINE: SKY :PK WND
================================================================================
1 2 3 4 5 6A 6B 7 8 9 10 11 12 13 14 15 16 17 18
12Z AVG MX 2MIN
DY MAX MIN AVG DEP HDD CDD WTR SNW DPTH SPD SPD DIR MIN PSBL S-S WX SPD DR
================================================================================
1 79 57 68 5 0 3 T 0.0 0 13.2 30 150 M M 4 39 150
2 70 62 66 3 0 1 0.72 0.0 0 12.5 21 180 M M 8 1 30 150
3 77 59 68 5 0 3 0.00 0.0 0 6.2 14 150 M M 8 18 280
4 79 53 66 4 0 1 T 0.0 0 9.4 21 300 M M 5 32 310
5 76 48 62 0 3 0 0.00 0.0 0 7.5 17 330 M M 3 25 330
6 83 53 68 6 0 3 0.02 0.0 0 11.0 21 190 M M 4 3 29 200
7 78 53 66 5 0 1 0.00 0.0 0 12.6 25 320 M M 3 36 320
8 76 49 63 2 2 0 0.00 0.0 0 10.5 23 330 M M 2 32 340
9 75 44 60 -1 5 0 T 0.0 0 6.3 13 140 M M 4 18 140
10 89 55 72 12 0 7 0.00 0.0 0 8.1 30 10 M M 3 8 39 360
11 71 50 61 1 4 0 T 0.0 0 8.4 21 360 M M 6 27 350
12 69 51 60 0 5 0 0.01 0.0 0 5.1 10 360 M M 7 15 20
13 68 52 60 1 5 0 0.15 0.0 0 8.0 20 200 M M 8 1 27 190
14 74 46 60 1 5 0 0.00 0.0 0 8.2 20 310 M M 3 27 310
15 73 43 58 0 7 0 0.10 0.0 0 10.8 20 150 M M 5 3 31 150
16 65 48 57 -1 8 0 0.00 0.0 0 8.6 20 360 M M 6 12 25 360
17 68 40 54 -3 11 0 0.00 0.0 0 10.2 24 290 M M 3 39 300
18 80 41 61 4 4 0 0.00 0.0 0 15.5 26 180 M M 1 38 180
19 83 64 74 17 0 9 T 0.0 0 13.3 25 210 M M 6 8 35 200
20 65 52 59 3 6 0 0.34 0.0 0 10.3 26 360 M M 9 1 35 360
21 69 43 56 0 9 0 0.03 0.0 0 6.7 17 40 M M 2 23 20
22 77 41 59 4 6 0 0.00 0.0 0 12.5 25 200 M M 2 35 180
23 78 50 64 9 1 0 0.00 0.0 0 12.6 23 190 M M 5 31 200
24 64 44 54 0 11 0 T 0.0 0 11.8 28 320 M M 4 36 330
25 79 41 60 6 5 0 0.00 0.0 0 9.3 18 230 M M 5 28 250
26 81 48 65 12 0 0 0.00 0.0 0 8.4 17 10 M M 2 27 350
27 79 41 60 7 5 0 0.00 0.0 0 8.8 16 180 M M 2 23 180
28 92 54 73 21 0 8 0.00 0.0 0 12.9 24 180 M M 3 31 180
29 88 58 73 21 0 8 0.00 0.0 0 11.1 21 160 M M 6 28 150
30 78 56 67 15 0 2 0.00 0.0 0 6.5 16 360 M M 7 22 350
================================================================================
SM 2283 1496 102 46 1.37 0.0 296.3 M 136
================================================================================
AV 76.1 49.9 9.9 FASTST M M 5 MAX(MPH)
MISC ----> # 30 150 # 39 150
================================================================================
NOTES:
# LAST OF SEVERAL OCCURRENCES
COLUMN 17 PEAK WIND IN M.P.H.
PRELIMINARY LOCAL CLIMATOLOGICAL DATA (WS FORM: F-6) , PAGE 2
STATION: GRAND FORKS INTL AP ND
MONTH: SEPTEMBER
YEAR: 2021
LATITUDE: 47 57 N
LONGITUDE: 97 11 W
[TEMPERATURE DATA] [PRECIPITATION DATA] SYMBOLS USED IN COLUMN 16
AVERAGE MONTHLY: 63.0 TOTAL FOR MONTH: 1.37 1 = FOG OR MIST
DPTR FM NORMAL: 5.1 DPTR FM NORMAL: -0.89 2 = FOG REDUCING VISIBILITY
HIGHEST: 92 ON 28 GRTST 24HR 0.72 ON 2- 2 TO 1/4 MILE OR LESS
LOWEST: 40 ON 17 3 = THUNDER
SNOW, ICE PELLETS, HAIL 4 = ICE PELLETS
TOTAL MONTH: 0.0 INCH 5 = HAIL
GRTST 24HR 0.0 6 = FREEZING RAIN OR DRIZZLE
GRTST DEPTH: 0 7 = DUSTSTORM OR SANDSTORM:
VSBY 1/2 MILE OR LESS
8 = SMOKE OR HAZE
[NO. OF DAYS WITH] [WEATHER - DAYS WITH] 9 = BLOWING SNOW
X = TORNADO
MAX 32 OR BELOW: 0 0.01 INCH OR MORE: 7
MAX 90 OR ABOVE: 1 0.10 INCH OR MORE: 4
MIN 32 OR BELOW: 0 0.50 INCH OR MORE: 1
MIN 0 OR BELOW: 0 1.00 INCH OR MORE: 0
[HDD (BASE 65) ]
TOTAL THIS MO. 102 CLEAR (SCALE 0-3) 11
DPTR FM NORMAL -142 PTCLDY (SCALE 4-7) 16
TOTAL FM JUL 1 129 CLOUDY (SCALE 8-10) 3
DPTR FM NORMAL -192
[CDD (BASE 65) ]
TOTAL THIS MO. 46
DPTR FM NORMAL 17 [PRESSURE DATA]
TOTAL FM JAN 1 663 HIGHEST SLP M ON M
DPTR FM NORMAL 282 LOWEST SLP 29.47 ON 19
[REMARKS]
#FINAL-09-21#