000
CXUS55 KGGW 010910
CF6GGW
PRELIMINARY LOCAL CLIMATOLOGICAL DATA (WS FORM: F-6)
STATION: GLASGOW MT
MONTH: DECEMBER
YEAR: 2022
LATITUDE: 48 13 N
LONGITUDE: 106 37 W
TEMPERATURE IN F: :PCPN: SNOW: WIND :SUNSHINE: SKY :PK WND
================================================================================
1 2 3 4 5 6A 6B 7 8 9 10 11 12 13 14 15 16 17 18
12Z AVG MX 2MIN
DY MAX MIN AVG DEP HDD CDD WTR SNW DPTH SPD SPD DIR MIN PSBL S-S WX SPD DR
================================================================================
1 22 4 13 -11 52 0 0.17 3.0 T 11.0 23 330 M M M 19 28 330
2 4 -11 -3 -26 68 0 T 0.1 3 10.1 24 340 M M M 29 330
3 6 -12 -3 -26 68 0 0.00 0.0 3 3.2 9 330 M M 0 10 350
4 24 -6 9 -13 56 0 0.00 0.0 2 7.4 15 300 M M 1 21 300
5 23 14 19 -3 46 0 0.08 1.4 3 10.0 20 100 M M 10 1 26 100
6 14 -9 3 -19 62 0 0.06 2.0 4 11.5 22 340 M M 10 8 27 340
7 6 -12 -3 -24 68 0 T T 6 8.7 20 120 M M 2 8 23 120
8 12 -5 4 -17 61 0 T T 4 4.0 14 120 M M 6 128 15 110
9 15 -5 5 -15 60 0 0.00 0.0 4 6.0 14 100 M M 1 16 100
10 23 2 13 -7 52 0 0.00 0.0 3 13.4 22 120 M M 0 25 120
11 25 15 20 0 45 0 T T 3 13.4 22 120 M M 3 4 25 110
12 23 13 18 -1 47 0 T T 3 14.5 24 320 M M 10 18 29 330
13 17 13 15 -4 50 0 T T 3 11.2 16 320 M M 10 19 320
14 21 10 16 -3 49 0 0.07 1.4 4 15.5 28 330 M M 9 18 36 330
15 22 5 14 -4 51 0 T T 3 21.1 33 330 M M 7 8 42 330
16 19 5 12 -6 53 0 T 0.1 3 8.0 20 320 M M 5 1 24 310
17 19 6 13 -5 52 0 0.23 4.1 3 16.0 25 110 M M 10 8 31 110
18 7 -9 -1 -18 66 0 0.06 1.1 6 4.3 15 90 M M 8 8 18 100
19 -3 -22 -12 -29 77 0 0.02 0.4 6 8.1 20 280 M M 9 8 22 280
20 -12 -25 -18 -35 83 0 0.13 2.8 9 5.6 16 320 M M 8 8 19 320
21 -12 -29 -20 -37 85 0 0.03 1.0 8 13.8 25 310 M M 6 8 33 300
22 -14 -25 -19 -35 84 0 0.00 0.0 7 18.0 28 300 M M 7 8 35 310
23 -3 -31 -17 -33 82 0 0.02 0.5 6 13.1 25 110 M M 4 8 31 120
24 10 -3 4 -12 61 0 T T 6 18.9 26 120 M M 4 8 31 120
25 36 7 22 6 43 0 T T 5 15.3 41 310 M M 5 189 57 300
26 37 12 25 9 40 0 0.00 0.0 5 11.7 20 120 M M 4 128 23 120
27 39 25 32 17 33 0 T 0.0 4 9.5 21 80 M M 6 24 60
28 42 14 28 13 37 0 T T 4 11.2 28 330 M M 9 18 33 330
29 24 9 17 2 48 0 T 0.2 4 4.1 13 120 M M 8 18 13 120
30 20 5 13 -2 52 0 0.00 0.0 4 10.0 15 100 M M 2 18 16 120
31 27 10 19 4 46 0 0.00 0.0 3 3.2 9 100 M M 3 1 9 100
================================================================================
SM 493 -35 1777 0 0.87 18.1 331.8 M 167
================================================================================
AV 15.9 -1.1 10.7 FASTST M M 6 MAX(MPH)
MISC ----> 41 310 57 300
================================================================================
NOTES:
# LAST OF SEVERAL OCCURRENCES
COLUMN 17 PEAK WIND IN M.P.H.
PRELIMINARY LOCAL CLIMATOLOGICAL DATA (WS FORM: F-6) , PAGE 2
STATION: GLASGOW MT
MONTH: DECEMBER
YEAR: 2022
LATITUDE: 48 13 N
LONGITUDE: 106 37 W
[TEMPERATURE DATA] [PRECIPITATION DATA] SYMBOLS USED IN COLUMN 16
AVERAGE MONTHLY: 7.4 TOTAL FOR MONTH: 0.87 1 = FOG OR MIST
DPTR FM NORMAL: -11.1 DPTR FM NORMAL: 0.44 2 = FOG REDUCING VISIBILITY
HIGHEST: 42 ON 28 GRTST 24HR 0.27 ON 17-18 TO 1/4 MILE OR LESS
LOWEST: -31 ON 23 3 = THUNDER
SNOW, ICE PELLETS, HAIL 4 = ICE PELLETS
TOTAL MONTH: 18.1 INCHES 5 = HAIL
GRTST 24HR 4.1 ON 17-17 6 = FREEZING RAIN OR DRIZZLE
GRTST DEPTH: 9 ON 20 7 = DUSTSTORM OR SANDSTORM:
VSBY 1/2 MILE OR LESS
8 = SMOKE OR HAZE
[NO. OF DAYS WITH] [WEATHER - DAYS WITH] 9 = BLOWING SNOW
X = TORNADO
MAX 32 OR BELOW: 27 0.01 INCH OR MORE: 10
MAX 90 OR ABOVE: 0 0.10 INCH OR MORE: 3
MIN 32 OR BELOW: 31 0.50 INCH OR MORE: 0
MIN 0 OR BELOW: 14 1.00 INCH OR MORE: 0
[HDD (BASE 65) ]
TOTAL THIS MO. 1777 CLEAR (SCALE 0-3) 7
DPTR FM NORMAL 334 PTCLDY (SCALE 4-7) 14
TOTAL FM JUL 1 3604 CLOUDY (SCALE 8-10) 10
DPTR FM NORMAL 255
[CDD (BASE 65) ]
TOTAL THIS MO. 0
DPTR FM NORMAL 0 [PRESSURE DATA]
TOTAL FM JAN 1 938 HIGHEST SLP M ON M
DPTR FM NORMAL 354 LOWEST SLP 29.14 ON 27
[REMARKS]
#FINAL-12-22#